{"id":7504,"date":"2026-04-17T17:47:30","date_gmt":"2026-04-17T15:47:30","guid":{"rendered":"https:\/\/marielleaupaysdesours.fr\/?post_type=product&#038;p=7504"},"modified":"2026-04-29T08:53:12","modified_gmt":"2026-04-29T06:53:12","slug":"elfe-en-peluche-fire-elf-charlie-bears-collection-our-journey-so-far-2025","status":"publish","type":"product","link":"https:\/\/marielleaupaysdesours.fr\/index.php\/product\/elfe-en-peluche-fire-elf-charlie-bears-collection-our-journey-so-far-2025\/","title":{"rendered":"Elfe en peluche Fire Elf \u2013 Charlie Bears \u2013 collection Our Journey So Far 2025"},"content":{"rendered":"<p data-start=\"154\" data-end=\"1034\"><strong data-start=\"154\" data-end=\"166\">Fire Elf, L&rsquo;elfe en peluche,<\/strong> est une cr\u00e9ature fascinante issue de la s\u00e9rie <strong data-start=\"213\" data-end=\"229\">Monsterology<\/strong>, int\u00e9gr\u00e9e \u00e0 la collection <strong data-start=\"256\" data-end=\"283\">Our Journey So Far 2025<\/strong> c\u00e9l\u00e9brant le <strong data-start=\"297\" data-end=\"334\">20\u1d49 anniversaire de Charlie Bears<\/strong>. Imagin\u00e9 par la designer <span class=\"hover:entity-accent entity-underline inline cursor-pointer align-baseline\"><span class=\"whitespace-normal\">Charlotte Morris<\/span><\/span>, cet elfe du feu s\u00e9duit par son style myst\u00e9rieux et son allure chaleureuse. Confectionn\u00e9 dans une <strong data-start=\"496\" data-end=\"558\">fourrure luxueusement douce aux nuances de rouges intenses<\/strong>, subtilement contrast\u00e9es par des extr\u00e9mit\u00e9s noires, il poss\u00e8de une silhouette expressive et originale. Ses <strong data-start=\"666\" data-end=\"687\">oreilles pointues<\/strong>, ses <strong data-start=\"693\" data-end=\"713\">pattes sculpt\u00e9es<\/strong> et son <strong data-start=\"721\" data-end=\"779\">museau en su\u00e9dine lisse avec nez rouge brod\u00e9 \u00e0 la main<\/strong> renforcent son caract\u00e8re unique. Son <strong data-start=\"817\" data-end=\"844\">foulard torsad\u00e9 \u00e9l\u00e9gant<\/strong> compl\u00e8te parfaitement son apparence. Fire Elf fait partie d\u2019un quatuor ins\u00e9parable aux c\u00f4t\u00e9s de Earth Elf, Water Elf et Wind Elf, une s\u00e9rie tr\u00e8s appr\u00e9ci\u00e9e des collectionneurs Charlie Bears.<\/p>\n<hr data-start=\"1036\" data-end=\"1039\" \/>\n<h3 data-section-id=\"1mgrlw8\" data-start=\"1041\" data-end=\"1067\"><span role=\"text\"><strong data-start=\"1045\" data-end=\"1067\">D\u00e9tails du produit<\/strong><\/span><\/h3>\n<ul data-start=\"1068\" data-end=\"1669\">\n<li data-section-id=\"1f2uxwp\" data-start=\"1068\" data-end=\"1090\"><strong data-start=\"1070\" data-end=\"1079\">Nom :<\/strong> Fire Elf<\/li>\n<li data-section-id=\"t4e9ga\" data-start=\"1091\" data-end=\"1133\"><strong data-start=\"1093\" data-end=\"1103\">Type :<\/strong> Elfe fantastique en peluche<\/li>\n<li data-section-id=\"1rpm1jm\" data-start=\"1134\" data-end=\"1164\"><strong data-start=\"1136\" data-end=\"1148\">Marque :<\/strong> <a href=\"https:\/\/marielleaupaysdesours.fr\/index.php\/peluches-charlie-bears\/\"><strong>Charlie Bears<\/strong><\/a><\/li>\n<li data-section-id=\"4fljhs\" data-start=\"1165\" data-end=\"1209\"><strong data-start=\"1167\" data-end=\"1183\">Collection :<\/strong> Our Journey So Far 2025<\/li>\n<li data-section-id=\"wga3i0\" data-start=\"1210\" data-end=\"1238\"><strong data-start=\"1212\" data-end=\"1223\">S\u00e9rie :<\/strong> Monsterology<\/li>\n<li data-section-id=\"xvw00h\" data-start=\"1239\" data-end=\"1274\"><strong data-start=\"1241\" data-end=\"1255\">Cr\u00e9ation :<\/strong> Charlotte Morris<\/li>\n<li data-section-id=\"r5h857\" data-start=\"1275\" data-end=\"1307\"><strong data-start=\"1277\" data-end=\"1289\">Taille :<\/strong> 43 cm \u2013 17 inch<\/li>\n<li data-section-id=\"1kdh6td\" data-start=\"1308\" data-end=\"1357\"><strong data-start=\"1310\" data-end=\"1323\">Mati\u00e8re :<\/strong> Peluche douce de grande qualit\u00e9<\/li>\n<li data-section-id=\"1xof721\" data-start=\"1358\" data-end=\"1416\"><strong data-start=\"1360\" data-end=\"1374\">Couleurs :<\/strong> Nuances de rouge avec extr\u00e9mit\u00e9s noires<\/li>\n<li data-section-id=\"u9kqzl\" data-start=\"1417\" data-end=\"1447\"><strong data-start=\"1419\" data-end=\"1431\">Museau :<\/strong> Su\u00e9dine lisse<\/li>\n<li data-section-id=\"1mmuhst\" data-start=\"1448\" data-end=\"1483\"><strong data-start=\"1450\" data-end=\"1459\">Nez :<\/strong> Rouge brod\u00e9 \u00e0 la main<\/li>\n<li data-section-id=\"142tpsm\" data-start=\"1484\" data-end=\"1520\"><strong data-start=\"1486\" data-end=\"1502\">Accessoire :<\/strong> Foulard torsad\u00e9<\/li>\n<li data-section-id=\"k4lk5u\" data-start=\"1521\" data-end=\"1571\"><strong data-start=\"1523\" data-end=\"1542\">Articulations :<\/strong> 5 articulations classiques<\/li>\n<li data-section-id=\"vl1025\" data-start=\"1572\" data-end=\"1628\"><strong data-start=\"1574\" data-end=\"1589\">Entretien :<\/strong> Lavage d\u00e9licat en surface recommand\u00e9<\/li>\n<li data-section-id=\"dt491l\" data-start=\"1629\" data-end=\"1669\"><strong data-start=\"1631\" data-end=\"1651\">\u00c2ge recommand\u00e9 :<\/strong> \u00c0 partir de 3 ans<\/li>\n<\/ul>\n<p data-start=\"1720\" data-end=\"2273\">Avec son style fantastique et ses couleurs chaleureuses, <strong data-start=\"1777\" data-end=\"1789\">Fire Elf<\/strong> est une pi\u00e8ce originale qui enrichira parfaitement une collection Charlie Bears ou compl\u00e9tera le quatuor Monsterology aux c\u00f4t\u00e9s de ses compagnons Earth, Water et Wind Elf. Sa silhouette expressive et ses finitions soign\u00e9es en font un personnage attachant et d\u00e9coratif.<br data-start=\"2058\" data-end=\"2061\" \/>En adoptant Fire Elf sur <strong data-start=\"2086\" data-end=\"2115\">Marielle au Pays des Ours<\/strong>, vous b\u00e9n\u00e9ficiez d\u2019un <strong data-start=\"2138\" data-end=\"2187\">service client attentif, r\u00e9actif et passionn\u00e9<\/strong>, pour un achat en toute s\u00e9r\u00e9nit\u00e9.<br data-start=\"2221\" data-end=\"2224\" \/>Il y a toujours de la place pour un ours de plus\u2026<\/p>\n","protected":false},"excerpt":{"rendered":"<p><strong data-start=\"2328\" data-end=\"2340\">Fire Elf<\/strong> est une cr\u00e9ature en peluche issue de la s\u00e9rie <strong data-start=\"2387\" data-end=\"2403\">Monsterology<\/strong> de la collection <strong data-start=\"2421\" data-end=\"2448\">Our Journey So Far 2025<\/strong> de Charlie Bears, con\u00e7ue par Charlotte Morris. Inspir\u00e9 par l\u2019univers des \u00e9l\u00e9ments, cet elfe du feu se distingue par sa <strong data-start=\"2568\" data-end=\"2619\">fourrure douce aux magnifiques nuances de rouge<\/strong>, subtilement contrast\u00e9es par des extr\u00e9mit\u00e9s plus sombres qui renforcent son caract\u00e8re myst\u00e9rieux. Son <strong data-start=\"2722\" data-end=\"2749\">museau en su\u00e9dine lisse<\/strong>, son <strong data-start=\"2755\" data-end=\"2784\">nez rouge brod\u00e9 \u00e0 la main<\/strong> et ses <strong data-start=\"2792\" data-end=\"2813\">oreilles pointues<\/strong> lui donnent une expression vive et attachante. Enti\u00e8rement articul\u00e9 gr\u00e2ce \u00e0 ses <strong data-start=\"2894\" data-end=\"2924\">5 articulations classiques<\/strong>, Fire Elf peut \u00eatre positionn\u00e9 facilement pour \u00eatre expos\u00e9 dans une collection ou int\u00e9gr\u00e9 \u00e0 un d\u00e9cor original. Son <strong data-start=\"3040\" data-end=\"3067\">foulard torsad\u00e9 \u00e9l\u00e9gant<\/strong> apporte une touche suppl\u00e9mentaire de personnalit\u00e9. Avec ses <strong data-start=\"3128\" data-end=\"3137\">43 cm<\/strong>, il poss\u00e8de une pr\u00e9sence id\u00e9ale pour compl\u00e9ter la s\u00e9rie Monsterology aux c\u00f4t\u00e9s de Earth Elf, Water Elf et Wind Elf, formant un ensemble harmonieux tr\u00e8s recherch\u00e9 par les collectionneurs Charlie Bears.<\/p>\n","protected":false},"featured_media":7506,"comment_status":"closed","ping_status":"closed","template":"","meta":{"_monsterinsights_skip_tracking":false,"_monsterinsights_sitenote_active":false,"_monsterinsights_sitenote_note":"","_monsterinsights_sitenote_category":0,"site-sidebar-layout":"default","site-content-layout":"","ast-site-content-layout":"default","site-content-style":"default","site-sidebar-style":"default","ast-global-header-display":"","ast-banner-title-visibility":"","ast-main-header-display":"","ast-hfb-above-header-display":"","ast-hfb-below-header-display":"","ast-hfb-mobile-header-display":"","site-post-title":"","ast-breadcrumbs-content":"","ast-featured-img":"","footer-sml-layout":"","ast-disable-related-posts":"","theme-transparent-header-meta":"default","adv-header-id-meta":"","stick-header-meta":"","header-above-stick-meta":"","header-main-stick-meta":"","header-below-stick-meta":"","astra-migrate-meta-layouts":"set","ast-page-background-enabled":"default","ast-page-background-meta":{"desktop":{"background-color":"","background-image":"","background-repeat":"repeat","background-position":"center center","background-size":"auto","background-attachment":"scroll","background-type":"","background-media":"","overlay-type":"","overlay-color":"","overlay-opacity":"","overlay-gradient":""},"tablet":{"background-color":"","background-image":"","background-repeat":"repeat","background-position":"center center","background-size":"auto","background-attachment":"scroll","background-type":"","background-media":"","overlay-type":"","overlay-color":"","overlay-opacity":"","overlay-gradient":""},"mobile":{"background-color":"","background-image":"","background-repeat":"repeat","background-position":"center center","background-size":"auto","background-attachment":"scroll","background-type":"","background-media":"","overlay-type":"","overlay-color":"","overlay-opacity":"","overlay-gradient":""}},"ast-content-background-meta":{"desktop":{"background-color":"var(--ast-global-color-5)","background-image":"","background-repeat":"repeat","background-position":"center center","background-size":"auto","background-attachment":"scroll","background-type":"","background-media":"","overlay-type":"","overlay-color":"","overlay-opacity":"","overlay-gradient":""},"tablet":{"background-color":"var(--ast-global-color-5)","background-image":"","background-repeat":"repeat","background-position":"center center","background-size":"auto","background-attachment":"scroll","background-type":"","background-media":"","overlay-type":"","overlay-color":"","overlay-opacity":"","overlay-gradient":""},"mobile":{"background-color":"var(--ast-global-color-5)","background-image":"","background-repeat":"repeat","background-position":"center center","background-size":"auto","background-attachment":"scroll","background-type":"","background-media":"","overlay-type":"","overlay-color":"","overlay-opacity":"","overlay-gradient":""}}},"product_brand":[],"product_cat":[45,42,39,28],"product_tag":[],"class_list":{"0":"post-7504","1":"product","2":"type-product","3":"status-publish","4":"has-post-thumbnail","6":"product_cat-animaux-fantastiques","7":"product_cat-charlie-bears-peluches-collection","8":"product_cat-nos-marques","9":"product_cat-peluches","10":"product_shipping_class-peluches-grande-taille","11":"desktop-align-center","12":"tablet-align-left","13":"mobile-align-left","15":"first","16":"instock","17":"shipping-taxable","18":"purchasable","19":"product-type-simple"},"yoast_head":"<!-- This site is optimized with the Yoast SEO plugin v27.5 - https:\/\/yoast.com\/product\/yoast-seo-wordpress\/ -->\n<title>Elfe en peluche Fire Elf \u2013 Charlie Bears \u2013 Our Journey so far 2025<\/title>\n<meta name=\"description\" content=\"D\u00e9couvrez Fire Elf Charlie Bears 2025, cr\u00e9ature Monsterology rouge articul\u00e9e 43 cm avec foulard torsad\u00e9. Elfe en Peluche de Charlie Bears.\" \/>\n<meta name=\"robots\" content=\"index, follow, max-snippet:-1, max-image-preview:large, max-video-preview:-1\" \/>\n<link rel=\"canonical\" href=\"https:\/\/marielleaupaysdesours.fr\/index.php\/product\/elfe-en-peluche-fire-elf-charlie-bears-collection-our-journey-so-far-2025\/\" \/>\n<meta property=\"og:locale\" content=\"fr_FR\" \/>\n<meta property=\"og:type\" content=\"article\" \/>\n<meta property=\"og:title\" content=\"Elfe en peluche Fire Elf \u2013 Charlie Bears \u2013 Our Journey so far 2025\" \/>\n<meta property=\"og:description\" content=\"D\u00e9couvrez Fire Elf Charlie Bears 2025, cr\u00e9ature Monsterology rouge articul\u00e9e 43 cm avec foulard torsad\u00e9. Elfe en Peluche de Charlie Bears.\" \/>\n<meta property=\"og:url\" content=\"https:\/\/marielleaupaysdesours.fr\/index.php\/product\/elfe-en-peluche-fire-elf-charlie-bears-collection-our-journey-so-far-2025\/\" \/>\n<meta property=\"og:site_name\" content=\"Marielle au Pays des Ours | Vente en ligne de peluches\" \/>\n<meta property=\"article:modified_time\" content=\"2026-04-29T06:53:12+00:00\" \/>\n<meta property=\"og:image\" content=\"https:\/\/marielleaupaysdesours.fr\/wp-content\/uploads\/2026\/04\/charlie-bears-fire-elf-elemental-red-plush-43cm.webp\" \/>\n\t<meta property=\"og:image:width\" content=\"560\" \/>\n\t<meta property=\"og:image:height\" content=\"755\" \/>\n\t<meta property=\"og:image:type\" content=\"image\/webp\" \/>\n<meta name=\"twitter:card\" content=\"summary_large_image\" \/>\n<meta name=\"twitter:label1\" content=\"Dur\u00e9e de lecture estim\u00e9e\" \/>\n\t<meta name=\"twitter:data1\" content=\"2 minutes\" \/>\n<script type=\"application\/ld+json\" class=\"yoast-schema-graph\">{\"@context\":\"https:\\\/\\\/schema.org\",\"@graph\":[{\"@type\":\"WebPage\",\"@id\":\"https:\\\/\\\/marielleaupaysdesours.fr\\\/index.php\\\/product\\\/elfe-en-peluche-fire-elf-charlie-bears-collection-our-journey-so-far-2025\\\/\",\"url\":\"https:\\\/\\\/marielleaupaysdesours.fr\\\/index.php\\\/product\\\/elfe-en-peluche-fire-elf-charlie-bears-collection-our-journey-so-far-2025\\\/\",\"name\":\"Elfe en peluche Fire Elf \u2013 Charlie Bears \u2013 Our Journey so far 2025\",\"isPartOf\":{\"@id\":\"https:\\\/\\\/marielleaupaysdesours.fr\\\/#website\"},\"primaryImageOfPage\":{\"@id\":\"https:\\\/\\\/marielleaupaysdesours.fr\\\/index.php\\\/product\\\/elfe-en-peluche-fire-elf-charlie-bears-collection-our-journey-so-far-2025\\\/#primaryimage\"},\"image\":{\"@id\":\"https:\\\/\\\/marielleaupaysdesours.fr\\\/index.php\\\/product\\\/elfe-en-peluche-fire-elf-charlie-bears-collection-our-journey-so-far-2025\\\/#primaryimage\"},\"thumbnailUrl\":\"https:\\\/\\\/marielleaupaysdesours.fr\\\/wp-content\\\/uploads\\\/2026\\\/04\\\/charlie-bears-fire-elf-elemental-red-plush-43cm.webp\",\"datePublished\":\"2026-04-17T15:47:30+00:00\",\"dateModified\":\"2026-04-29T06:53:12+00:00\",\"description\":\"D\u00e9couvrez Fire Elf Charlie Bears 2025, cr\u00e9ature Monsterology rouge articul\u00e9e 43 cm avec foulard torsad\u00e9. Elfe en Peluche de Charlie Bears.\",\"breadcrumb\":{\"@id\":\"https:\\\/\\\/marielleaupaysdesours.fr\\\/index.php\\\/product\\\/elfe-en-peluche-fire-elf-charlie-bears-collection-our-journey-so-far-2025\\\/#breadcrumb\"},\"inLanguage\":\"fr-FR\",\"potentialAction\":[{\"@type\":\"ReadAction\",\"target\":[\"https:\\\/\\\/marielleaupaysdesours.fr\\\/index.php\\\/product\\\/elfe-en-peluche-fire-elf-charlie-bears-collection-our-journey-so-far-2025\\\/\"]}]},{\"@type\":\"ImageObject\",\"inLanguage\":\"fr-FR\",\"@id\":\"https:\\\/\\\/marielleaupaysdesours.fr\\\/index.php\\\/product\\\/elfe-en-peluche-fire-elf-charlie-bears-collection-our-journey-so-far-2025\\\/#primaryimage\",\"url\":\"https:\\\/\\\/marielleaupaysdesours.fr\\\/wp-content\\\/uploads\\\/2026\\\/04\\\/charlie-bears-fire-elf-elemental-red-plush-43cm.webp\",\"contentUrl\":\"https:\\\/\\\/marielleaupaysdesours.fr\\\/wp-content\\\/uploads\\\/2026\\\/04\\\/charlie-bears-fire-elf-elemental-red-plush-43cm.webp\",\"width\":560,\"height\":755,\"caption\":\"Elfe en peluche Fire Elf \u2013 Charlie Bears \u2013 collection Our Journey So Far 2025\"},{\"@type\":\"BreadcrumbList\",\"@id\":\"https:\\\/\\\/marielleaupaysdesours.fr\\\/index.php\\\/product\\\/elfe-en-peluche-fire-elf-charlie-bears-collection-our-journey-so-far-2025\\\/#breadcrumb\",\"itemListElement\":[{\"@type\":\"ListItem\",\"position\":1,\"name\":\"Accueil\",\"item\":\"https:\\\/\\\/marielleaupaysdesours.fr\\\/\"},{\"@type\":\"ListItem\",\"position\":2,\"name\":\"Shop\",\"item\":\"https:\\\/\\\/marielleaupaysdesours.fr\\\/index.php\\\/shop\\\/\"},{\"@type\":\"ListItem\",\"position\":3,\"name\":\"Elfe en peluche Fire Elf \u2013 Charlie Bears \u2013 collection Our Journey So Far 2025\"}]},{\"@type\":\"WebSite\",\"@id\":\"https:\\\/\\\/marielleaupaysdesours.fr\\\/#website\",\"url\":\"https:\\\/\\\/marielleaupaysdesours.fr\\\/\",\"name\":\"Marielle au Pays des Ours | Vente en ligne de peluches\",\"description\":\"vente en ligne de peluches\",\"publisher\":{\"@id\":\"https:\\\/\\\/marielleaupaysdesours.fr\\\/#organization\"},\"potentialAction\":[{\"@type\":\"SearchAction\",\"target\":{\"@type\":\"EntryPoint\",\"urlTemplate\":\"https:\\\/\\\/marielleaupaysdesours.fr\\\/?s={search_term_string}\"},\"query-input\":{\"@type\":\"PropertyValueSpecification\",\"valueRequired\":true,\"valueName\":\"search_term_string\"}}],\"inLanguage\":\"fr-FR\"},{\"@type\":\"Organization\",\"@id\":\"https:\\\/\\\/marielleaupaysdesours.fr\\\/#organization\",\"name\":\"Marielle au Pays des Ours | Vente en ligne de peluches\",\"url\":\"https:\\\/\\\/marielleaupaysdesours.fr\\\/\",\"logo\":{\"@type\":\"ImageObject\",\"inLanguage\":\"fr-FR\",\"@id\":\"https:\\\/\\\/marielleaupaysdesours.fr\\\/#\\\/schema\\\/logo\\\/image\\\/\",\"url\":\"https:\\\/\\\/marielleaupaysdesours.fr\\\/wp-content\\\/uploads\\\/2020\\\/10\\\/logo-marielle-light.jpg\",\"contentUrl\":\"https:\\\/\\\/marielleaupaysdesours.fr\\\/wp-content\\\/uploads\\\/2020\\\/10\\\/logo-marielle-light.jpg\",\"width\":500,\"height\":500,\"caption\":\"Marielle au Pays des Ours | Vente en ligne de peluches\"},\"image\":{\"@id\":\"https:\\\/\\\/marielleaupaysdesours.fr\\\/#\\\/schema\\\/logo\\\/image\\\/\"}}]}<\/script>\n<!-- \/ Yoast SEO plugin. -->","yoast_head_json":{"title":"Elfe en peluche Fire Elf \u2013 Charlie Bears \u2013 Our Journey so far 2025","description":"D\u00e9couvrez Fire Elf Charlie Bears 2025, cr\u00e9ature Monsterology rouge articul\u00e9e 43 cm avec foulard torsad\u00e9. Elfe en Peluche de Charlie Bears.","robots":{"index":"index","follow":"follow","max-snippet":"max-snippet:-1","max-image-preview":"max-image-preview:large","max-video-preview":"max-video-preview:-1"},"canonical":"https:\/\/marielleaupaysdesours.fr\/index.php\/product\/elfe-en-peluche-fire-elf-charlie-bears-collection-our-journey-so-far-2025\/","og_locale":"fr_FR","og_type":"article","og_title":"Elfe en peluche Fire Elf \u2013 Charlie Bears \u2013 Our Journey so far 2025","og_description":"D\u00e9couvrez Fire Elf Charlie Bears 2025, cr\u00e9ature Monsterology rouge articul\u00e9e 43 cm avec foulard torsad\u00e9. Elfe en Peluche de Charlie Bears.","og_url":"https:\/\/marielleaupaysdesours.fr\/index.php\/product\/elfe-en-peluche-fire-elf-charlie-bears-collection-our-journey-so-far-2025\/","og_site_name":"Marielle au Pays des Ours | Vente en ligne de peluches","article_modified_time":"2026-04-29T06:53:12+00:00","og_image":[{"width":560,"height":755,"url":"https:\/\/marielleaupaysdesours.fr\/wp-content\/uploads\/2026\/04\/charlie-bears-fire-elf-elemental-red-plush-43cm.webp","type":"image\/webp"}],"twitter_card":"summary_large_image","twitter_misc":{"Dur\u00e9e de lecture estim\u00e9e":"2 minutes"},"schema":{"@context":"https:\/\/schema.org","@graph":[{"@type":"WebPage","@id":"https:\/\/marielleaupaysdesours.fr\/index.php\/product\/elfe-en-peluche-fire-elf-charlie-bears-collection-our-journey-so-far-2025\/","url":"https:\/\/marielleaupaysdesours.fr\/index.php\/product\/elfe-en-peluche-fire-elf-charlie-bears-collection-our-journey-so-far-2025\/","name":"Elfe en peluche Fire Elf \u2013 Charlie Bears \u2013 Our Journey so far 2025","isPartOf":{"@id":"https:\/\/marielleaupaysdesours.fr\/#website"},"primaryImageOfPage":{"@id":"https:\/\/marielleaupaysdesours.fr\/index.php\/product\/elfe-en-peluche-fire-elf-charlie-bears-collection-our-journey-so-far-2025\/#primaryimage"},"image":{"@id":"https:\/\/marielleaupaysdesours.fr\/index.php\/product\/elfe-en-peluche-fire-elf-charlie-bears-collection-our-journey-so-far-2025\/#primaryimage"},"thumbnailUrl":"https:\/\/marielleaupaysdesours.fr\/wp-content\/uploads\/2026\/04\/charlie-bears-fire-elf-elemental-red-plush-43cm.webp","datePublished":"2026-04-17T15:47:30+00:00","dateModified":"2026-04-29T06:53:12+00:00","description":"D\u00e9couvrez Fire Elf Charlie Bears 2025, cr\u00e9ature Monsterology rouge articul\u00e9e 43 cm avec foulard torsad\u00e9. Elfe en Peluche de Charlie Bears.","breadcrumb":{"@id":"https:\/\/marielleaupaysdesours.fr\/index.php\/product\/elfe-en-peluche-fire-elf-charlie-bears-collection-our-journey-so-far-2025\/#breadcrumb"},"inLanguage":"fr-FR","potentialAction":[{"@type":"ReadAction","target":["https:\/\/marielleaupaysdesours.fr\/index.php\/product\/elfe-en-peluche-fire-elf-charlie-bears-collection-our-journey-so-far-2025\/"]}]},{"@type":"ImageObject","inLanguage":"fr-FR","@id":"https:\/\/marielleaupaysdesours.fr\/index.php\/product\/elfe-en-peluche-fire-elf-charlie-bears-collection-our-journey-so-far-2025\/#primaryimage","url":"https:\/\/marielleaupaysdesours.fr\/wp-content\/uploads\/2026\/04\/charlie-bears-fire-elf-elemental-red-plush-43cm.webp","contentUrl":"https:\/\/marielleaupaysdesours.fr\/wp-content\/uploads\/2026\/04\/charlie-bears-fire-elf-elemental-red-plush-43cm.webp","width":560,"height":755,"caption":"Elfe en peluche Fire Elf \u2013 Charlie Bears \u2013 collection Our Journey So Far 2025"},{"@type":"BreadcrumbList","@id":"https:\/\/marielleaupaysdesours.fr\/index.php\/product\/elfe-en-peluche-fire-elf-charlie-bears-collection-our-journey-so-far-2025\/#breadcrumb","itemListElement":[{"@type":"ListItem","position":1,"name":"Accueil","item":"https:\/\/marielleaupaysdesours.fr\/"},{"@type":"ListItem","position":2,"name":"Shop","item":"https:\/\/marielleaupaysdesours.fr\/index.php\/shop\/"},{"@type":"ListItem","position":3,"name":"Elfe en peluche Fire Elf \u2013 Charlie Bears \u2013 collection Our Journey So Far 2025"}]},{"@type":"WebSite","@id":"https:\/\/marielleaupaysdesours.fr\/#website","url":"https:\/\/marielleaupaysdesours.fr\/","name":"Marielle au Pays des Ours | Vente en ligne de peluches","description":"vente en ligne de peluches","publisher":{"@id":"https:\/\/marielleaupaysdesours.fr\/#organization"},"potentialAction":[{"@type":"SearchAction","target":{"@type":"EntryPoint","urlTemplate":"https:\/\/marielleaupaysdesours.fr\/?s={search_term_string}"},"query-input":{"@type":"PropertyValueSpecification","valueRequired":true,"valueName":"search_term_string"}}],"inLanguage":"fr-FR"},{"@type":"Organization","@id":"https:\/\/marielleaupaysdesours.fr\/#organization","name":"Marielle au Pays des Ours | Vente en ligne de peluches","url":"https:\/\/marielleaupaysdesours.fr\/","logo":{"@type":"ImageObject","inLanguage":"fr-FR","@id":"https:\/\/marielleaupaysdesours.fr\/#\/schema\/logo\/image\/","url":"https:\/\/marielleaupaysdesours.fr\/wp-content\/uploads\/2020\/10\/logo-marielle-light.jpg","contentUrl":"https:\/\/marielleaupaysdesours.fr\/wp-content\/uploads\/2020\/10\/logo-marielle-light.jpg","width":500,"height":500,"caption":"Marielle au Pays des Ours | Vente en ligne de peluches"},"image":{"@id":"https:\/\/marielleaupaysdesours.fr\/#\/schema\/logo\/image\/"}}]}},"jetpack_sharing_enabled":true,"_links":{"self":[{"href":"https:\/\/marielleaupaysdesours.fr\/index.php\/wp-json\/wp\/v2\/product\/7504","targetHints":{"allow":["GET"]}}],"collection":[{"href":"https:\/\/marielleaupaysdesours.fr\/index.php\/wp-json\/wp\/v2\/product"}],"about":[{"href":"https:\/\/marielleaupaysdesours.fr\/index.php\/wp-json\/wp\/v2\/types\/product"}],"replies":[{"embeddable":true,"href":"https:\/\/marielleaupaysdesours.fr\/index.php\/wp-json\/wp\/v2\/comments?post=7504"}],"version-history":[{"count":3,"href":"https:\/\/marielleaupaysdesours.fr\/index.php\/wp-json\/wp\/v2\/product\/7504\/revisions"}],"predecessor-version":[{"id":7568,"href":"https:\/\/marielleaupaysdesours.fr\/index.php\/wp-json\/wp\/v2\/product\/7504\/revisions\/7568"}],"wp:featuredmedia":[{"embeddable":true,"href":"https:\/\/marielleaupaysdesours.fr\/index.php\/wp-json\/wp\/v2\/media\/7506"}],"wp:attachment":[{"href":"https:\/\/marielleaupaysdesours.fr\/index.php\/wp-json\/wp\/v2\/media?parent=7504"}],"wp:term":[{"taxonomy":"product_brand","embeddable":true,"href":"https:\/\/marielleaupaysdesours.fr\/index.php\/wp-json\/wp\/v2\/product_brand?post=7504"},{"taxonomy":"product_cat","embeddable":true,"href":"https:\/\/marielleaupaysdesours.fr\/index.php\/wp-json\/wp\/v2\/product_cat?post=7504"},{"taxonomy":"product_tag","embeddable":true,"href":"https:\/\/marielleaupaysdesours.fr\/index.php\/wp-json\/wp\/v2\/product_tag?post=7504"}],"curies":[{"name":"wp","href":"https:\/\/api.w.org\/{rel}","templated":true}]}}