{"id":7376,"date":"2025-12-26T11:51:57","date_gmt":"2025-12-26T10:51:57","guid":{"rendered":"https:\/\/marielleaupaysdesours.fr\/?post_type=product&#038;p=7376"},"modified":"2026-01-13T09:41:11","modified_gmt":"2026-01-13T08:41:11","slug":"ours-en-peluche-tater-tot-charlie-bears-collection-our-journey-so-far-2025","status":"publish","type":"product","link":"https:\/\/marielleaupaysdesours.fr\/index.php\/product\/ours-en-peluche-tater-tot-charlie-bears-collection-our-journey-so-far-2025\/","title":{"rendered":"Ours en Peluche Tater Tot &#8211; Charlie Bears &#8211; Collection Our Journey so Far 2025"},"content":{"rendered":"<p data-start=\"425\" data-end=\"1286\">L\u2019ours <strong data-start=\"432\" data-end=\"445\">Tater Tot<\/strong> fait partie de la collection <strong data-start=\"475\" data-end=\"502\">Our Journey So Far 2025<\/strong> et incarne \u00e0 merveille le charme tendre et textur\u00e9 des cr\u00e9ations <strong data-start=\"568\" data-end=\"585\">Charlie Bears<\/strong>. Confectionn\u00e9 dans une somptueuse <strong data-start=\"620\" data-end=\"644\">peluche brun caramel<\/strong>, douce et longue, il pr\u00e9sente une silhouette \u00e9bouriff\u00e9e qui attire imm\u00e9diatement le regard. Son pelage moelleux et a\u00e9rien invite naturellement aux c\u00e2lins, tandis que son museau clair, sa truffe brod\u00e9e et ses yeux expressifs conf\u00e8rent \u00e0 Tater Tot une v\u00e9ritable pr\u00e9sence \u00e9motionnelle. Chaque d\u00e9tail a \u00e9t\u00e9 \u00e9tudi\u00e9 avec soin afin de souligner sa personnalit\u00e9, entre sophistication et innocence. Pour compl\u00e9ter son allure, l\u2019ours porte un <strong data-start=\"1078\" data-end=\"1097\">n\u0153ud en organza<\/strong> d\u00e9licat qui ajoute une touche noble et chaleureuse. Articul\u00e9 et parfaitement \u00e9quilibr\u00e9, <strong data-start=\"1186\" data-end=\"1199\">Tater Tot<\/strong> s\u00e9duira autant les collectionneurs avertis que les grands enfants en qu\u00eate de douceur.<\/p>\n<hr data-start=\"1288\" data-end=\"1291\" \/>\n<h3 data-start=\"1293\" data-end=\"1319\"><strong data-start=\"1297\" data-end=\"1319\">D\u00e9tails du produit<\/strong><\/h3>\n<ul data-start=\"1320\" data-end=\"1745\">\n<li data-start=\"1320\" data-end=\"1343\">\n<p data-start=\"1322\" data-end=\"1343\"><strong data-start=\"1322\" data-end=\"1331\">Nom :<\/strong> Tater Tot<\/p>\n<\/li>\n<li data-start=\"1344\" data-end=\"1374\">\n<p data-start=\"1346\" data-end=\"1374\"><strong data-start=\"1346\" data-end=\"1358\">Marque :<\/strong> Charlie Bears<\/p>\n<\/li>\n<li data-start=\"1375\" data-end=\"1419\">\n<p data-start=\"1377\" data-end=\"1419\"><strong data-start=\"1377\" data-end=\"1393\">Collection :<\/strong> Our Journey So Far 2025<\/p>\n<\/li>\n<li data-start=\"1420\" data-end=\"1457\">\n<p data-start=\"1422\" data-end=\"1457\"><strong data-start=\"1422\" data-end=\"1438\">Conception :<\/strong> Charlotte Morris<\/p>\n<\/li>\n<li data-start=\"1458\" data-end=\"1490\">\n<p data-start=\"1460\" data-end=\"1490\"><strong data-start=\"1460\" data-end=\"1472\">Taille :<\/strong> 30 cm \u2013 12 inch<\/p>\n<\/li>\n<li data-start=\"1491\" data-end=\"1545\">\n<p data-start=\"1493\" data-end=\"1545\"><strong data-start=\"1493\" data-end=\"1505\">Pelage :<\/strong> Brun caramel, long, doux et \u00e9bouriff\u00e9<\/p>\n<\/li>\n<li data-start=\"1546\" data-end=\"1582\">\n<p data-start=\"1548\" data-end=\"1582\"><strong data-start=\"1548\" data-end=\"1564\">Accessoire :<\/strong> N\u0153ud en organza<\/p>\n<\/li>\n<li data-start=\"1583\" data-end=\"1633\">\n<p data-start=\"1585\" data-end=\"1633\"><strong data-start=\"1585\" data-end=\"1604\">Articulations :<\/strong> 5 articulations classiques<\/p>\n<\/li>\n<li data-start=\"1634\" data-end=\"1683\">\n<p data-start=\"1636\" data-end=\"1683\"><strong data-start=\"1636\" data-end=\"1651\">Entretien :<\/strong> Lavage d\u00e9licat 30\u00b0 en surface<\/p>\n<\/li>\n<li data-start=\"1684\" data-end=\"1718\">\n<p data-start=\"1686\" data-end=\"1718\"><strong data-start=\"1686\" data-end=\"1706\">\u00c2ge recommand\u00e9 :<\/strong> D\u00e8s 3 ans<\/p>\n<\/li>\n<li data-start=\"1719\" data-end=\"1745\">\n<p data-start=\"1721\" data-end=\"1745\"><strong data-start=\"1721\" data-end=\"1733\">Normes :<\/strong> CE \/ EN71<\/p>\n<\/li>\n<\/ul>\n<p data-start=\"1796\" data-end=\"2282\">Avec son style \u00e9bouriff\u00e9, sa texture luxueuse et son expression douce, <strong data-start=\"1867\" data-end=\"1880\">Tater Tot<\/strong> s\u2019impose comme un ours irr\u00e9sistible au charme authentique. Il saura compl\u00e9ter une collection existante ou constituer un premier compagnon raffin\u00e9 pour les passionn\u00e9s de peluches d\u2019exception.<br data-start=\"2071\" data-end=\"2074\" \/>Chez <strong data-start=\"2079\" data-end=\"2108\">Marielle au Pays des Ours<\/strong>, vous b\u00e9n\u00e9ficiez en plus d\u2019un <strong data-start=\"2139\" data-end=\"2188\">service client attentif, r\u00e9actif et passionn\u00e9<\/strong>, pr\u00eat \u00e0 vous guider et \u00e0 vous conseiller.<br data-start=\"2230\" data-end=\"2233\" \/>Il y a toujours de la place pour un ours de plus\u2026<\/p>\n","protected":false},"excerpt":{"rendered":"<p><strong data-start=\"2330\" data-end=\"2343\">Tater Tot<\/strong>, cr\u00e9ation Charlie Bears de la collection <strong data-start=\"2385\" data-end=\"2412\">Our Journey So Far 2025<\/strong>, est un ours en peluche brun caramel au pelage long et luxueusement doux. Ses fibres soyeuses cr\u00e9ent un aspect l\u00e9g\u00e8rement sauvage et \u00e9bouriff\u00e9, qui lui conf\u00e8re un charme tr\u00e8s naturel. Sa texture extra duveteuse offre un plaisir tactile imm\u00e9diat, id\u00e9al pour les c\u00e2lins comme pour l\u2019admiration des collectionneurs. Ses yeux brillants, sa truffe brod\u00e9e et son museau plus clair ajoutent de la personnalit\u00e9 et renforcent sa douceur. <strong data-start=\"2842\" data-end=\"2855\">Tater Tot<\/strong> est articul\u00e9 et porte un \u00e9l\u00e9gant <strong data-start=\"2889\" data-end=\"2908\">n\u0153ud en organza<\/strong>, signe distinctif des ours premium Charlie Bears. Facile \u00e0 int\u00e9grer dans une collection, il s\u00e9duit par son style simple, \u00e9l\u00e9gant et chaleureux. Une cr\u00e9ation qui plaira autant aux collectionneurs qu\u2019aux amoureux d\u2019ours c\u00e2lins et uniques.<\/p>\n","protected":false},"featured_media":7377,"comment_status":"closed","ping_status":"closed","template":"","meta":{"_monsterinsights_skip_tracking":false,"_monsterinsights_sitenote_active":false,"_monsterinsights_sitenote_note":"","_monsterinsights_sitenote_category":0,"site-sidebar-layout":"default","site-content-layout":"","ast-site-content-layout":"default","site-content-style":"default","site-sidebar-style":"default","ast-global-header-display":"","ast-banner-title-visibility":"","ast-main-header-display":"","ast-hfb-above-header-display":"","ast-hfb-below-header-display":"","ast-hfb-mobile-header-display":"","site-post-title":"","ast-breadcrumbs-content":"","ast-featured-img":"","footer-sml-layout":"","ast-disable-related-posts":"","theme-transparent-header-meta":"default","adv-header-id-meta":"","stick-header-meta":"","header-above-stick-meta":"","header-main-stick-meta":"","header-below-stick-meta":"","astra-migrate-meta-layouts":"set","ast-page-background-enabled":"default","ast-page-background-meta":{"desktop":{"background-color":"","background-image":"","background-repeat":"repeat","background-position":"center center","background-size":"auto","background-attachment":"scroll","background-type":"","background-media":"","overlay-type":"","overlay-color":"","overlay-opacity":"","overlay-gradient":""},"tablet":{"background-color":"","background-image":"","background-repeat":"repeat","background-position":"center center","background-size":"auto","background-attachment":"scroll","background-type":"","background-media":"","overlay-type":"","overlay-color":"","overlay-opacity":"","overlay-gradient":""},"mobile":{"background-color":"","background-image":"","background-repeat":"repeat","background-position":"center center","background-size":"auto","background-attachment":"scroll","background-type":"","background-media":"","overlay-type":"","overlay-color":"","overlay-opacity":"","overlay-gradient":""}},"ast-content-background-meta":{"desktop":{"background-color":"var(--ast-global-color-5)","background-image":"","background-repeat":"repeat","background-position":"center center","background-size":"auto","background-attachment":"scroll","background-type":"","background-media":"","overlay-type":"","overlay-color":"","overlay-opacity":"","overlay-gradient":""},"tablet":{"background-color":"var(--ast-global-color-5)","background-image":"","background-repeat":"repeat","background-position":"center center","background-size":"auto","background-attachment":"scroll","background-type":"","background-media":"","overlay-type":"","overlay-color":"","overlay-opacity":"","overlay-gradient":""},"mobile":{"background-color":"var(--ast-global-color-5)","background-image":"","background-repeat":"repeat","background-position":"center center","background-size":"auto","background-attachment":"scroll","background-type":"","background-media":"","overlay-type":"","overlay-color":"","overlay-opacity":"","overlay-gradient":""}}},"product_brand":[],"product_cat":[56,42,30],"product_tag":[],"class_list":{"0":"post-7376","1":"product","2":"type-product","3":"status-publish","4":"has-post-thumbnail","6":"product_cat-animaux-de-la-foret","7":"product_cat-charlie-bears-peluches-collection","8":"product_cat-ours","9":"product_shipping_class-peluches-grande-taille","10":"desktop-align-center","11":"tablet-align-left","12":"mobile-align-left","14":"first","15":"instock","16":"shipping-taxable","17":"purchasable","18":"product-type-simple"},"yoast_head":"<!-- This site is optimized with the Yoast SEO plugin v27.4 - https:\/\/yoast.com\/product\/yoast-seo-wordpress\/ -->\n<title>Ours en Peluche Tater Tot - Charlie Bears - Collection 2025<\/title>\n<meta name=\"description\" content=\"D\u00e9couvrez Tater Tot, ours Charlie Bears 2025 au pelage doux et \u00e9bouriff\u00e9. Articul\u00e9, raffin\u00e9 et parfait pour collectionneurs. Collection Our Journey So Far.\" \/>\n<meta name=\"robots\" content=\"index, follow, max-snippet:-1, max-image-preview:large, max-video-preview:-1\" \/>\n<link rel=\"canonical\" href=\"https:\/\/marielleaupaysdesours.fr\/index.php\/product\/ours-en-peluche-tater-tot-charlie-bears-collection-our-journey-so-far-2025\/\" \/>\n<meta property=\"og:locale\" content=\"fr_FR\" \/>\n<meta property=\"og:type\" content=\"article\" \/>\n<meta property=\"og:title\" content=\"Ours en Peluche Tater Tot - Charlie Bears - Collection 2025\" \/>\n<meta property=\"og:description\" content=\"D\u00e9couvrez Tater Tot, ours Charlie Bears 2025 au pelage doux et \u00e9bouriff\u00e9. Articul\u00e9, raffin\u00e9 et parfait pour collectionneurs. Collection Our Journey So Far.\" \/>\n<meta property=\"og:url\" content=\"https:\/\/marielleaupaysdesours.fr\/index.php\/product\/ours-en-peluche-tater-tot-charlie-bears-collection-our-journey-so-far-2025\/\" \/>\n<meta property=\"og:site_name\" content=\"Marielle au Pays des Ours | Vente en ligne de peluches\" \/>\n<meta property=\"article:modified_time\" content=\"2026-01-13T08:41:11+00:00\" \/>\n<meta property=\"og:image\" content=\"https:\/\/marielleaupaysdesours.fr\/wp-content\/uploads\/2025\/12\/telecharger-6.webp\" \/>\n\t<meta property=\"og:image:width\" content=\"234\" \/>\n\t<meta property=\"og:image:height\" content=\"316\" \/>\n\t<meta property=\"og:image:type\" content=\"image\/webp\" \/>\n<meta name=\"twitter:card\" content=\"summary_large_image\" \/>\n<meta name=\"twitter:label1\" content=\"Dur\u00e9e de lecture estim\u00e9e\" \/>\n\t<meta name=\"twitter:data1\" content=\"2 minutes\" \/>\n<script type=\"application\/ld+json\" class=\"yoast-schema-graph\">{\"@context\":\"https:\\\/\\\/schema.org\",\"@graph\":[{\"@type\":\"WebPage\",\"@id\":\"https:\\\/\\\/marielleaupaysdesours.fr\\\/index.php\\\/product\\\/ours-en-peluche-tater-tot-charlie-bears-collection-our-journey-so-far-2025\\\/\",\"url\":\"https:\\\/\\\/marielleaupaysdesours.fr\\\/index.php\\\/product\\\/ours-en-peluche-tater-tot-charlie-bears-collection-our-journey-so-far-2025\\\/\",\"name\":\"Ours en Peluche Tater Tot - Charlie Bears - Collection 2025\",\"isPartOf\":{\"@id\":\"https:\\\/\\\/marielleaupaysdesours.fr\\\/#website\"},\"primaryImageOfPage\":{\"@id\":\"https:\\\/\\\/marielleaupaysdesours.fr\\\/index.php\\\/product\\\/ours-en-peluche-tater-tot-charlie-bears-collection-our-journey-so-far-2025\\\/#primaryimage\"},\"image\":{\"@id\":\"https:\\\/\\\/marielleaupaysdesours.fr\\\/index.php\\\/product\\\/ours-en-peluche-tater-tot-charlie-bears-collection-our-journey-so-far-2025\\\/#primaryimage\"},\"thumbnailUrl\":\"https:\\\/\\\/marielleaupaysdesours.fr\\\/wp-content\\\/uploads\\\/2025\\\/12\\\/telecharger-6.webp\",\"datePublished\":\"2025-12-26T10:51:57+00:00\",\"dateModified\":\"2026-01-13T08:41:11+00:00\",\"description\":\"D\u00e9couvrez Tater Tot, ours Charlie Bears 2025 au pelage doux et \u00e9bouriff\u00e9. Articul\u00e9, raffin\u00e9 et parfait pour collectionneurs. Collection Our Journey So Far.\",\"breadcrumb\":{\"@id\":\"https:\\\/\\\/marielleaupaysdesours.fr\\\/index.php\\\/product\\\/ours-en-peluche-tater-tot-charlie-bears-collection-our-journey-so-far-2025\\\/#breadcrumb\"},\"inLanguage\":\"fr-FR\",\"potentialAction\":[{\"@type\":\"ReadAction\",\"target\":[\"https:\\\/\\\/marielleaupaysdesours.fr\\\/index.php\\\/product\\\/ours-en-peluche-tater-tot-charlie-bears-collection-our-journey-so-far-2025\\\/\"]}]},{\"@type\":\"ImageObject\",\"inLanguage\":\"fr-FR\",\"@id\":\"https:\\\/\\\/marielleaupaysdesours.fr\\\/index.php\\\/product\\\/ours-en-peluche-tater-tot-charlie-bears-collection-our-journey-so-far-2025\\\/#primaryimage\",\"url\":\"https:\\\/\\\/marielleaupaysdesours.fr\\\/wp-content\\\/uploads\\\/2025\\\/12\\\/telecharger-6.webp\",\"contentUrl\":\"https:\\\/\\\/marielleaupaysdesours.fr\\\/wp-content\\\/uploads\\\/2025\\\/12\\\/telecharger-6.webp\",\"width\":234,\"height\":316,\"caption\":\"Ours en Peluche Tater Tot - Charlie Bears - Collection Our Journey so Far 2025\"},{\"@type\":\"BreadcrumbList\",\"@id\":\"https:\\\/\\\/marielleaupaysdesours.fr\\\/index.php\\\/product\\\/ours-en-peluche-tater-tot-charlie-bears-collection-our-journey-so-far-2025\\\/#breadcrumb\",\"itemListElement\":[{\"@type\":\"ListItem\",\"position\":1,\"name\":\"Accueil\",\"item\":\"https:\\\/\\\/marielleaupaysdesours.fr\\\/\"},{\"@type\":\"ListItem\",\"position\":2,\"name\":\"Shop\",\"item\":\"https:\\\/\\\/marielleaupaysdesours.fr\\\/index.php\\\/shop\\\/\"},{\"@type\":\"ListItem\",\"position\":3,\"name\":\"Ours en Peluche Tater Tot &#8211; Charlie Bears &#8211; Collection Our Journey so Far 2025\"}]},{\"@type\":\"WebSite\",\"@id\":\"https:\\\/\\\/marielleaupaysdesours.fr\\\/#website\",\"url\":\"https:\\\/\\\/marielleaupaysdesours.fr\\\/\",\"name\":\"Marielle au Pays des Ours | Vente en ligne de peluches\",\"description\":\"vente en ligne de peluches\",\"publisher\":{\"@id\":\"https:\\\/\\\/marielleaupaysdesours.fr\\\/#organization\"},\"potentialAction\":[{\"@type\":\"SearchAction\",\"target\":{\"@type\":\"EntryPoint\",\"urlTemplate\":\"https:\\\/\\\/marielleaupaysdesours.fr\\\/?s={search_term_string}\"},\"query-input\":{\"@type\":\"PropertyValueSpecification\",\"valueRequired\":true,\"valueName\":\"search_term_string\"}}],\"inLanguage\":\"fr-FR\"},{\"@type\":\"Organization\",\"@id\":\"https:\\\/\\\/marielleaupaysdesours.fr\\\/#organization\",\"name\":\"Marielle au Pays des Ours | Vente en ligne de peluches\",\"url\":\"https:\\\/\\\/marielleaupaysdesours.fr\\\/\",\"logo\":{\"@type\":\"ImageObject\",\"inLanguage\":\"fr-FR\",\"@id\":\"https:\\\/\\\/marielleaupaysdesours.fr\\\/#\\\/schema\\\/logo\\\/image\\\/\",\"url\":\"https:\\\/\\\/marielleaupaysdesours.fr\\\/wp-content\\\/uploads\\\/2020\\\/10\\\/logo-marielle-light.jpg\",\"contentUrl\":\"https:\\\/\\\/marielleaupaysdesours.fr\\\/wp-content\\\/uploads\\\/2020\\\/10\\\/logo-marielle-light.jpg\",\"width\":500,\"height\":500,\"caption\":\"Marielle au Pays des Ours | Vente en ligne de peluches\"},\"image\":{\"@id\":\"https:\\\/\\\/marielleaupaysdesours.fr\\\/#\\\/schema\\\/logo\\\/image\\\/\"}}]}<\/script>\n<!-- \/ Yoast SEO plugin. -->","yoast_head_json":{"title":"Ours en Peluche Tater Tot - Charlie Bears - Collection 2025","description":"D\u00e9couvrez Tater Tot, ours Charlie Bears 2025 au pelage doux et \u00e9bouriff\u00e9. Articul\u00e9, raffin\u00e9 et parfait pour collectionneurs. Collection Our Journey So Far.","robots":{"index":"index","follow":"follow","max-snippet":"max-snippet:-1","max-image-preview":"max-image-preview:large","max-video-preview":"max-video-preview:-1"},"canonical":"https:\/\/marielleaupaysdesours.fr\/index.php\/product\/ours-en-peluche-tater-tot-charlie-bears-collection-our-journey-so-far-2025\/","og_locale":"fr_FR","og_type":"article","og_title":"Ours en Peluche Tater Tot - Charlie Bears - Collection 2025","og_description":"D\u00e9couvrez Tater Tot, ours Charlie Bears 2025 au pelage doux et \u00e9bouriff\u00e9. Articul\u00e9, raffin\u00e9 et parfait pour collectionneurs. Collection Our Journey So Far.","og_url":"https:\/\/marielleaupaysdesours.fr\/index.php\/product\/ours-en-peluche-tater-tot-charlie-bears-collection-our-journey-so-far-2025\/","og_site_name":"Marielle au Pays des Ours | Vente en ligne de peluches","article_modified_time":"2026-01-13T08:41:11+00:00","og_image":[{"width":234,"height":316,"url":"https:\/\/marielleaupaysdesours.fr\/wp-content\/uploads\/2025\/12\/telecharger-6.webp","type":"image\/webp"}],"twitter_card":"summary_large_image","twitter_misc":{"Dur\u00e9e de lecture estim\u00e9e":"2 minutes"},"schema":{"@context":"https:\/\/schema.org","@graph":[{"@type":"WebPage","@id":"https:\/\/marielleaupaysdesours.fr\/index.php\/product\/ours-en-peluche-tater-tot-charlie-bears-collection-our-journey-so-far-2025\/","url":"https:\/\/marielleaupaysdesours.fr\/index.php\/product\/ours-en-peluche-tater-tot-charlie-bears-collection-our-journey-so-far-2025\/","name":"Ours en Peluche Tater Tot - Charlie Bears - Collection 2025","isPartOf":{"@id":"https:\/\/marielleaupaysdesours.fr\/#website"},"primaryImageOfPage":{"@id":"https:\/\/marielleaupaysdesours.fr\/index.php\/product\/ours-en-peluche-tater-tot-charlie-bears-collection-our-journey-so-far-2025\/#primaryimage"},"image":{"@id":"https:\/\/marielleaupaysdesours.fr\/index.php\/product\/ours-en-peluche-tater-tot-charlie-bears-collection-our-journey-so-far-2025\/#primaryimage"},"thumbnailUrl":"https:\/\/marielleaupaysdesours.fr\/wp-content\/uploads\/2025\/12\/telecharger-6.webp","datePublished":"2025-12-26T10:51:57+00:00","dateModified":"2026-01-13T08:41:11+00:00","description":"D\u00e9couvrez Tater Tot, ours Charlie Bears 2025 au pelage doux et \u00e9bouriff\u00e9. Articul\u00e9, raffin\u00e9 et parfait pour collectionneurs. Collection Our Journey So Far.","breadcrumb":{"@id":"https:\/\/marielleaupaysdesours.fr\/index.php\/product\/ours-en-peluche-tater-tot-charlie-bears-collection-our-journey-so-far-2025\/#breadcrumb"},"inLanguage":"fr-FR","potentialAction":[{"@type":"ReadAction","target":["https:\/\/marielleaupaysdesours.fr\/index.php\/product\/ours-en-peluche-tater-tot-charlie-bears-collection-our-journey-so-far-2025\/"]}]},{"@type":"ImageObject","inLanguage":"fr-FR","@id":"https:\/\/marielleaupaysdesours.fr\/index.php\/product\/ours-en-peluche-tater-tot-charlie-bears-collection-our-journey-so-far-2025\/#primaryimage","url":"https:\/\/marielleaupaysdesours.fr\/wp-content\/uploads\/2025\/12\/telecharger-6.webp","contentUrl":"https:\/\/marielleaupaysdesours.fr\/wp-content\/uploads\/2025\/12\/telecharger-6.webp","width":234,"height":316,"caption":"Ours en Peluche Tater Tot - Charlie Bears - Collection Our Journey so Far 2025"},{"@type":"BreadcrumbList","@id":"https:\/\/marielleaupaysdesours.fr\/index.php\/product\/ours-en-peluche-tater-tot-charlie-bears-collection-our-journey-so-far-2025\/#breadcrumb","itemListElement":[{"@type":"ListItem","position":1,"name":"Accueil","item":"https:\/\/marielleaupaysdesours.fr\/"},{"@type":"ListItem","position":2,"name":"Shop","item":"https:\/\/marielleaupaysdesours.fr\/index.php\/shop\/"},{"@type":"ListItem","position":3,"name":"Ours en Peluche Tater Tot &#8211; Charlie Bears &#8211; Collection Our Journey so Far 2025"}]},{"@type":"WebSite","@id":"https:\/\/marielleaupaysdesours.fr\/#website","url":"https:\/\/marielleaupaysdesours.fr\/","name":"Marielle au Pays des Ours | Vente en ligne de peluches","description":"vente en ligne de peluches","publisher":{"@id":"https:\/\/marielleaupaysdesours.fr\/#organization"},"potentialAction":[{"@type":"SearchAction","target":{"@type":"EntryPoint","urlTemplate":"https:\/\/marielleaupaysdesours.fr\/?s={search_term_string}"},"query-input":{"@type":"PropertyValueSpecification","valueRequired":true,"valueName":"search_term_string"}}],"inLanguage":"fr-FR"},{"@type":"Organization","@id":"https:\/\/marielleaupaysdesours.fr\/#organization","name":"Marielle au Pays des Ours | Vente en ligne de peluches","url":"https:\/\/marielleaupaysdesours.fr\/","logo":{"@type":"ImageObject","inLanguage":"fr-FR","@id":"https:\/\/marielleaupaysdesours.fr\/#\/schema\/logo\/image\/","url":"https:\/\/marielleaupaysdesours.fr\/wp-content\/uploads\/2020\/10\/logo-marielle-light.jpg","contentUrl":"https:\/\/marielleaupaysdesours.fr\/wp-content\/uploads\/2020\/10\/logo-marielle-light.jpg","width":500,"height":500,"caption":"Marielle au Pays des Ours | Vente en ligne de peluches"},"image":{"@id":"https:\/\/marielleaupaysdesours.fr\/#\/schema\/logo\/image\/"}}]}},"jetpack_sharing_enabled":true,"_links":{"self":[{"href":"https:\/\/marielleaupaysdesours.fr\/index.php\/wp-json\/wp\/v2\/product\/7376","targetHints":{"allow":["GET"]}}],"collection":[{"href":"https:\/\/marielleaupaysdesours.fr\/index.php\/wp-json\/wp\/v2\/product"}],"about":[{"href":"https:\/\/marielleaupaysdesours.fr\/index.php\/wp-json\/wp\/v2\/types\/product"}],"replies":[{"embeddable":true,"href":"https:\/\/marielleaupaysdesours.fr\/index.php\/wp-json\/wp\/v2\/comments?post=7376"}],"version-history":[{"count":3,"href":"https:\/\/marielleaupaysdesours.fr\/index.php\/wp-json\/wp\/v2\/product\/7376\/revisions"}],"predecessor-version":[{"id":7415,"href":"https:\/\/marielleaupaysdesours.fr\/index.php\/wp-json\/wp\/v2\/product\/7376\/revisions\/7415"}],"wp:featuredmedia":[{"embeddable":true,"href":"https:\/\/marielleaupaysdesours.fr\/index.php\/wp-json\/wp\/v2\/media\/7377"}],"wp:attachment":[{"href":"https:\/\/marielleaupaysdesours.fr\/index.php\/wp-json\/wp\/v2\/media?parent=7376"}],"wp:term":[{"taxonomy":"product_brand","embeddable":true,"href":"https:\/\/marielleaupaysdesours.fr\/index.php\/wp-json\/wp\/v2\/product_brand?post=7376"},{"taxonomy":"product_cat","embeddable":true,"href":"https:\/\/marielleaupaysdesours.fr\/index.php\/wp-json\/wp\/v2\/product_cat?post=7376"},{"taxonomy":"product_tag","embeddable":true,"href":"https:\/\/marielleaupaysdesours.fr\/index.php\/wp-json\/wp\/v2\/product_tag?post=7376"}],"curies":[{"name":"wp","href":"https:\/\/api.w.org\/{rel}","templated":true}]}}