{"id":7356,"date":"2025-12-22T13:06:50","date_gmt":"2025-12-22T12:06:50","guid":{"rendered":"https:\/\/marielleaupaysdesours.fr\/?post_type=product&#038;p=7356"},"modified":"2026-03-27T17:10:39","modified_gmt":"2026-03-27T16:10:39","slug":"peluche-ours-aniversary-tootsie-charlie-bears-isabelle-collection","status":"publish","type":"product","link":"https:\/\/marielleaupaysdesours.fr\/index.php\/product\/peluche-ours-aniversary-tootsie-charlie-bears-isabelle-collection\/","title":{"rendered":"Ours en Peluche Anniversary Tootsie &#8211; Charlie Bears &#8211; Isabelle Collection"},"content":{"rendered":"<p data-start=\"318\" data-end=\"1287\"><strong data-start=\"318\" data-end=\"341\">Anniversary Tootsie<\/strong> fait partie de la tr\u00e8s prestigieuse <strong data-start=\"378\" data-end=\"406\">Isabelle Collection 2025<\/strong>, con\u00e7ue sp\u00e9cialement pour c\u00e9l\u00e9brer les <strong data-start=\"446\" data-end=\"473\">20 ans de Charlie Bears<\/strong>. Pour l\u2019occasion, Isabelle Lee revisite sept mod\u00e8les embl\u00e9matiques et parmi eux, Tootsie revient dans une version raffin\u00e9e, plus aboutie et encore plus attachante. Confectionn\u00e9 avec soin, cet ours pr\u00e9sente une expression douce et expressive, renforc\u00e9e par ses yeux brillants et son museau finement sculpt\u00e9. Sa fourrure luxueuse lui conf\u00e8re une pr\u00e9sence chaleureuse et traditionnelle, tandis que ses coussinets sculpt\u00e9s font \u00e9cho au savoir-faire unique de la maison Charlie Bears. Anniversary Tootsie se distingue \u00e9galement par son <strong data-start=\"1005\" data-end=\"1044\">collier orn\u00e9 d\u2019une petite clochette<\/strong> et d\u2019un <strong data-start=\"1053\" data-end=\"1082\">pendentif en forme de cl\u00e9<\/strong>, symbole d\u2019ouverture, de c\u0153ur et de connexion avec son futur adoptant. \u00c9dit\u00e9 en quantit\u00e9 tr\u00e8s limit\u00e9e, il s\u2019adresse aux collectionneurs exigeants en qu\u00eate d\u2019une pi\u00e8ce rare, \u00e9l\u00e9gante et charg\u00e9e d\u2019histoire.<\/p>\n<hr data-start=\"1289\" data-end=\"1292\" \/>\n<h3 data-start=\"1294\" data-end=\"1320\"><strong data-start=\"1298\" data-end=\"1320\">D\u00e9tails du produit Ours en Peluche Anniversary Tootsie<\/strong><\/h3>\n<ul data-start=\"1321\" data-end=\"1835\">\n<li data-start=\"1321\" data-end=\"1354\">\n<p data-start=\"1323\" data-end=\"1354\"><strong data-start=\"1323\" data-end=\"1332\">Nom :<\/strong> Anniversary Tootsie<\/p>\n<\/li>\n<li data-start=\"1355\" data-end=\"1385\">\n<p data-start=\"1357\" data-end=\"1385\"><strong data-start=\"1357\" data-end=\"1369\">Marque :<\/strong> <a href=\"https:\/\/marielleaupaysdesours.fr\/index.php\/peluches-charlie-bears\/\">Charlie Bears<\/a><\/p>\n<\/li>\n<li data-start=\"1386\" data-end=\"1445\">\n<p data-start=\"1388\" data-end=\"1445\"><strong data-start=\"1388\" data-end=\"1404\">Collection :<\/strong> Isabelle Collection \u2013 20th Anniversary<\/p>\n<\/li>\n<li data-start=\"1446\" data-end=\"1477\">\n<p data-start=\"1448\" data-end=\"1477\"><strong data-start=\"1448\" data-end=\"1462\">Cr\u00e9ation :<\/strong> Isabelle Lee<\/p>\n<\/li>\n<li data-start=\"1478\" data-end=\"1512\">\n<p data-start=\"1480\" data-end=\"1512\"><strong data-start=\"1480\" data-end=\"1492\">Taille :<\/strong> 32 cm \u2013 12,5 inch<\/p>\n<\/li>\n<li data-start=\"1513\" data-end=\"1550\">\n<p data-start=\"1515\" data-end=\"1550\"><strong data-start=\"1515\" data-end=\"1532\">Accessoires :<\/strong> Clochette + cl\u00e9<\/p>\n<\/li>\n<li data-start=\"1551\" data-end=\"1612\">\n<p data-start=\"1553\" data-end=\"1612\"><strong data-start=\"1553\" data-end=\"1568\">Finitions :<\/strong> Nez brod\u00e9 \u00e0 la main \u2013 Coussinets sculpt\u00e9s<\/p>\n<\/li>\n<li data-start=\"1613\" data-end=\"1663\">\n<p data-start=\"1615\" data-end=\"1663\"><strong data-start=\"1615\" data-end=\"1634\">Articulations :<\/strong> 5 articulations classiques<\/p>\n<\/li>\n<li data-start=\"1664\" data-end=\"1715\">\n<p data-start=\"1666\" data-end=\"1715\"><strong data-start=\"1666\" data-end=\"1687\">\u00c9dition limit\u00e9e :<\/strong> 200 exemplaires num\u00e9rot\u00e9s<\/p>\n<\/li>\n<li data-start=\"1716\" data-end=\"1740\">\n<p data-start=\"1718\" data-end=\"1740\"><strong data-start=\"1718\" data-end=\"1734\">Certificat :<\/strong> Oui<\/p>\n<\/li>\n<li data-start=\"1741\" data-end=\"1777\">\n<p data-start=\"1743\" data-end=\"1777\"><strong data-start=\"1743\" data-end=\"1758\">Packaging :<\/strong> Sac brod\u00e9 inclus<\/p>\n<\/li>\n<li data-start=\"1778\" data-end=\"1835\">\n<p data-start=\"1780\" data-end=\"1835\"><strong data-start=\"1780\" data-end=\"1800\">\u00c2ge recommand\u00e9 :<\/strong> 14 ans + (collectionneur adulte)<\/p>\n<\/li>\n<\/ul>\n<h3 data-start=\"1842\" data-end=\"1883\"><\/h3>\n<p data-start=\"1884\" data-end=\"2446\">L&rsquo;Ours en Peluche Anniversary Tootsie est une <strong data-start=\"1912\" data-end=\"1940\">pi\u00e8ce rare et recherch\u00e9e<\/strong>, alliant nostalgie, \u00e9l\u00e9gance et savoir-faire, parfaite pour marquer les 20 ans de Charlie Bears. Son tirage extr\u00eamement limit\u00e9 \u00e0 <strong data-start=\"2070\" data-end=\"2099\">seulement 200 exemplaires<\/strong> en fait un ours de collection particuli\u00e8rement convoit\u00e9. Chez <strong data-start=\"2162\" data-end=\"2191\">Marielle au Pays des Ours<\/strong>, nous vous offrons un <strong data-start=\"2214\" data-end=\"2261\">service client expert, passionn\u00e9 et r\u00e9actif<\/strong>, afin que chaque adoption soit un v\u00e9ritable plaisir et une exp\u00e9rience rassurante.<br data-start=\"2343\" data-end=\"2346\" \/>Et comme toujours, <strong data-start=\"2365\" data-end=\"2408\">il y a de la place pour un ours de plus<\/strong>, surtout lorsqu\u2019il est aussi sp\u00e9cial\u2026<\/p>\n","protected":false},"excerpt":{"rendered":"<p>Anniversary Tootsie est un superbe ours de collection issu de l\u2019Isabelle Collection 2025, sp\u00e9cialement cr\u00e9\u00e9e pour c\u00e9l\u00e9brer les 20 ans de Charlie Bears. Revisit\u00e9 par Isabelle Lee, ce mod\u00e8le rend hommage \u00e0 l\u2019une des cr\u00e9ations les plus appr\u00e9ci\u00e9es de la maison. Tootsie se distingue par sa fourrure luxueuse, son nez brod\u00e9 \u00e0 la main et ses coussinets sculpt\u00e9s qui soulignent le savoir-faire unique des ateliers Charlie Bears. Il porte un collier orn\u00e9 d\u2019une clochette et d\u2019un pendentif en forme de cl\u00e9, ajoutant une touche symbolique et po\u00e9tique \u00e0 sa silhouette. Articul\u00e9 et soigneusement fini, il mesure 32 cm et dispose d\u2019un certificat num\u00e9rot\u00e9 attestant son authenticit\u00e9. Avec seulement <strong data-start=\"3177\" data-end=\"3210\">200 exemplaires dans le monde<\/strong>, Anniversary Tootsie s\u2019adresse aux collectionneurs adultes en qu\u00eate de pi\u00e8ces exclusives et pleines de sens. Il est livr\u00e9 dans un sac brod\u00e9, rendant encore plus pr\u00e9cieuse l\u2019exp\u00e9rience d\u2019adoption.<\/p>\n","protected":false},"featured_media":7360,"comment_status":"closed","ping_status":"closed","template":"","meta":{"_monsterinsights_skip_tracking":false,"_monsterinsights_sitenote_active":false,"_monsterinsights_sitenote_note":"","_monsterinsights_sitenote_category":0,"site-sidebar-layout":"default","site-content-layout":"","ast-site-content-layout":"default","site-content-style":"default","site-sidebar-style":"default","ast-global-header-display":"","ast-banner-title-visibility":"","ast-main-header-display":"","ast-hfb-above-header-display":"","ast-hfb-below-header-display":"","ast-hfb-mobile-header-display":"","site-post-title":"","ast-breadcrumbs-content":"","ast-featured-img":"","footer-sml-layout":"","ast-disable-related-posts":"","theme-transparent-header-meta":"default","adv-header-id-meta":"","stick-header-meta":"","header-above-stick-meta":"","header-main-stick-meta":"","header-below-stick-meta":"","astra-migrate-meta-layouts":"set","ast-page-background-enabled":"default","ast-page-background-meta":{"desktop":{"background-color":"","background-image":"","background-repeat":"repeat","background-position":"center center","background-size":"auto","background-attachment":"scroll","background-type":"","background-media":"","overlay-type":"","overlay-color":"","overlay-opacity":"","overlay-gradient":""},"tablet":{"background-color":"","background-image":"","background-repeat":"repeat","background-position":"center center","background-size":"auto","background-attachment":"scroll","background-type":"","background-media":"","overlay-type":"","overlay-color":"","overlay-opacity":"","overlay-gradient":""},"mobile":{"background-color":"","background-image":"","background-repeat":"repeat","background-position":"center center","background-size":"auto","background-attachment":"scroll","background-type":"","background-media":"","overlay-type":"","overlay-color":"","overlay-opacity":"","overlay-gradient":""}},"ast-content-background-meta":{"desktop":{"background-color":"var(--ast-global-color-5)","background-image":"","background-repeat":"repeat","background-position":"center center","background-size":"auto","background-attachment":"scroll","background-type":"","background-media":"","overlay-type":"","overlay-color":"","overlay-opacity":"","overlay-gradient":""},"tablet":{"background-color":"var(--ast-global-color-5)","background-image":"","background-repeat":"repeat","background-position":"center center","background-size":"auto","background-attachment":"scroll","background-type":"","background-media":"","overlay-type":"","overlay-color":"","overlay-opacity":"","overlay-gradient":""},"mobile":{"background-color":"var(--ast-global-color-5)","background-image":"","background-repeat":"repeat","background-position":"center center","background-size":"auto","background-attachment":"scroll","background-type":"","background-media":"","overlay-type":"","overlay-color":"","overlay-opacity":"","overlay-gradient":""}}},"product_brand":[],"product_cat":[56,42,30],"product_tag":[],"class_list":{"0":"post-7356","1":"product","2":"type-product","3":"status-publish","4":"has-post-thumbnail","6":"product_cat-animaux-de-la-foret","7":"product_cat-charlie-bears-peluches-collection","8":"product_cat-ours","9":"product_shipping_class-peluches-grande-taille","10":"desktop-align-center","11":"tablet-align-left","12":"mobile-align-left","14":"first","15":"instock","16":"shipping-taxable","17":"purchasable","18":"product-type-simple"},"yoast_head":"<!-- This site is optimized with the Yoast SEO plugin v27.3 - https:\/\/yoast.com\/product\/yoast-seo-wordpress\/ -->\n<title>Ours en Peluche Anniversary Tootsie Charlie Bears \u00c9dition limit\u00e9e<\/title>\n<meta name=\"description\" content=\"Anniversary Tootsie, ours en peluche Charlie Bears en \u00e9dition limit\u00e9e. 200 exemplaires, certificat, sac brod\u00e9. Collection Isabelle \u2013 20 ans Charlie Bears.\" \/>\n<meta name=\"robots\" content=\"index, follow, max-snippet:-1, max-image-preview:large, max-video-preview:-1\" \/>\n<link rel=\"canonical\" href=\"https:\/\/marielleaupaysdesours.fr\/index.php\/product\/peluche-ours-aniversary-tootsie-charlie-bears-isabelle-collection\/\" \/>\n<meta property=\"og:locale\" content=\"fr_FR\" \/>\n<meta property=\"og:type\" content=\"article\" \/>\n<meta property=\"og:title\" content=\"Ours en Peluche Anniversary Tootsie Charlie Bears \u00c9dition limit\u00e9e\" \/>\n<meta property=\"og:description\" content=\"Anniversary Tootsie, ours en peluche Charlie Bears en \u00e9dition limit\u00e9e. 200 exemplaires, certificat, sac brod\u00e9. Collection Isabelle \u2013 20 ans Charlie Bears.\" \/>\n<meta property=\"og:url\" content=\"https:\/\/marielleaupaysdesours.fr\/index.php\/product\/peluche-ours-aniversary-tootsie-charlie-bears-isabelle-collection\/\" \/>\n<meta property=\"og:site_name\" content=\"Marielle au Pays des Ours | Vente en ligne de peluches\" \/>\n<meta property=\"article:modified_time\" content=\"2026-03-27T16:10:39+00:00\" \/>\n<meta property=\"og:image\" content=\"https:\/\/marielleaupaysdesours.fr\/wp-content\/uploads\/2025\/12\/OIP-17.webp\" \/>\n\t<meta property=\"og:image:width\" content=\"286\" \/>\n\t<meta property=\"og:image:height\" content=\"286\" \/>\n\t<meta property=\"og:image:type\" content=\"image\/webp\" \/>\n<meta name=\"twitter:card\" content=\"summary_large_image\" \/>\n<meta name=\"twitter:label1\" content=\"Dur\u00e9e de lecture estim\u00e9e\" \/>\n\t<meta name=\"twitter:data1\" content=\"2 minutes\" \/>\n<script type=\"application\/ld+json\" class=\"yoast-schema-graph\">{\"@context\":\"https:\\\/\\\/schema.org\",\"@graph\":[{\"@type\":\"WebPage\",\"@id\":\"https:\\\/\\\/marielleaupaysdesours.fr\\\/index.php\\\/product\\\/peluche-ours-aniversary-tootsie-charlie-bears-isabelle-collection\\\/\",\"url\":\"https:\\\/\\\/marielleaupaysdesours.fr\\\/index.php\\\/product\\\/peluche-ours-aniversary-tootsie-charlie-bears-isabelle-collection\\\/\",\"name\":\"Ours en Peluche Anniversary Tootsie Charlie Bears \u00c9dition limit\u00e9e\",\"isPartOf\":{\"@id\":\"https:\\\/\\\/marielleaupaysdesours.fr\\\/#website\"},\"primaryImageOfPage\":{\"@id\":\"https:\\\/\\\/marielleaupaysdesours.fr\\\/index.php\\\/product\\\/peluche-ours-aniversary-tootsie-charlie-bears-isabelle-collection\\\/#primaryimage\"},\"image\":{\"@id\":\"https:\\\/\\\/marielleaupaysdesours.fr\\\/index.php\\\/product\\\/peluche-ours-aniversary-tootsie-charlie-bears-isabelle-collection\\\/#primaryimage\"},\"thumbnailUrl\":\"https:\\\/\\\/marielleaupaysdesours.fr\\\/wp-content\\\/uploads\\\/2025\\\/12\\\/OIP-17.webp\",\"datePublished\":\"2025-12-22T12:06:50+00:00\",\"dateModified\":\"2026-03-27T16:10:39+00:00\",\"description\":\"Anniversary Tootsie, ours en peluche Charlie Bears en \u00e9dition limit\u00e9e. 200 exemplaires, certificat, sac brod\u00e9. Collection Isabelle \u2013 20 ans Charlie Bears.\",\"breadcrumb\":{\"@id\":\"https:\\\/\\\/marielleaupaysdesours.fr\\\/index.php\\\/product\\\/peluche-ours-aniversary-tootsie-charlie-bears-isabelle-collection\\\/#breadcrumb\"},\"inLanguage\":\"fr-FR\",\"potentialAction\":[{\"@type\":\"ReadAction\",\"target\":[\"https:\\\/\\\/marielleaupaysdesours.fr\\\/index.php\\\/product\\\/peluche-ours-aniversary-tootsie-charlie-bears-isabelle-collection\\\/\"]}]},{\"@type\":\"ImageObject\",\"inLanguage\":\"fr-FR\",\"@id\":\"https:\\\/\\\/marielleaupaysdesours.fr\\\/index.php\\\/product\\\/peluche-ours-aniversary-tootsie-charlie-bears-isabelle-collection\\\/#primaryimage\",\"url\":\"https:\\\/\\\/marielleaupaysdesours.fr\\\/wp-content\\\/uploads\\\/2025\\\/12\\\/OIP-17.webp\",\"contentUrl\":\"https:\\\/\\\/marielleaupaysdesours.fr\\\/wp-content\\\/uploads\\\/2025\\\/12\\\/OIP-17.webp\",\"width\":286,\"height\":286,\"caption\":\"Ours en Peluche Anniversary Tootsie - Charlie Bears - Isabelle Collection\"},{\"@type\":\"BreadcrumbList\",\"@id\":\"https:\\\/\\\/marielleaupaysdesours.fr\\\/index.php\\\/product\\\/peluche-ours-aniversary-tootsie-charlie-bears-isabelle-collection\\\/#breadcrumb\",\"itemListElement\":[{\"@type\":\"ListItem\",\"position\":1,\"name\":\"Accueil\",\"item\":\"https:\\\/\\\/marielleaupaysdesours.fr\\\/\"},{\"@type\":\"ListItem\",\"position\":2,\"name\":\"Shop\",\"item\":\"https:\\\/\\\/marielleaupaysdesours.fr\\\/index.php\\\/shop\\\/\"},{\"@type\":\"ListItem\",\"position\":3,\"name\":\"Ours en Peluche Anniversary Tootsie &#8211; Charlie Bears &#8211; Isabelle Collection\"}]},{\"@type\":\"WebSite\",\"@id\":\"https:\\\/\\\/marielleaupaysdesours.fr\\\/#website\",\"url\":\"https:\\\/\\\/marielleaupaysdesours.fr\\\/\",\"name\":\"Marielle au Pays des Ours | Vente en ligne de peluches\",\"description\":\"vente en ligne de peluches\",\"publisher\":{\"@id\":\"https:\\\/\\\/marielleaupaysdesours.fr\\\/#organization\"},\"potentialAction\":[{\"@type\":\"SearchAction\",\"target\":{\"@type\":\"EntryPoint\",\"urlTemplate\":\"https:\\\/\\\/marielleaupaysdesours.fr\\\/?s={search_term_string}\"},\"query-input\":{\"@type\":\"PropertyValueSpecification\",\"valueRequired\":true,\"valueName\":\"search_term_string\"}}],\"inLanguage\":\"fr-FR\"},{\"@type\":\"Organization\",\"@id\":\"https:\\\/\\\/marielleaupaysdesours.fr\\\/#organization\",\"name\":\"Marielle au Pays des Ours | Vente en ligne de peluches\",\"url\":\"https:\\\/\\\/marielleaupaysdesours.fr\\\/\",\"logo\":{\"@type\":\"ImageObject\",\"inLanguage\":\"fr-FR\",\"@id\":\"https:\\\/\\\/marielleaupaysdesours.fr\\\/#\\\/schema\\\/logo\\\/image\\\/\",\"url\":\"https:\\\/\\\/marielleaupaysdesours.fr\\\/wp-content\\\/uploads\\\/2020\\\/10\\\/logo-marielle-light.jpg\",\"contentUrl\":\"https:\\\/\\\/marielleaupaysdesours.fr\\\/wp-content\\\/uploads\\\/2020\\\/10\\\/logo-marielle-light.jpg\",\"width\":500,\"height\":500,\"caption\":\"Marielle au Pays des Ours | Vente en ligne de peluches\"},\"image\":{\"@id\":\"https:\\\/\\\/marielleaupaysdesours.fr\\\/#\\\/schema\\\/logo\\\/image\\\/\"}}]}<\/script>\n<!-- \/ Yoast SEO plugin. -->","yoast_head_json":{"title":"Ours en Peluche Anniversary Tootsie Charlie Bears \u00c9dition limit\u00e9e","description":"Anniversary Tootsie, ours en peluche Charlie Bears en \u00e9dition limit\u00e9e. 200 exemplaires, certificat, sac brod\u00e9. Collection Isabelle \u2013 20 ans Charlie Bears.","robots":{"index":"index","follow":"follow","max-snippet":"max-snippet:-1","max-image-preview":"max-image-preview:large","max-video-preview":"max-video-preview:-1"},"canonical":"https:\/\/marielleaupaysdesours.fr\/index.php\/product\/peluche-ours-aniversary-tootsie-charlie-bears-isabelle-collection\/","og_locale":"fr_FR","og_type":"article","og_title":"Ours en Peluche Anniversary Tootsie Charlie Bears \u00c9dition limit\u00e9e","og_description":"Anniversary Tootsie, ours en peluche Charlie Bears en \u00e9dition limit\u00e9e. 200 exemplaires, certificat, sac brod\u00e9. Collection Isabelle \u2013 20 ans Charlie Bears.","og_url":"https:\/\/marielleaupaysdesours.fr\/index.php\/product\/peluche-ours-aniversary-tootsie-charlie-bears-isabelle-collection\/","og_site_name":"Marielle au Pays des Ours | Vente en ligne de peluches","article_modified_time":"2026-03-27T16:10:39+00:00","og_image":[{"width":286,"height":286,"url":"https:\/\/marielleaupaysdesours.fr\/wp-content\/uploads\/2025\/12\/OIP-17.webp","type":"image\/webp"}],"twitter_card":"summary_large_image","twitter_misc":{"Dur\u00e9e de lecture estim\u00e9e":"2 minutes"},"schema":{"@context":"https:\/\/schema.org","@graph":[{"@type":"WebPage","@id":"https:\/\/marielleaupaysdesours.fr\/index.php\/product\/peluche-ours-aniversary-tootsie-charlie-bears-isabelle-collection\/","url":"https:\/\/marielleaupaysdesours.fr\/index.php\/product\/peluche-ours-aniversary-tootsie-charlie-bears-isabelle-collection\/","name":"Ours en Peluche Anniversary Tootsie Charlie Bears \u00c9dition limit\u00e9e","isPartOf":{"@id":"https:\/\/marielleaupaysdesours.fr\/#website"},"primaryImageOfPage":{"@id":"https:\/\/marielleaupaysdesours.fr\/index.php\/product\/peluche-ours-aniversary-tootsie-charlie-bears-isabelle-collection\/#primaryimage"},"image":{"@id":"https:\/\/marielleaupaysdesours.fr\/index.php\/product\/peluche-ours-aniversary-tootsie-charlie-bears-isabelle-collection\/#primaryimage"},"thumbnailUrl":"https:\/\/marielleaupaysdesours.fr\/wp-content\/uploads\/2025\/12\/OIP-17.webp","datePublished":"2025-12-22T12:06:50+00:00","dateModified":"2026-03-27T16:10:39+00:00","description":"Anniversary Tootsie, ours en peluche Charlie Bears en \u00e9dition limit\u00e9e. 200 exemplaires, certificat, sac brod\u00e9. Collection Isabelle \u2013 20 ans Charlie Bears.","breadcrumb":{"@id":"https:\/\/marielleaupaysdesours.fr\/index.php\/product\/peluche-ours-aniversary-tootsie-charlie-bears-isabelle-collection\/#breadcrumb"},"inLanguage":"fr-FR","potentialAction":[{"@type":"ReadAction","target":["https:\/\/marielleaupaysdesours.fr\/index.php\/product\/peluche-ours-aniversary-tootsie-charlie-bears-isabelle-collection\/"]}]},{"@type":"ImageObject","inLanguage":"fr-FR","@id":"https:\/\/marielleaupaysdesours.fr\/index.php\/product\/peluche-ours-aniversary-tootsie-charlie-bears-isabelle-collection\/#primaryimage","url":"https:\/\/marielleaupaysdesours.fr\/wp-content\/uploads\/2025\/12\/OIP-17.webp","contentUrl":"https:\/\/marielleaupaysdesours.fr\/wp-content\/uploads\/2025\/12\/OIP-17.webp","width":286,"height":286,"caption":"Ours en Peluche Anniversary Tootsie - Charlie Bears - Isabelle Collection"},{"@type":"BreadcrumbList","@id":"https:\/\/marielleaupaysdesours.fr\/index.php\/product\/peluche-ours-aniversary-tootsie-charlie-bears-isabelle-collection\/#breadcrumb","itemListElement":[{"@type":"ListItem","position":1,"name":"Accueil","item":"https:\/\/marielleaupaysdesours.fr\/"},{"@type":"ListItem","position":2,"name":"Shop","item":"https:\/\/marielleaupaysdesours.fr\/index.php\/shop\/"},{"@type":"ListItem","position":3,"name":"Ours en Peluche Anniversary Tootsie &#8211; Charlie Bears &#8211; Isabelle Collection"}]},{"@type":"WebSite","@id":"https:\/\/marielleaupaysdesours.fr\/#website","url":"https:\/\/marielleaupaysdesours.fr\/","name":"Marielle au Pays des Ours | Vente en ligne de peluches","description":"vente en ligne de peluches","publisher":{"@id":"https:\/\/marielleaupaysdesours.fr\/#organization"},"potentialAction":[{"@type":"SearchAction","target":{"@type":"EntryPoint","urlTemplate":"https:\/\/marielleaupaysdesours.fr\/?s={search_term_string}"},"query-input":{"@type":"PropertyValueSpecification","valueRequired":true,"valueName":"search_term_string"}}],"inLanguage":"fr-FR"},{"@type":"Organization","@id":"https:\/\/marielleaupaysdesours.fr\/#organization","name":"Marielle au Pays des Ours | Vente en ligne de peluches","url":"https:\/\/marielleaupaysdesours.fr\/","logo":{"@type":"ImageObject","inLanguage":"fr-FR","@id":"https:\/\/marielleaupaysdesours.fr\/#\/schema\/logo\/image\/","url":"https:\/\/marielleaupaysdesours.fr\/wp-content\/uploads\/2020\/10\/logo-marielle-light.jpg","contentUrl":"https:\/\/marielleaupaysdesours.fr\/wp-content\/uploads\/2020\/10\/logo-marielle-light.jpg","width":500,"height":500,"caption":"Marielle au Pays des Ours | Vente en ligne de peluches"},"image":{"@id":"https:\/\/marielleaupaysdesours.fr\/#\/schema\/logo\/image\/"}}]}},"jetpack_sharing_enabled":true,"_links":{"self":[{"href":"https:\/\/marielleaupaysdesours.fr\/index.php\/wp-json\/wp\/v2\/product\/7356","targetHints":{"allow":["GET"]}}],"collection":[{"href":"https:\/\/marielleaupaysdesours.fr\/index.php\/wp-json\/wp\/v2\/product"}],"about":[{"href":"https:\/\/marielleaupaysdesours.fr\/index.php\/wp-json\/wp\/v2\/types\/product"}],"replies":[{"embeddable":true,"href":"https:\/\/marielleaupaysdesours.fr\/index.php\/wp-json\/wp\/v2\/comments?post=7356"}],"version-history":[{"count":4,"href":"https:\/\/marielleaupaysdesours.fr\/index.php\/wp-json\/wp\/v2\/product\/7356\/revisions"}],"predecessor-version":[{"id":7426,"href":"https:\/\/marielleaupaysdesours.fr\/index.php\/wp-json\/wp\/v2\/product\/7356\/revisions\/7426"}],"wp:featuredmedia":[{"embeddable":true,"href":"https:\/\/marielleaupaysdesours.fr\/index.php\/wp-json\/wp\/v2\/media\/7360"}],"wp:attachment":[{"href":"https:\/\/marielleaupaysdesours.fr\/index.php\/wp-json\/wp\/v2\/media?parent=7356"}],"wp:term":[{"taxonomy":"product_brand","embeddable":true,"href":"https:\/\/marielleaupaysdesours.fr\/index.php\/wp-json\/wp\/v2\/product_brand?post=7356"},{"taxonomy":"product_cat","embeddable":true,"href":"https:\/\/marielleaupaysdesours.fr\/index.php\/wp-json\/wp\/v2\/product_cat?post=7356"},{"taxonomy":"product_tag","embeddable":true,"href":"https:\/\/marielleaupaysdesours.fr\/index.php\/wp-json\/wp\/v2\/product_tag?post=7356"}],"curies":[{"name":"wp","href":"https:\/\/api.w.org\/{rel}","templated":true}]}}