{"id":7353,"date":"2025-12-22T12:03:14","date_gmt":"2025-12-22T11:03:14","guid":{"rendered":"https:\/\/marielleaupaysdesours.fr\/?post_type=product&#038;p=7353"},"modified":"2026-03-06T09:49:42","modified_gmt":"2026-03-06T08:49:42","slug":"camelot-ours-en-peluche-de-collection-charlie-bears-isabelle-collection-2024","status":"publish","type":"product","link":"https:\/\/marielleaupaysdesours.fr\/index.php\/product\/camelot-ours-en-peluche-de-collection-charlie-bears-isabelle-collection-2024\/","title":{"rendered":"Camelot \u2013 ours en peluche de collection Charlie Bears \u2013 Isabelle Collection 2024"},"content":{"rendered":"<p data-start=\"341\" data-end=\"1368\"><strong data-start=\"341\" data-end=\"352\">Camelot<\/strong> est un magnifique ours de collection issu de la prestigieuse <strong data-start=\"414\" data-end=\"442\">Isabelle Collection 2024<\/strong> de la marque <span class=\"hover:entity-accent entity-underline inline cursor-pointer align-baseline\"><span class=\"whitespace-normal\">Charlie Bears<\/span><\/span>. Imagin\u00e9 par la talentueuse cr\u00e9atrice <span class=\"hover:entity-accent entity-underline inline cursor-pointer align-baseline\"><span class=\"whitespace-normal\">Isabelle Lee<\/span><\/span>, cet ours incarne tout le raffinement et le savoir-faire artisanal qui caract\u00e9risent cette collection tr\u00e8s recherch\u00e9e. Camelot est confectionn\u00e9 \u00e0 partir de <strong data-start=\"726\" data-end=\"786\">deux fibres naturelles luxueuses : le mohair et l\u2019alpaga<\/strong>, offrant une fourrure dense, boucl\u00e9e et incroyablement douce. Ses nuances \u00e9l\u00e9gantes de <strong data-start=\"874\" data-end=\"894\">brun et de beige<\/strong> lui donnent un charme classique et intemporel. Son regard profond est soulign\u00e9 par de <strong data-start=\"981\" data-end=\"1017\">magnifiques yeux noirs brillants<\/strong>, tandis que son <strong data-start=\"1034\" data-end=\"1067\">nez brun cir\u00e9 cousu \u00e0 la main<\/strong> souligne la finesse de ses finitions. Pour compl\u00e9ter son allure noble, Camelot porte un <strong data-start=\"1156\" data-end=\"1198\">collier avec pendentif en forme de cl\u00e9<\/strong> accompagn\u00e9 d\u2019un <strong data-start=\"1215\" data-end=\"1236\">n\u0153ud brun \u00e9l\u00e9gant<\/strong>, ajoutant une touche symbolique et po\u00e9tique. Cet ours rare est une v\u00e9ritable pi\u00e8ce d\u2019exception pour les collectionneurs passionn\u00e9s.<\/p>\n<hr data-start=\"1370\" data-end=\"1373\" \/>\n<h3 data-section-id=\"1mgrlw8\" data-start=\"1375\" data-end=\"1401\"><strong data-start=\"1379\" data-end=\"1401\">D\u00e9tails du produit<\/strong><\/h3>\n<ul data-start=\"1402\" data-end=\"1967\">\n<li data-section-id=\"yi0z\" data-start=\"1402\" data-end=\"1423\">\n<p data-start=\"1404\" data-end=\"1423\"><strong data-start=\"1404\" data-end=\"1413\">Nom :<\/strong> Camelot<\/p>\n<\/li>\n<li data-section-id=\"u72rza\" data-start=\"1424\" data-end=\"1457\">\n<p data-start=\"1426\" data-end=\"1457\"><strong data-start=\"1426\" data-end=\"1436\">Type :<\/strong> Ours de collection<\/p>\n<\/li>\n<li data-section-id=\"1rpm1jm\" data-start=\"1458\" data-end=\"1488\">\n<p data-start=\"1460\" data-end=\"1488\"><strong data-start=\"1460\" data-end=\"1472\">Marque :<\/strong> Charlie Bears<\/p>\n<\/li>\n<li data-section-id=\"1woditr\" data-start=\"1489\" data-end=\"1534\">\n<p data-start=\"1491\" data-end=\"1534\"><strong data-start=\"1491\" data-end=\"1507\">Collection :<\/strong> Isabelle Collection 2024<\/p>\n<\/li>\n<li data-section-id=\"toqfmq\" data-start=\"1535\" data-end=\"1566\">\n<p data-start=\"1537\" data-end=\"1566\"><strong data-start=\"1537\" data-end=\"1551\">Cr\u00e9ation :<\/strong> Isabelle Lee<\/p>\n<\/li>\n<li data-section-id=\"1t03bsx\" data-start=\"1567\" data-end=\"1601\">\n<p data-start=\"1569\" data-end=\"1601\"><strong data-start=\"1569\" data-end=\"1581\">Taille :<\/strong> 32 cm \u2013 12,5 inch<\/p>\n<\/li>\n<li data-section-id=\"1rmhkb8\" data-start=\"1602\" data-end=\"1637\">\n<p data-start=\"1604\" data-end=\"1637\"><strong data-start=\"1604\" data-end=\"1618\">Mati\u00e8res :<\/strong> Mohair et Alpaga<\/p>\n<\/li>\n<li data-section-id=\"1hlgvq8\" data-start=\"1638\" data-end=\"1670\">\n<p data-start=\"1640\" data-end=\"1670\"><strong data-start=\"1640\" data-end=\"1654\">Couleurs :<\/strong> Brun et beige<\/p>\n<\/li>\n<li data-section-id=\"1lz86js\" data-start=\"1671\" data-end=\"1732\">\n<p data-start=\"1673\" data-end=\"1732\"><strong data-start=\"1673\" data-end=\"1690\">Accessoires :<\/strong> Collier avec pendentif cl\u00e9 et n\u0153ud brun<\/p>\n<\/li>\n<li data-section-id=\"k4lk5u\" data-start=\"1733\" data-end=\"1783\">\n<p data-start=\"1735\" data-end=\"1783\"><strong data-start=\"1735\" data-end=\"1754\">Articulations :<\/strong> 5 articulations classiques<\/p>\n<\/li>\n<li data-section-id=\"6gk6h5\" data-start=\"1784\" data-end=\"1835\">\n<p data-start=\"1786\" data-end=\"1835\"><strong data-start=\"1786\" data-end=\"1807\">\u00c9dition limit\u00e9e :<\/strong> 300 exemplaires num\u00e9rot\u00e9s<\/p>\n<\/li>\n<li data-section-id=\"7ybde9\" data-start=\"1836\" data-end=\"1860\">\n<p data-start=\"1838\" data-end=\"1860\"><strong data-start=\"1838\" data-end=\"1854\">Certificat :<\/strong> Oui<\/p>\n<\/li>\n<li data-section-id=\"i6absc\" data-start=\"1861\" data-end=\"1904\">\n<p data-start=\"1863\" data-end=\"1904\"><strong data-start=\"1863\" data-end=\"1878\">Packaging :<\/strong> Livr\u00e9 avec un sac brod\u00e9<\/p>\n<\/li>\n<li data-section-id=\"1j3hzwe\" data-start=\"1905\" data-end=\"1967\">\n<p data-start=\"1907\" data-end=\"1967\"><strong data-start=\"1907\" data-end=\"1927\">\u00c2ge recommand\u00e9 :<\/strong> 14 ans et + (collectionneurs adultes)<\/p>\n<\/li>\n<\/ul>\n<hr data-start=\"1969\" data-end=\"1972\" \/>\n<h3 data-section-id=\"13ml79g\" data-start=\"1974\" data-end=\"2017\"><strong data-start=\"1978\" data-end=\"2015\">Conclusion<\/strong><\/h3>\n<p data-start=\"2018\" data-end=\"2606\">Avec son m\u00e9lange de mati\u00e8res nobles, son regard expressif et ses accessoires \u00e9l\u00e9gants, <strong data-start=\"2105\" data-end=\"2116\">Camelot<\/strong> est une pi\u00e8ce de collection rare qui s\u00e9duira imm\u00e9diatement les amateurs d\u2019ours Charlie Bears. Sa production limit\u00e9e \u00e0 <strong data-start=\"2235\" data-end=\"2278\">seulement 300 exemplaires dans le monde<\/strong> en fait un objet pr\u00e9cieux \u00e0 ajouter \u00e0 toute collection.<br data-start=\"2334\" data-end=\"2337\" \/>En adoptant Camelot sur <strong data-start=\"2361\" data-end=\"2390\">Marielle au Pays des Ours<\/strong>, vous b\u00e9n\u00e9ficiez d\u2019un <strong data-start=\"2413\" data-end=\"2462\">service client r\u00e9actif, attentif et passionn\u00e9<\/strong>, garantissant une exp\u00e9rience d\u2019achat sereine et personnalis\u00e9e.<br data-start=\"2525\" data-end=\"2528\" \/>Une chose est certaine : <strong data-start=\"2553\" data-end=\"2606\">il y a toujours de la place pour un ours de plus\u2026<\/strong><\/p>\n","protected":false},"excerpt":{"rendered":"<p data-start=\"2661\" data-end=\"3626\"><strong data-start=\"2661\" data-end=\"2672\">Camelot<\/strong> est un ours de collection Charlie Bears issu de la prestigieuse <strong data-start=\"2737\" data-end=\"2765\">Isabelle Collection 2024<\/strong>. Cr\u00e9\u00e9 par Isabelle Lee, il est confectionn\u00e9 dans un m\u00e9lange luxueux de <strong data-start=\"2837\" data-end=\"2859\">mohair et d\u2019alpaga<\/strong>, deux fibres naturelles r\u00e9put\u00e9es pour leur douceur et leur finesse. Sa fourrure dense et l\u00e9g\u00e8rement boucl\u00e9e, aux nuances de brun et de beige, lui donne une allure \u00e9l\u00e9gante et chaleureuse. Son regard profond, ses <strong data-start=\"3072\" data-end=\"3096\">yeux noirs brillants<\/strong> et son <strong data-start=\"3104\" data-end=\"3132\">nez cir\u00e9 cousu \u00e0 la main<\/strong> t\u00e9moignent du soin apport\u00e9 \u00e0 chaque d\u00e9tail. Camelot est enti\u00e8rement articul\u00e9 et peut adopter diff\u00e9rentes poses, renfor\u00e7ant ainsi son charme et son caract\u00e8re unique. Il porte un <strong data-start=\"3310\" data-end=\"3352\">collier avec pendentif en forme de cl\u00e9<\/strong>, symbole d\u2019ouverture et de myst\u00e8re, ainsi qu\u2019un <strong data-start=\"3401\" data-end=\"3422\">n\u0153ud brun raffin\u00e9<\/strong> autour du cou. Avec seulement <strong data-start=\"3453\" data-end=\"3496\">300 exemplaires num\u00e9rot\u00e9s dans le monde<\/strong>, Camelot est une pi\u00e8ce rare destin\u00e9e aux collectionneurs adultes. Il est livr\u00e9 avec un sac brod\u00e9 et un certificat d\u2019authenticit\u00e9.<\/p>\n","protected":false},"featured_media":7354,"comment_status":"closed","ping_status":"closed","template":"","meta":{"_monsterinsights_skip_tracking":false,"_monsterinsights_sitenote_active":false,"_monsterinsights_sitenote_note":"","_monsterinsights_sitenote_category":0,"site-sidebar-layout":"default","site-content-layout":"","ast-site-content-layout":"default","site-content-style":"default","site-sidebar-style":"default","ast-global-header-display":"","ast-banner-title-visibility":"","ast-main-header-display":"","ast-hfb-above-header-display":"","ast-hfb-below-header-display":"","ast-hfb-mobile-header-display":"","site-post-title":"","ast-breadcrumbs-content":"","ast-featured-img":"","footer-sml-layout":"","ast-disable-related-posts":"","theme-transparent-header-meta":"default","adv-header-id-meta":"","stick-header-meta":"","header-above-stick-meta":"","header-main-stick-meta":"","header-below-stick-meta":"","astra-migrate-meta-layouts":"set","ast-page-background-enabled":"default","ast-page-background-meta":{"desktop":{"background-color":"","background-image":"","background-repeat":"repeat","background-position":"center center","background-size":"auto","background-attachment":"scroll","background-type":"","background-media":"","overlay-type":"","overlay-color":"","overlay-opacity":"","overlay-gradient":""},"tablet":{"background-color":"","background-image":"","background-repeat":"repeat","background-position":"center center","background-size":"auto","background-attachment":"scroll","background-type":"","background-media":"","overlay-type":"","overlay-color":"","overlay-opacity":"","overlay-gradient":""},"mobile":{"background-color":"","background-image":"","background-repeat":"repeat","background-position":"center center","background-size":"auto","background-attachment":"scroll","background-type":"","background-media":"","overlay-type":"","overlay-color":"","overlay-opacity":"","overlay-gradient":""}},"ast-content-background-meta":{"desktop":{"background-color":"var(--ast-global-color-5)","background-image":"","background-repeat":"repeat","background-position":"center center","background-size":"auto","background-attachment":"scroll","background-type":"","background-media":"","overlay-type":"","overlay-color":"","overlay-opacity":"","overlay-gradient":""},"tablet":{"background-color":"var(--ast-global-color-5)","background-image":"","background-repeat":"repeat","background-position":"center center","background-size":"auto","background-attachment":"scroll","background-type":"","background-media":"","overlay-type":"","overlay-color":"","overlay-opacity":"","overlay-gradient":""},"mobile":{"background-color":"var(--ast-global-color-5)","background-image":"","background-repeat":"repeat","background-position":"center center","background-size":"auto","background-attachment":"scroll","background-type":"","background-media":"","overlay-type":"","overlay-color":"","overlay-opacity":"","overlay-gradient":""}}},"product_brand":[],"product_cat":[56,42,30],"product_tag":[],"class_list":{"0":"post-7353","1":"product","2":"type-product","3":"status-publish","4":"has-post-thumbnail","6":"product_cat-animaux-de-la-foret","7":"product_cat-charlie-bears-peluches-collection","8":"product_cat-ours","9":"product_shipping_class-peluches-grande-taille","10":"desktop-align-center","11":"tablet-align-left","12":"mobile-align-left","14":"first","15":"instock","16":"shipping-taxable","17":"purchasable","18":"product-type-simple"},"yoast_head":"<!-- This site is optimized with the Yoast SEO plugin v27.5 - https:\/\/yoast.com\/product\/yoast-seo-wordpress\/ -->\n<title>Camelot \u2013 ours en peluche Charlie Bears \u2013 \u00e9dition limit\u00e9e<\/title>\n<meta name=\"description\" content=\"D\u00e9couvrez Camelot, ours de collection Charlie Bears en mohair et alpaga. Isabelle Collection 2024, \u00e9dition limit\u00e9e 300 pi\u00e8ces avec certificat.\" \/>\n<meta name=\"robots\" content=\"index, follow, max-snippet:-1, max-image-preview:large, max-video-preview:-1\" \/>\n<link rel=\"canonical\" href=\"https:\/\/marielleaupaysdesours.fr\/index.php\/product\/camelot-ours-en-peluche-de-collection-charlie-bears-isabelle-collection-2024\/\" \/>\n<meta property=\"og:locale\" content=\"fr_FR\" \/>\n<meta property=\"og:type\" content=\"article\" \/>\n<meta property=\"og:title\" content=\"Camelot \u2013 ours en peluche Charlie Bears \u2013 \u00e9dition limit\u00e9e\" \/>\n<meta property=\"og:description\" content=\"D\u00e9couvrez Camelot, ours de collection Charlie Bears en mohair et alpaga. Isabelle Collection 2024, \u00e9dition limit\u00e9e 300 pi\u00e8ces avec certificat.\" \/>\n<meta property=\"og:url\" content=\"https:\/\/marielleaupaysdesours.fr\/index.php\/product\/camelot-ours-en-peluche-de-collection-charlie-bears-isabelle-collection-2024\/\" \/>\n<meta property=\"og:site_name\" content=\"Marielle au Pays des Ours | Vente en ligne de peluches\" \/>\n<meta property=\"article:modified_time\" content=\"2026-03-06T08:49:42+00:00\" \/>\n<meta property=\"og:image\" content=\"https:\/\/marielleaupaysdesours.fr\/wp-content\/uploads\/2025\/12\/OIP-16.webp\" \/>\n\t<meta property=\"og:image:width\" content=\"375\" \/>\n\t<meta property=\"og:image:height\" content=\"430\" \/>\n\t<meta property=\"og:image:type\" content=\"image\/webp\" \/>\n<meta name=\"twitter:card\" content=\"summary_large_image\" \/>\n<meta name=\"twitter:label1\" content=\"Dur\u00e9e de lecture estim\u00e9e\" \/>\n\t<meta name=\"twitter:data1\" content=\"2 minutes\" \/>\n<script type=\"application\/ld+json\" class=\"yoast-schema-graph\">{\"@context\":\"https:\\\/\\\/schema.org\",\"@graph\":[{\"@type\":\"WebPage\",\"@id\":\"https:\\\/\\\/marielleaupaysdesours.fr\\\/index.php\\\/product\\\/camelot-ours-en-peluche-de-collection-charlie-bears-isabelle-collection-2024\\\/\",\"url\":\"https:\\\/\\\/marielleaupaysdesours.fr\\\/index.php\\\/product\\\/camelot-ours-en-peluche-de-collection-charlie-bears-isabelle-collection-2024\\\/\",\"name\":\"Camelot \u2013 ours en peluche Charlie Bears \u2013 \u00e9dition limit\u00e9e\",\"isPartOf\":{\"@id\":\"https:\\\/\\\/marielleaupaysdesours.fr\\\/#website\"},\"primaryImageOfPage\":{\"@id\":\"https:\\\/\\\/marielleaupaysdesours.fr\\\/index.php\\\/product\\\/camelot-ours-en-peluche-de-collection-charlie-bears-isabelle-collection-2024\\\/#primaryimage\"},\"image\":{\"@id\":\"https:\\\/\\\/marielleaupaysdesours.fr\\\/index.php\\\/product\\\/camelot-ours-en-peluche-de-collection-charlie-bears-isabelle-collection-2024\\\/#primaryimage\"},\"thumbnailUrl\":\"https:\\\/\\\/marielleaupaysdesours.fr\\\/wp-content\\\/uploads\\\/2025\\\/12\\\/OIP-16.webp\",\"datePublished\":\"2025-12-22T11:03:14+00:00\",\"dateModified\":\"2026-03-06T08:49:42+00:00\",\"description\":\"D\u00e9couvrez Camelot, ours de collection Charlie Bears en mohair et alpaga. Isabelle Collection 2024, \u00e9dition limit\u00e9e 300 pi\u00e8ces avec certificat.\",\"breadcrumb\":{\"@id\":\"https:\\\/\\\/marielleaupaysdesours.fr\\\/index.php\\\/product\\\/camelot-ours-en-peluche-de-collection-charlie-bears-isabelle-collection-2024\\\/#breadcrumb\"},\"inLanguage\":\"fr-FR\",\"potentialAction\":[{\"@type\":\"ReadAction\",\"target\":[\"https:\\\/\\\/marielleaupaysdesours.fr\\\/index.php\\\/product\\\/camelot-ours-en-peluche-de-collection-charlie-bears-isabelle-collection-2024\\\/\"]}]},{\"@type\":\"ImageObject\",\"inLanguage\":\"fr-FR\",\"@id\":\"https:\\\/\\\/marielleaupaysdesours.fr\\\/index.php\\\/product\\\/camelot-ours-en-peluche-de-collection-charlie-bears-isabelle-collection-2024\\\/#primaryimage\",\"url\":\"https:\\\/\\\/marielleaupaysdesours.fr\\\/wp-content\\\/uploads\\\/2025\\\/12\\\/OIP-16.webp\",\"contentUrl\":\"https:\\\/\\\/marielleaupaysdesours.fr\\\/wp-content\\\/uploads\\\/2025\\\/12\\\/OIP-16.webp\",\"width\":375,\"height\":430,\"caption\":\"Camelot \u2013 ours en peluche de collection Charlie Bears \u2013 Isabelle Collection 2024\"},{\"@type\":\"BreadcrumbList\",\"@id\":\"https:\\\/\\\/marielleaupaysdesours.fr\\\/index.php\\\/product\\\/camelot-ours-en-peluche-de-collection-charlie-bears-isabelle-collection-2024\\\/#breadcrumb\",\"itemListElement\":[{\"@type\":\"ListItem\",\"position\":1,\"name\":\"Accueil\",\"item\":\"https:\\\/\\\/marielleaupaysdesours.fr\\\/\"},{\"@type\":\"ListItem\",\"position\":2,\"name\":\"Shop\",\"item\":\"https:\\\/\\\/marielleaupaysdesours.fr\\\/index.php\\\/shop\\\/\"},{\"@type\":\"ListItem\",\"position\":3,\"name\":\"Camelot \u2013 ours en peluche de collection Charlie Bears \u2013 Isabelle Collection 2024\"}]},{\"@type\":\"WebSite\",\"@id\":\"https:\\\/\\\/marielleaupaysdesours.fr\\\/#website\",\"url\":\"https:\\\/\\\/marielleaupaysdesours.fr\\\/\",\"name\":\"Marielle au Pays des Ours | Vente en ligne de peluches\",\"description\":\"vente en ligne de peluches\",\"publisher\":{\"@id\":\"https:\\\/\\\/marielleaupaysdesours.fr\\\/#organization\"},\"potentialAction\":[{\"@type\":\"SearchAction\",\"target\":{\"@type\":\"EntryPoint\",\"urlTemplate\":\"https:\\\/\\\/marielleaupaysdesours.fr\\\/?s={search_term_string}\"},\"query-input\":{\"@type\":\"PropertyValueSpecification\",\"valueRequired\":true,\"valueName\":\"search_term_string\"}}],\"inLanguage\":\"fr-FR\"},{\"@type\":\"Organization\",\"@id\":\"https:\\\/\\\/marielleaupaysdesours.fr\\\/#organization\",\"name\":\"Marielle au Pays des Ours | Vente en ligne de peluches\",\"url\":\"https:\\\/\\\/marielleaupaysdesours.fr\\\/\",\"logo\":{\"@type\":\"ImageObject\",\"inLanguage\":\"fr-FR\",\"@id\":\"https:\\\/\\\/marielleaupaysdesours.fr\\\/#\\\/schema\\\/logo\\\/image\\\/\",\"url\":\"https:\\\/\\\/marielleaupaysdesours.fr\\\/wp-content\\\/uploads\\\/2020\\\/10\\\/logo-marielle-light.jpg\",\"contentUrl\":\"https:\\\/\\\/marielleaupaysdesours.fr\\\/wp-content\\\/uploads\\\/2020\\\/10\\\/logo-marielle-light.jpg\",\"width\":500,\"height\":500,\"caption\":\"Marielle au Pays des Ours | Vente en ligne de peluches\"},\"image\":{\"@id\":\"https:\\\/\\\/marielleaupaysdesours.fr\\\/#\\\/schema\\\/logo\\\/image\\\/\"}}]}<\/script>\n<!-- \/ Yoast SEO plugin. -->","yoast_head_json":{"title":"Camelot \u2013 ours en peluche Charlie Bears \u2013 \u00e9dition limit\u00e9e","description":"D\u00e9couvrez Camelot, ours de collection Charlie Bears en mohair et alpaga. Isabelle Collection 2024, \u00e9dition limit\u00e9e 300 pi\u00e8ces avec certificat.","robots":{"index":"index","follow":"follow","max-snippet":"max-snippet:-1","max-image-preview":"max-image-preview:large","max-video-preview":"max-video-preview:-1"},"canonical":"https:\/\/marielleaupaysdesours.fr\/index.php\/product\/camelot-ours-en-peluche-de-collection-charlie-bears-isabelle-collection-2024\/","og_locale":"fr_FR","og_type":"article","og_title":"Camelot \u2013 ours en peluche Charlie Bears \u2013 \u00e9dition limit\u00e9e","og_description":"D\u00e9couvrez Camelot, ours de collection Charlie Bears en mohair et alpaga. Isabelle Collection 2024, \u00e9dition limit\u00e9e 300 pi\u00e8ces avec certificat.","og_url":"https:\/\/marielleaupaysdesours.fr\/index.php\/product\/camelot-ours-en-peluche-de-collection-charlie-bears-isabelle-collection-2024\/","og_site_name":"Marielle au Pays des Ours | Vente en ligne de peluches","article_modified_time":"2026-03-06T08:49:42+00:00","og_image":[{"width":375,"height":430,"url":"https:\/\/marielleaupaysdesours.fr\/wp-content\/uploads\/2025\/12\/OIP-16.webp","type":"image\/webp"}],"twitter_card":"summary_large_image","twitter_misc":{"Dur\u00e9e de lecture estim\u00e9e":"2 minutes"},"schema":{"@context":"https:\/\/schema.org","@graph":[{"@type":"WebPage","@id":"https:\/\/marielleaupaysdesours.fr\/index.php\/product\/camelot-ours-en-peluche-de-collection-charlie-bears-isabelle-collection-2024\/","url":"https:\/\/marielleaupaysdesours.fr\/index.php\/product\/camelot-ours-en-peluche-de-collection-charlie-bears-isabelle-collection-2024\/","name":"Camelot \u2013 ours en peluche Charlie Bears \u2013 \u00e9dition limit\u00e9e","isPartOf":{"@id":"https:\/\/marielleaupaysdesours.fr\/#website"},"primaryImageOfPage":{"@id":"https:\/\/marielleaupaysdesours.fr\/index.php\/product\/camelot-ours-en-peluche-de-collection-charlie-bears-isabelle-collection-2024\/#primaryimage"},"image":{"@id":"https:\/\/marielleaupaysdesours.fr\/index.php\/product\/camelot-ours-en-peluche-de-collection-charlie-bears-isabelle-collection-2024\/#primaryimage"},"thumbnailUrl":"https:\/\/marielleaupaysdesours.fr\/wp-content\/uploads\/2025\/12\/OIP-16.webp","datePublished":"2025-12-22T11:03:14+00:00","dateModified":"2026-03-06T08:49:42+00:00","description":"D\u00e9couvrez Camelot, ours de collection Charlie Bears en mohair et alpaga. Isabelle Collection 2024, \u00e9dition limit\u00e9e 300 pi\u00e8ces avec certificat.","breadcrumb":{"@id":"https:\/\/marielleaupaysdesours.fr\/index.php\/product\/camelot-ours-en-peluche-de-collection-charlie-bears-isabelle-collection-2024\/#breadcrumb"},"inLanguage":"fr-FR","potentialAction":[{"@type":"ReadAction","target":["https:\/\/marielleaupaysdesours.fr\/index.php\/product\/camelot-ours-en-peluche-de-collection-charlie-bears-isabelle-collection-2024\/"]}]},{"@type":"ImageObject","inLanguage":"fr-FR","@id":"https:\/\/marielleaupaysdesours.fr\/index.php\/product\/camelot-ours-en-peluche-de-collection-charlie-bears-isabelle-collection-2024\/#primaryimage","url":"https:\/\/marielleaupaysdesours.fr\/wp-content\/uploads\/2025\/12\/OIP-16.webp","contentUrl":"https:\/\/marielleaupaysdesours.fr\/wp-content\/uploads\/2025\/12\/OIP-16.webp","width":375,"height":430,"caption":"Camelot \u2013 ours en peluche de collection Charlie Bears \u2013 Isabelle Collection 2024"},{"@type":"BreadcrumbList","@id":"https:\/\/marielleaupaysdesours.fr\/index.php\/product\/camelot-ours-en-peluche-de-collection-charlie-bears-isabelle-collection-2024\/#breadcrumb","itemListElement":[{"@type":"ListItem","position":1,"name":"Accueil","item":"https:\/\/marielleaupaysdesours.fr\/"},{"@type":"ListItem","position":2,"name":"Shop","item":"https:\/\/marielleaupaysdesours.fr\/index.php\/shop\/"},{"@type":"ListItem","position":3,"name":"Camelot \u2013 ours en peluche de collection Charlie Bears \u2013 Isabelle Collection 2024"}]},{"@type":"WebSite","@id":"https:\/\/marielleaupaysdesours.fr\/#website","url":"https:\/\/marielleaupaysdesours.fr\/","name":"Marielle au Pays des Ours | Vente en ligne de peluches","description":"vente en ligne de peluches","publisher":{"@id":"https:\/\/marielleaupaysdesours.fr\/#organization"},"potentialAction":[{"@type":"SearchAction","target":{"@type":"EntryPoint","urlTemplate":"https:\/\/marielleaupaysdesours.fr\/?s={search_term_string}"},"query-input":{"@type":"PropertyValueSpecification","valueRequired":true,"valueName":"search_term_string"}}],"inLanguage":"fr-FR"},{"@type":"Organization","@id":"https:\/\/marielleaupaysdesours.fr\/#organization","name":"Marielle au Pays des Ours | Vente en ligne de peluches","url":"https:\/\/marielleaupaysdesours.fr\/","logo":{"@type":"ImageObject","inLanguage":"fr-FR","@id":"https:\/\/marielleaupaysdesours.fr\/#\/schema\/logo\/image\/","url":"https:\/\/marielleaupaysdesours.fr\/wp-content\/uploads\/2020\/10\/logo-marielle-light.jpg","contentUrl":"https:\/\/marielleaupaysdesours.fr\/wp-content\/uploads\/2020\/10\/logo-marielle-light.jpg","width":500,"height":500,"caption":"Marielle au Pays des Ours | Vente en ligne de peluches"},"image":{"@id":"https:\/\/marielleaupaysdesours.fr\/#\/schema\/logo\/image\/"}}]}},"jetpack_sharing_enabled":true,"_links":{"self":[{"href":"https:\/\/marielleaupaysdesours.fr\/index.php\/wp-json\/wp\/v2\/product\/7353","targetHints":{"allow":["GET"]}}],"collection":[{"href":"https:\/\/marielleaupaysdesours.fr\/index.php\/wp-json\/wp\/v2\/product"}],"about":[{"href":"https:\/\/marielleaupaysdesours.fr\/index.php\/wp-json\/wp\/v2\/types\/product"}],"replies":[{"embeddable":true,"href":"https:\/\/marielleaupaysdesours.fr\/index.php\/wp-json\/wp\/v2\/comments?post=7353"}],"version-history":[{"count":4,"href":"https:\/\/marielleaupaysdesours.fr\/index.php\/wp-json\/wp\/v2\/product\/7353\/revisions"}],"predecessor-version":[{"id":7478,"href":"https:\/\/marielleaupaysdesours.fr\/index.php\/wp-json\/wp\/v2\/product\/7353\/revisions\/7478"}],"wp:featuredmedia":[{"embeddable":true,"href":"https:\/\/marielleaupaysdesours.fr\/index.php\/wp-json\/wp\/v2\/media\/7354"}],"wp:attachment":[{"href":"https:\/\/marielleaupaysdesours.fr\/index.php\/wp-json\/wp\/v2\/media?parent=7353"}],"wp:term":[{"taxonomy":"product_brand","embeddable":true,"href":"https:\/\/marielleaupaysdesours.fr\/index.php\/wp-json\/wp\/v2\/product_brand?post=7353"},{"taxonomy":"product_cat","embeddable":true,"href":"https:\/\/marielleaupaysdesours.fr\/index.php\/wp-json\/wp\/v2\/product_cat?post=7353"},{"taxonomy":"product_tag","embeddable":true,"href":"https:\/\/marielleaupaysdesours.fr\/index.php\/wp-json\/wp\/v2\/product_tag?post=7353"}],"curies":[{"name":"wp","href":"https:\/\/api.w.org\/{rel}","templated":true}]}}