{"id":7193,"date":"2025-11-27T15:30:54","date_gmt":"2025-11-27T14:30:54","guid":{"rendered":"https:\/\/marielleaupaysdesours.fr\/?post_type=product&#038;p=7193"},"modified":"2025-12-27T10:43:26","modified_gmt":"2025-12-27T09:43:26","slug":"lion-en-peluche-anniversary-linus-charlie-bears-collection-our-journey-so-far-2025","status":"publish","type":"product","link":"https:\/\/marielleaupaysdesours.fr\/index.php\/product\/lion-en-peluche-anniversary-linus-charlie-bears-collection-our-journey-so-far-2025\/","title":{"rendered":"Lion en peluche Anniversary Linus \u2013 Charlie Bears \u2013 Collection Our Journey So Far 2025"},"content":{"rendered":"<p data-start=\"141\" data-end=\"1064\">Pour c\u00e9l\u00e9brer son <strong data-start=\"159\" data-end=\"179\">20\u1d49 anniversaire<\/strong>, <strong data-start=\"181\" data-end=\"198\">Charlie Bears<\/strong> ravive la magie d\u2019un personnage embl\u00e9matique : <strong data-start=\"246\" data-end=\"255\">Linus<\/strong>, le lion en peluche bien-aim\u00e9 de la collection 2014, revient dans une version <strong data-start=\"323\" data-end=\"338\">Anniversary<\/strong> encore plus douce et attachante. Ce somptueux f\u00e9lin, baptis\u00e9 <strong data-start=\"400\" data-end=\"421\">Anniversary Linus<\/strong>, arbore un somptueux pelage <strong data-start=\"450\" data-end=\"466\">brun caramel<\/strong> \u00e0 poils courts, sublim\u00e9 par une <strong data-start=\"499\" data-end=\"538\">crini\u00e8re et une queue \u00e0 longs poils<\/strong> lui conf\u00e9rant allure et majest\u00e9. Ainsi, chaque d\u00e9tail, du <strong data-start=\"590\" data-end=\"613\">nez brod\u00e9 \u00e0 la main<\/strong> jusqu\u2019aux <strong data-start=\"624\" data-end=\"662\">coussinets d\u00e9licatement travaill\u00e9s<\/strong>, refl\u00e8te l\u2019exceptionnel savoir-faire artisanal de la maison <a href=\"https:\/\/marielleaupaysdesours.fr\/index.php\/peluches-charlie-bears\/\"><strong data-start=\"723\" data-end=\"740\">Charlie Bears<\/strong><\/a>. Doux, expressif et articul\u00e9, <strong data-start=\"771\" data-end=\"780\">Linus<\/strong> capture \u00e0 merveille l\u2019\u00e9l\u00e9gance sauvage du roi de la savane tout en offrant une tendresse infinie. Enfin, orn\u00e9 d\u2019un <strong data-start=\"889\" data-end=\"916\">pendentif autour du cou<\/strong>, il se pr\u00e9sente comme une pi\u00e8ce de collection pleine de charme et de nostalgie, id\u00e9ale pour f\u00eater cette belle \u00e9tape dans l\u2019histoire de la marque.<\/p>\n<h3 data-start=\"1071\" data-end=\"1100\"><\/h3>\n<h3 data-start=\"1071\" data-end=\"1100\"><strong data-start=\"1078\" data-end=\"1100\">D\u00e9tails du produit Lion en peluche Anniversary Linus<\/strong><\/h3>\n<ul data-start=\"1101\" data-end=\"1600\">\n<li data-start=\"1101\" data-end=\"1132\">\n<p data-start=\"1103\" data-end=\"1132\"><strong data-start=\"1103\" data-end=\"1112\">Nom :<\/strong> Anniversary Linus<\/p>\n<\/li>\n<li data-start=\"1133\" data-end=\"1163\">\n<p data-start=\"1135\" data-end=\"1163\"><strong data-start=\"1135\" data-end=\"1147\">Marque :<\/strong> Charlie Bears<\/p>\n<\/li>\n<li data-start=\"1164\" data-end=\"1208\">\n<p data-start=\"1166\" data-end=\"1208\"><strong data-start=\"1166\" data-end=\"1182\">Collection :<\/strong> Our Journey So Far 2025<\/p>\n<\/li>\n<li data-start=\"1209\" data-end=\"1244\">\n<p data-start=\"1211\" data-end=\"1244\"><strong data-start=\"1211\" data-end=\"1225\">Cr\u00e9ation :<\/strong> Charlotte Morris<\/p>\n<\/li>\n<li data-start=\"1245\" data-end=\"1277\">\n<p data-start=\"1247\" data-end=\"1277\"><strong data-start=\"1247\" data-end=\"1259\">Taille :<\/strong> 33 cm \u2013 13 inch<\/p>\n<\/li>\n<li data-start=\"1278\" data-end=\"1334\">\n<p data-start=\"1280\" data-end=\"1334\"><strong data-start=\"1280\" data-end=\"1293\">Mati\u00e8re :<\/strong> Peluche courte et longue, brun caramel<\/p>\n<\/li>\n<li data-start=\"1335\" data-end=\"1392\">\n<p data-start=\"1337\" data-end=\"1392\"><strong data-start=\"1337\" data-end=\"1350\">D\u00e9tails :<\/strong> Nez, bouche et orteils brod\u00e9s \u00e0 la main<\/p>\n<\/li>\n<li data-start=\"1393\" data-end=\"1437\">\n<p data-start=\"1395\" data-end=\"1437\"><strong data-start=\"1395\" data-end=\"1411\">Accessoire :<\/strong> Pendentif autour du cou<\/p>\n<\/li>\n<li data-start=\"1438\" data-end=\"1488\">\n<p data-start=\"1440\" data-end=\"1488\"><strong data-start=\"1440\" data-end=\"1459\">Articulations :<\/strong> 5 articulations classiques<\/p>\n<\/li>\n<li data-start=\"1489\" data-end=\"1538\">\n<p data-start=\"1491\" data-end=\"1538\"><strong data-start=\"1491\" data-end=\"1506\">Entretien :<\/strong> Lavage d\u00e9licat 30\u00b0 en surface<\/p>\n<\/li>\n<li data-start=\"1539\" data-end=\"1573\">\n<p data-start=\"1541\" data-end=\"1573\"><strong data-start=\"1541\" data-end=\"1561\">\u00c2ge recommand\u00e9 :<\/strong> D\u00e8s 3 ans<\/p>\n<\/li>\n<li data-start=\"1574\" data-end=\"1600\">\n<p data-start=\"1576\" data-end=\"1600\"><strong data-start=\"1576\" data-end=\"1588\">Normes :<\/strong> CE \/ EN71<\/p>\n<\/li>\n<\/ul>\n<h3 data-start=\"1607\" data-end=\"1653\"><\/h3>\n<p data-start=\"1654\" data-end=\"2256\">Alors, avec le lion en peluche <strong data-start=\"1659\" data-end=\"1680\">Anniversary Linus<\/strong>, <strong data-start=\"1682\" data-end=\"1699\">Charlie Bears<\/strong> rend hommage \u00e0 deux d\u00e9cennies de cr\u00e9ation, de passion et d\u2019\u00e9motion. Ainsi,\u00a0 ce lion en peluche plein de prestance allie douceur et caract\u00e8re, et s\u00e9duit par son regard tendre et sa qualit\u00e9 de confection exceptionnelle. Et il est parfait pour les collectionneurs comme pour les amateurs de peluches d\u2019exception. Ainsi, <strong data-start=\"1992\" data-end=\"2001\">Linus<\/strong> s\u2019impose comme un symbole de fid\u00e9lit\u00e9 et de raffinement. Chez <strong data-start=\"2064\" data-end=\"2093\">Marielle au Pays des Ours<\/strong>, profitez d\u2019un <strong data-start=\"2109\" data-end=\"2147\">service client attentif et r\u00e9actif<\/strong>, pour un achat serein et personnalis\u00e9.<br data-start=\"2186\" data-end=\"2189\" \/>Il y a toujours de la place pour un ours\u2026 ou un lion de plus ! \ud83e\udd81<\/p>\n","protected":false},"excerpt":{"rendered":"<p>Pour c\u00e9l\u00e9brer ses 20 ans, <strong data-start=\"2339\" data-end=\"2356\">Charlie Bears<\/strong> r\u00e9\u00e9dite l\u2019un de ses personnages les plus aim\u00e9s : <strong data-start=\"2406\" data-end=\"2415\">Linus<\/strong>, le lion iconique, revient dans une version <strong data-start=\"2460\" data-end=\"2475\">Anniversary<\/strong> pleine de charme. Confectionn\u00e9 \u00e0 partir d\u2019une <strong data-start=\"2522\" data-end=\"2555\">peluche luxueuse brun caramel<\/strong>, ce lion m\u00eale poils courts pour le corps et poils longs pour la crini\u00e8re et la queue, offrant un rendu d\u2019un r\u00e9alisme et d\u2019une douceur remarquables. Ses <strong data-start=\"2708\" data-end=\"2736\">d\u00e9tails brod\u00e9s \u00e0 la main<\/strong> sur le nez, la bouche et les pattes t\u00e9moignent d\u2019un savoir-faire artisanal d\u2019exception. Enti\u00e8rement <strong data-start=\"2837\" data-end=\"2849\">articul\u00e9<\/strong> et orn\u00e9 d\u2019un <strong data-start=\"2863\" data-end=\"2884\">pendentif \u00e9l\u00e9gant<\/strong>, <strong data-start=\"2886\" data-end=\"2907\">Anniversary Linus<\/strong> s\u00e9duit par son allure noble et son regard attendrissant. Avec ses <strong data-start=\"2974\" data-end=\"2996\">33 cm de tendresse<\/strong>, il trouvera ais\u00e9ment sa place dans votre collection ou dans les bras d\u2019un passionn\u00e9.<br data-start=\"3082\" data-end=\"3085\" \/>Un compagnon royal, symbole d\u2019histoire et d\u2019\u00e9motion, \u00e0 adopter sans attendre !<\/p>\n","protected":false},"featured_media":7194,"comment_status":"closed","ping_status":"closed","template":"","meta":{"_monsterinsights_skip_tracking":false,"_monsterinsights_sitenote_active":false,"_monsterinsights_sitenote_note":"","_monsterinsights_sitenote_category":0,"site-sidebar-layout":"default","site-content-layout":"","ast-site-content-layout":"default","site-content-style":"default","site-sidebar-style":"default","ast-global-header-display":"","ast-banner-title-visibility":"","ast-main-header-display":"","ast-hfb-above-header-display":"","ast-hfb-below-header-display":"","ast-hfb-mobile-header-display":"","site-post-title":"","ast-breadcrumbs-content":"","ast-featured-img":"","footer-sml-layout":"","ast-disable-related-posts":"","theme-transparent-header-meta":"default","adv-header-id-meta":"","stick-header-meta":"","header-above-stick-meta":"","header-main-stick-meta":"","header-below-stick-meta":"","astra-migrate-meta-layouts":"set","ast-page-background-enabled":"default","ast-page-background-meta":{"desktop":{"background-color":"","background-image":"","background-repeat":"repeat","background-position":"center center","background-size":"auto","background-attachment":"scroll","background-type":"","background-media":"","overlay-type":"","overlay-color":"","overlay-opacity":"","overlay-gradient":""},"tablet":{"background-color":"","background-image":"","background-repeat":"repeat","background-position":"center center","background-size":"auto","background-attachment":"scroll","background-type":"","background-media":"","overlay-type":"","overlay-color":"","overlay-opacity":"","overlay-gradient":""},"mobile":{"background-color":"","background-image":"","background-repeat":"repeat","background-position":"center center","background-size":"auto","background-attachment":"scroll","background-type":"","background-media":"","overlay-type":"","overlay-color":"","overlay-opacity":"","overlay-gradient":""}},"ast-content-background-meta":{"desktop":{"background-color":"var(--ast-global-color-5)","background-image":"","background-repeat":"repeat","background-position":"center center","background-size":"auto","background-attachment":"scroll","background-type":"","background-media":"","overlay-type":"","overlay-color":"","overlay-opacity":"","overlay-gradient":""},"tablet":{"background-color":"var(--ast-global-color-5)","background-image":"","background-repeat":"repeat","background-position":"center center","background-size":"auto","background-attachment":"scroll","background-type":"","background-media":"","overlay-type":"","overlay-color":"","overlay-opacity":"","overlay-gradient":""},"mobile":{"background-color":"var(--ast-global-color-5)","background-image":"","background-repeat":"repeat","background-position":"center center","background-size":"auto","background-attachment":"scroll","background-type":"","background-media":"","overlay-type":"","overlay-color":"","overlay-opacity":"","overlay-gradient":""}}},"product_brand":[66],"product_cat":[42,28],"product_tag":[],"class_list":{"0":"post-7193","1":"product","2":"type-product","3":"status-publish","4":"has-post-thumbnail","6":"product_brand-charlie-bears","7":"product_cat-charlie-bears-peluches-collection","8":"product_cat-peluches","9":"product_shipping_class-peluches-grande-taille","10":"desktop-align-center","11":"tablet-align-left","12":"mobile-align-left","14":"first","15":"instock","16":"shipping-taxable","17":"purchasable","18":"product-type-simple"},"yoast_head":"<!-- This site is optimized with the Yoast SEO plugin v27.5 - https:\/\/yoast.com\/product\/yoast-seo-wordpress\/ -->\n<title>Lion en peluche Anniversary Linus \u2013 Charlie Bears \u00c9dition sp\u00e9ciale<\/title>\n<meta name=\"description\" content=\"D\u00e9couvrez Anniversary Linus, le lion en peluche Charlie Bears 2025. Peluche caramel \u00e0 crini\u00e8re longue, articul\u00e9e et brod\u00e9e \u00e0 la main. \u00c9dition sp\u00e9ciale.\" \/>\n<meta name=\"robots\" content=\"index, follow, max-snippet:-1, max-image-preview:large, max-video-preview:-1\" \/>\n<link rel=\"canonical\" href=\"https:\/\/marielleaupaysdesours.fr\/index.php\/product\/lion-en-peluche-anniversary-linus-charlie-bears-collection-our-journey-so-far-2025\/\" \/>\n<meta property=\"og:locale\" content=\"fr_FR\" \/>\n<meta property=\"og:type\" content=\"article\" \/>\n<meta property=\"og:title\" content=\"Lion en peluche Anniversary Linus \u2013 Charlie Bears \u00c9dition sp\u00e9ciale\" \/>\n<meta property=\"og:description\" content=\"D\u00e9couvrez Anniversary Linus, le lion en peluche Charlie Bears 2025. Peluche caramel \u00e0 crini\u00e8re longue, articul\u00e9e et brod\u00e9e \u00e0 la main. \u00c9dition sp\u00e9ciale.\" \/>\n<meta property=\"og:url\" content=\"https:\/\/marielleaupaysdesours.fr\/index.php\/product\/lion-en-peluche-anniversary-linus-charlie-bears-collection-our-journey-so-far-2025\/\" \/>\n<meta property=\"og:site_name\" content=\"Marielle au Pays des Ours | Vente en ligne de peluches\" \/>\n<meta property=\"article:modified_time\" content=\"2025-12-27T09:43:26+00:00\" \/>\n<meta property=\"og:image\" content=\"https:\/\/marielleaupaysdesours.fr\/wp-content\/uploads\/2025\/11\/OIP-11.webp\" \/>\n\t<meta property=\"og:image:width\" content=\"474\" \/>\n\t<meta property=\"og:image:height\" content=\"638\" \/>\n\t<meta property=\"og:image:type\" content=\"image\/webp\" \/>\n<meta name=\"twitter:card\" content=\"summary_large_image\" \/>\n<meta name=\"twitter:label1\" content=\"Dur\u00e9e de lecture estim\u00e9e\" \/>\n\t<meta name=\"twitter:data1\" content=\"2 minutes\" \/>\n<script type=\"application\/ld+json\" class=\"yoast-schema-graph\">{\"@context\":\"https:\\\/\\\/schema.org\",\"@graph\":[{\"@type\":\"WebPage\",\"@id\":\"https:\\\/\\\/marielleaupaysdesours.fr\\\/index.php\\\/product\\\/lion-en-peluche-anniversary-linus-charlie-bears-collection-our-journey-so-far-2025\\\/\",\"url\":\"https:\\\/\\\/marielleaupaysdesours.fr\\\/index.php\\\/product\\\/lion-en-peluche-anniversary-linus-charlie-bears-collection-our-journey-so-far-2025\\\/\",\"name\":\"Lion en peluche Anniversary Linus \u2013 Charlie Bears \u00c9dition sp\u00e9ciale\",\"isPartOf\":{\"@id\":\"https:\\\/\\\/marielleaupaysdesours.fr\\\/#website\"},\"primaryImageOfPage\":{\"@id\":\"https:\\\/\\\/marielleaupaysdesours.fr\\\/index.php\\\/product\\\/lion-en-peluche-anniversary-linus-charlie-bears-collection-our-journey-so-far-2025\\\/#primaryimage\"},\"image\":{\"@id\":\"https:\\\/\\\/marielleaupaysdesours.fr\\\/index.php\\\/product\\\/lion-en-peluche-anniversary-linus-charlie-bears-collection-our-journey-so-far-2025\\\/#primaryimage\"},\"thumbnailUrl\":\"https:\\\/\\\/marielleaupaysdesours.fr\\\/wp-content\\\/uploads\\\/2025\\\/11\\\/OIP-11.webp\",\"datePublished\":\"2025-11-27T14:30:54+00:00\",\"dateModified\":\"2025-12-27T09:43:26+00:00\",\"description\":\"D\u00e9couvrez Anniversary Linus, le lion en peluche Charlie Bears 2025. Peluche caramel \u00e0 crini\u00e8re longue, articul\u00e9e et brod\u00e9e \u00e0 la main. \u00c9dition sp\u00e9ciale.\",\"breadcrumb\":{\"@id\":\"https:\\\/\\\/marielleaupaysdesours.fr\\\/index.php\\\/product\\\/lion-en-peluche-anniversary-linus-charlie-bears-collection-our-journey-so-far-2025\\\/#breadcrumb\"},\"inLanguage\":\"fr-FR\",\"potentialAction\":[{\"@type\":\"ReadAction\",\"target\":[\"https:\\\/\\\/marielleaupaysdesours.fr\\\/index.php\\\/product\\\/lion-en-peluche-anniversary-linus-charlie-bears-collection-our-journey-so-far-2025\\\/\"]}]},{\"@type\":\"ImageObject\",\"inLanguage\":\"fr-FR\",\"@id\":\"https:\\\/\\\/marielleaupaysdesours.fr\\\/index.php\\\/product\\\/lion-en-peluche-anniversary-linus-charlie-bears-collection-our-journey-so-far-2025\\\/#primaryimage\",\"url\":\"https:\\\/\\\/marielleaupaysdesours.fr\\\/wp-content\\\/uploads\\\/2025\\\/11\\\/OIP-11.webp\",\"contentUrl\":\"https:\\\/\\\/marielleaupaysdesours.fr\\\/wp-content\\\/uploads\\\/2025\\\/11\\\/OIP-11.webp\",\"width\":474,\"height\":638,\"caption\":\"Lion en peluche Anniversary Linus \u2013 Charlie Bears \u2013 Collection Our Journey So Far 2025\"},{\"@type\":\"BreadcrumbList\",\"@id\":\"https:\\\/\\\/marielleaupaysdesours.fr\\\/index.php\\\/product\\\/lion-en-peluche-anniversary-linus-charlie-bears-collection-our-journey-so-far-2025\\\/#breadcrumb\",\"itemListElement\":[{\"@type\":\"ListItem\",\"position\":1,\"name\":\"Accueil\",\"item\":\"https:\\\/\\\/marielleaupaysdesours.fr\\\/\"},{\"@type\":\"ListItem\",\"position\":2,\"name\":\"Shop\",\"item\":\"https:\\\/\\\/marielleaupaysdesours.fr\\\/index.php\\\/shop\\\/\"},{\"@type\":\"ListItem\",\"position\":3,\"name\":\"Lion en peluche Anniversary Linus \u2013 Charlie Bears \u2013 Collection Our Journey So Far 2025\"}]},{\"@type\":\"WebSite\",\"@id\":\"https:\\\/\\\/marielleaupaysdesours.fr\\\/#website\",\"url\":\"https:\\\/\\\/marielleaupaysdesours.fr\\\/\",\"name\":\"Marielle au Pays des Ours | Vente en ligne de peluches\",\"description\":\"vente en ligne de peluches\",\"publisher\":{\"@id\":\"https:\\\/\\\/marielleaupaysdesours.fr\\\/#organization\"},\"potentialAction\":[{\"@type\":\"SearchAction\",\"target\":{\"@type\":\"EntryPoint\",\"urlTemplate\":\"https:\\\/\\\/marielleaupaysdesours.fr\\\/?s={search_term_string}\"},\"query-input\":{\"@type\":\"PropertyValueSpecification\",\"valueRequired\":true,\"valueName\":\"search_term_string\"}}],\"inLanguage\":\"fr-FR\"},{\"@type\":\"Organization\",\"@id\":\"https:\\\/\\\/marielleaupaysdesours.fr\\\/#organization\",\"name\":\"Marielle au Pays des Ours | Vente en ligne de peluches\",\"url\":\"https:\\\/\\\/marielleaupaysdesours.fr\\\/\",\"logo\":{\"@type\":\"ImageObject\",\"inLanguage\":\"fr-FR\",\"@id\":\"https:\\\/\\\/marielleaupaysdesours.fr\\\/#\\\/schema\\\/logo\\\/image\\\/\",\"url\":\"https:\\\/\\\/marielleaupaysdesours.fr\\\/wp-content\\\/uploads\\\/2020\\\/10\\\/logo-marielle-light.jpg\",\"contentUrl\":\"https:\\\/\\\/marielleaupaysdesours.fr\\\/wp-content\\\/uploads\\\/2020\\\/10\\\/logo-marielle-light.jpg\",\"width\":500,\"height\":500,\"caption\":\"Marielle au Pays des Ours | Vente en ligne de peluches\"},\"image\":{\"@id\":\"https:\\\/\\\/marielleaupaysdesours.fr\\\/#\\\/schema\\\/logo\\\/image\\\/\"}}]}<\/script>\n<!-- \/ Yoast SEO plugin. -->","yoast_head_json":{"title":"Lion en peluche Anniversary Linus \u2013 Charlie Bears \u00c9dition sp\u00e9ciale","description":"D\u00e9couvrez Anniversary Linus, le lion en peluche Charlie Bears 2025. Peluche caramel \u00e0 crini\u00e8re longue, articul\u00e9e et brod\u00e9e \u00e0 la main. \u00c9dition sp\u00e9ciale.","robots":{"index":"index","follow":"follow","max-snippet":"max-snippet:-1","max-image-preview":"max-image-preview:large","max-video-preview":"max-video-preview:-1"},"canonical":"https:\/\/marielleaupaysdesours.fr\/index.php\/product\/lion-en-peluche-anniversary-linus-charlie-bears-collection-our-journey-so-far-2025\/","og_locale":"fr_FR","og_type":"article","og_title":"Lion en peluche Anniversary Linus \u2013 Charlie Bears \u00c9dition sp\u00e9ciale","og_description":"D\u00e9couvrez Anniversary Linus, le lion en peluche Charlie Bears 2025. Peluche caramel \u00e0 crini\u00e8re longue, articul\u00e9e et brod\u00e9e \u00e0 la main. \u00c9dition sp\u00e9ciale.","og_url":"https:\/\/marielleaupaysdesours.fr\/index.php\/product\/lion-en-peluche-anniversary-linus-charlie-bears-collection-our-journey-so-far-2025\/","og_site_name":"Marielle au Pays des Ours | Vente en ligne de peluches","article_modified_time":"2025-12-27T09:43:26+00:00","og_image":[{"width":474,"height":638,"url":"https:\/\/marielleaupaysdesours.fr\/wp-content\/uploads\/2025\/11\/OIP-11.webp","type":"image\/webp"}],"twitter_card":"summary_large_image","twitter_misc":{"Dur\u00e9e de lecture estim\u00e9e":"2 minutes"},"schema":{"@context":"https:\/\/schema.org","@graph":[{"@type":"WebPage","@id":"https:\/\/marielleaupaysdesours.fr\/index.php\/product\/lion-en-peluche-anniversary-linus-charlie-bears-collection-our-journey-so-far-2025\/","url":"https:\/\/marielleaupaysdesours.fr\/index.php\/product\/lion-en-peluche-anniversary-linus-charlie-bears-collection-our-journey-so-far-2025\/","name":"Lion en peluche Anniversary Linus \u2013 Charlie Bears \u00c9dition sp\u00e9ciale","isPartOf":{"@id":"https:\/\/marielleaupaysdesours.fr\/#website"},"primaryImageOfPage":{"@id":"https:\/\/marielleaupaysdesours.fr\/index.php\/product\/lion-en-peluche-anniversary-linus-charlie-bears-collection-our-journey-so-far-2025\/#primaryimage"},"image":{"@id":"https:\/\/marielleaupaysdesours.fr\/index.php\/product\/lion-en-peluche-anniversary-linus-charlie-bears-collection-our-journey-so-far-2025\/#primaryimage"},"thumbnailUrl":"https:\/\/marielleaupaysdesours.fr\/wp-content\/uploads\/2025\/11\/OIP-11.webp","datePublished":"2025-11-27T14:30:54+00:00","dateModified":"2025-12-27T09:43:26+00:00","description":"D\u00e9couvrez Anniversary Linus, le lion en peluche Charlie Bears 2025. Peluche caramel \u00e0 crini\u00e8re longue, articul\u00e9e et brod\u00e9e \u00e0 la main. \u00c9dition sp\u00e9ciale.","breadcrumb":{"@id":"https:\/\/marielleaupaysdesours.fr\/index.php\/product\/lion-en-peluche-anniversary-linus-charlie-bears-collection-our-journey-so-far-2025\/#breadcrumb"},"inLanguage":"fr-FR","potentialAction":[{"@type":"ReadAction","target":["https:\/\/marielleaupaysdesours.fr\/index.php\/product\/lion-en-peluche-anniversary-linus-charlie-bears-collection-our-journey-so-far-2025\/"]}]},{"@type":"ImageObject","inLanguage":"fr-FR","@id":"https:\/\/marielleaupaysdesours.fr\/index.php\/product\/lion-en-peluche-anniversary-linus-charlie-bears-collection-our-journey-so-far-2025\/#primaryimage","url":"https:\/\/marielleaupaysdesours.fr\/wp-content\/uploads\/2025\/11\/OIP-11.webp","contentUrl":"https:\/\/marielleaupaysdesours.fr\/wp-content\/uploads\/2025\/11\/OIP-11.webp","width":474,"height":638,"caption":"Lion en peluche Anniversary Linus \u2013 Charlie Bears \u2013 Collection Our Journey So Far 2025"},{"@type":"BreadcrumbList","@id":"https:\/\/marielleaupaysdesours.fr\/index.php\/product\/lion-en-peluche-anniversary-linus-charlie-bears-collection-our-journey-so-far-2025\/#breadcrumb","itemListElement":[{"@type":"ListItem","position":1,"name":"Accueil","item":"https:\/\/marielleaupaysdesours.fr\/"},{"@type":"ListItem","position":2,"name":"Shop","item":"https:\/\/marielleaupaysdesours.fr\/index.php\/shop\/"},{"@type":"ListItem","position":3,"name":"Lion en peluche Anniversary Linus \u2013 Charlie Bears \u2013 Collection Our Journey So Far 2025"}]},{"@type":"WebSite","@id":"https:\/\/marielleaupaysdesours.fr\/#website","url":"https:\/\/marielleaupaysdesours.fr\/","name":"Marielle au Pays des Ours | Vente en ligne de peluches","description":"vente en ligne de peluches","publisher":{"@id":"https:\/\/marielleaupaysdesours.fr\/#organization"},"potentialAction":[{"@type":"SearchAction","target":{"@type":"EntryPoint","urlTemplate":"https:\/\/marielleaupaysdesours.fr\/?s={search_term_string}"},"query-input":{"@type":"PropertyValueSpecification","valueRequired":true,"valueName":"search_term_string"}}],"inLanguage":"fr-FR"},{"@type":"Organization","@id":"https:\/\/marielleaupaysdesours.fr\/#organization","name":"Marielle au Pays des Ours | Vente en ligne de peluches","url":"https:\/\/marielleaupaysdesours.fr\/","logo":{"@type":"ImageObject","inLanguage":"fr-FR","@id":"https:\/\/marielleaupaysdesours.fr\/#\/schema\/logo\/image\/","url":"https:\/\/marielleaupaysdesours.fr\/wp-content\/uploads\/2020\/10\/logo-marielle-light.jpg","contentUrl":"https:\/\/marielleaupaysdesours.fr\/wp-content\/uploads\/2020\/10\/logo-marielle-light.jpg","width":500,"height":500,"caption":"Marielle au Pays des Ours | Vente en ligne de peluches"},"image":{"@id":"https:\/\/marielleaupaysdesours.fr\/#\/schema\/logo\/image\/"}}]}},"jetpack_sharing_enabled":true,"_links":{"self":[{"href":"https:\/\/marielleaupaysdesours.fr\/index.php\/wp-json\/wp\/v2\/product\/7193","targetHints":{"allow":["GET"]}}],"collection":[{"href":"https:\/\/marielleaupaysdesours.fr\/index.php\/wp-json\/wp\/v2\/product"}],"about":[{"href":"https:\/\/marielleaupaysdesours.fr\/index.php\/wp-json\/wp\/v2\/types\/product"}],"replies":[{"embeddable":true,"href":"https:\/\/marielleaupaysdesours.fr\/index.php\/wp-json\/wp\/v2\/comments?post=7193"}],"version-history":[{"count":9,"href":"https:\/\/marielleaupaysdesours.fr\/index.php\/wp-json\/wp\/v2\/product\/7193\/revisions"}],"predecessor-version":[{"id":7384,"href":"https:\/\/marielleaupaysdesours.fr\/index.php\/wp-json\/wp\/v2\/product\/7193\/revisions\/7384"}],"wp:featuredmedia":[{"embeddable":true,"href":"https:\/\/marielleaupaysdesours.fr\/index.php\/wp-json\/wp\/v2\/media\/7194"}],"wp:attachment":[{"href":"https:\/\/marielleaupaysdesours.fr\/index.php\/wp-json\/wp\/v2\/media?parent=7193"}],"wp:term":[{"taxonomy":"product_brand","embeddable":true,"href":"https:\/\/marielleaupaysdesours.fr\/index.php\/wp-json\/wp\/v2\/product_brand?post=7193"},{"taxonomy":"product_cat","embeddable":true,"href":"https:\/\/marielleaupaysdesours.fr\/index.php\/wp-json\/wp\/v2\/product_cat?post=7193"},{"taxonomy":"product_tag","embeddable":true,"href":"https:\/\/marielleaupaysdesours.fr\/index.php\/wp-json\/wp\/v2\/product_tag?post=7193"}],"curies":[{"name":"wp","href":"https:\/\/api.w.org\/{rel}","templated":true}]}}