{"id":6463,"date":"2025-02-16T15:45:06","date_gmt":"2025-02-16T14:45:06","guid":{"rendered":"https:\/\/marielleaupaysdesours.fr\/?post_type=product&#038;p=6463"},"modified":"2025-12-05T20:45:15","modified_gmt":"2025-12-05T19:45:15","slug":"ours-en-peluche-moss-charlie-bears-2024-the-labyrinth","status":"publish","type":"product","link":"https:\/\/marielleaupaysdesours.fr\/index.php\/product\/ours-en-peluche-moss-charlie-bears-2024-the-labyrinth\/","title":{"rendered":"Ours en peluche Moss &#8211; Charlie Bears &#8211; Collection The Labyrinth 2024"},"content":{"rendered":"<p data-start=\"76\" data-end=\"643\">D\u00e9couvrez Moss, un ours en peluche adorable de la collection \u00ab\u00a0The Labyrinth 2024\u00a0\u00bb de Charlie Bears. Fabriqu\u00e9 \u00e0 partir d&rsquo;une fourrure luxueuse et douce \u00e0 poils mi-longs, Moss se distingue par ses nuances vert kaki et brun, cr\u00e9ant un contraste harmonieux. Son visage expressif, accentu\u00e9 par un petit nez vert cousu \u00e0 la main, ajoute une touche de charme \u00e0 cet ours unique. Le dessous de ses pattes en su\u00e9dine claire, avec des griffes vert clair, montre l&rsquo;attention minutieuse port\u00e9e aux d\u00e9tails. Un joli n\u0153ud en organza compl\u00e8te parfaitement ce look unique et soign\u00e9.<\/p>\n<p data-start=\"645\" data-end=\"671\"><strong data-start=\"645\" data-end=\"667\">D\u00e9tails du produit<\/strong> :<\/p>\n<ul data-start=\"672\" data-end=\"1049\">\n<li data-start=\"672\" data-end=\"690\"><strong data-start=\"674\" data-end=\"681\">Nom<\/strong> : Moss<\/li>\n<li data-start=\"691\" data-end=\"726\"><strong data-start=\"693\" data-end=\"705\">Cr\u00e9ateur<\/strong> : Charlotte Morris<\/li>\n<li data-start=\"727\" data-end=\"765\"><strong data-start=\"729\" data-end=\"743\">Dimensions<\/strong> : 41 cm (16 pouces)<\/li>\n<li data-start=\"766\" data-end=\"898\"><strong data-start=\"768\" data-end=\"788\">Caract\u00e9ristiques<\/strong> : Fourrure mi-longue douce, nez cousu \u00e0 la main, pattes en su\u00e9dine avec griffes vert clair, n\u0153ud en organza<\/li>\n<li data-start=\"899\" data-end=\"948\"><strong data-start=\"901\" data-end=\"917\">Articulation<\/strong> : 5 articulations classiques<\/li>\n<li data-start=\"949\" data-end=\"991\"><strong data-start=\"951\" data-end=\"969\">\u00c2ge recommand\u00e9<\/strong> : \u00c0 partir de 3 ans<\/li>\n<li data-start=\"992\" data-end=\"1049\"><strong data-start=\"994\" data-end=\"1007\">Entretien<\/strong> : Lavable d\u00e9licatement \u00e0 30\u00b0 en surface<\/li>\n<\/ul>\n<p data-start=\"1051\" data-end=\"1080\"><strong data-start=\"1051\" data-end=\"1078\">Pourquoi choisir Moss ?<\/strong><\/p>\n<p data-start=\"1082\" data-end=\"1554\" data-is-last-node=\"\" data-is-only-node=\"\">Moss est bien plus qu\u2019un simple ours en peluche, c&rsquo;est une pi\u00e8ce de collection incontournable. Avec sa fourrure douce, ses d\u00e9tails raffin\u00e9s et son design unique, il sera un ajout parfait \u00e0 votre collection ou un cadeau merveilleux pour les plus jeunes. Chez Marielle au Pays des Ours, nous vous assurons un service client r\u00e9actif, et nous nous engageons \u00e0 rendre chaque achat agr\u00e9able et fiable. Faites de Moss votre prochain compagnon et laissez-le \u00e9gayer votre journ\u00e9e !<\/p>\n","protected":false},"excerpt":{"rendered":"<p>D\u00e9couvrez Moss, un ours en peluche adorable de la collection \u00ab\u00a0The Labyrinth 2024\u00a0\u00bb de Charlie Bears. Fabriqu\u00e9 \u00e0 partir d&rsquo;une fourrure luxueuse et douce \u00e0 poils mi-longs, Moss se distingue par ses nuances vert kaki et brun, cr\u00e9ant un contraste harmonieux. Son visage expressif, accentu\u00e9 par un petit nez vert cousu \u00e0 la main, ajoute une touche de charme \u00e0 cet ours unique. Le dessous de ses pattes en su\u00e9dine claire, avec des griffes vert clair, montre l&rsquo;attention minutieuse port\u00e9e aux d\u00e9tails. Un joli n\u0153ud en organza compl\u00e8te parfaitement ce look unique et soign\u00e9.<\/p>\n","protected":false},"featured_media":6464,"comment_status":"closed","ping_status":"closed","template":"","meta":{"_monsterinsights_skip_tracking":false,"_monsterinsights_sitenote_active":false,"_monsterinsights_sitenote_note":"","_monsterinsights_sitenote_category":0,"site-sidebar-layout":"default","site-content-layout":"","ast-site-content-layout":"default","site-content-style":"default","site-sidebar-style":"default","ast-global-header-display":"","ast-banner-title-visibility":"","ast-main-header-display":"","ast-hfb-above-header-display":"","ast-hfb-below-header-display":"","ast-hfb-mobile-header-display":"","site-post-title":"","ast-breadcrumbs-content":"","ast-featured-img":"","footer-sml-layout":"","ast-disable-related-posts":"","theme-transparent-header-meta":"default","adv-header-id-meta":"","stick-header-meta":"","header-above-stick-meta":"","header-main-stick-meta":"","header-below-stick-meta":"","astra-migrate-meta-layouts":"set","ast-page-background-enabled":"default","ast-page-background-meta":{"desktop":{"background-color":"","background-image":"","background-repeat":"repeat","background-position":"center center","background-size":"auto","background-attachment":"scroll","background-type":"","background-media":"","overlay-type":"","overlay-color":"","overlay-opacity":"","overlay-gradient":""},"tablet":{"background-color":"","background-image":"","background-repeat":"repeat","background-position":"center center","background-size":"auto","background-attachment":"scroll","background-type":"","background-media":"","overlay-type":"","overlay-color":"","overlay-opacity":"","overlay-gradient":""},"mobile":{"background-color":"","background-image":"","background-repeat":"repeat","background-position":"center center","background-size":"auto","background-attachment":"scroll","background-type":"","background-media":"","overlay-type":"","overlay-color":"","overlay-opacity":"","overlay-gradient":""}},"ast-content-background-meta":{"desktop":{"background-color":"var(--ast-global-color-5)","background-image":"","background-repeat":"repeat","background-position":"center center","background-size":"auto","background-attachment":"scroll","background-type":"","background-media":"","overlay-type":"","overlay-color":"","overlay-opacity":"","overlay-gradient":""},"tablet":{"background-color":"var(--ast-global-color-5)","background-image":"","background-repeat":"repeat","background-position":"center center","background-size":"auto","background-attachment":"scroll","background-type":"","background-media":"","overlay-type":"","overlay-color":"","overlay-opacity":"","overlay-gradient":""},"mobile":{"background-color":"var(--ast-global-color-5)","background-image":"","background-repeat":"repeat","background-position":"center center","background-size":"auto","background-attachment":"scroll","background-type":"","background-media":"","overlay-type":"","overlay-color":"","overlay-opacity":"","overlay-gradient":""}}},"product_brand":[],"product_cat":[42,30,29,16],"product_tag":[],"class_list":{"0":"post-6463","1":"product","2":"type-product","3":"status-publish","4":"has-post-thumbnail","6":"product_cat-charlie-bears-peluches-collection","7":"product_cat-ours","8":"product_cat-collection","9":"product_cat-uncategorized","10":"desktop-align-center","11":"tablet-align-left","12":"mobile-align-left","14":"first","15":"instock","16":"shipping-taxable","17":"purchasable","18":"product-type-simple"},"yoast_head":"<!-- This site is optimized with the Yoast SEO plugin v27.5 - https:\/\/yoast.com\/product\/yoast-seo-wordpress\/ -->\n<title>Ours en peluche Moss - Charlie Bears - The Labyrinth 2024<\/title>\n<meta name=\"description\" content=\"D\u00e9couvrez Moss, un ours en peluche adorable de la collection &quot;The Labyrinth 2024&quot; de Charlie Bears. Venez l&#039;adopter sur notre site internet !\" \/>\n<meta name=\"robots\" content=\"index, follow, max-snippet:-1, max-image-preview:large, max-video-preview:-1\" \/>\n<link rel=\"canonical\" href=\"https:\/\/marielleaupaysdesours.fr\/index.php\/product\/ours-en-peluche-moss-charlie-bears-2024-the-labyrinth\/\" \/>\n<meta property=\"og:locale\" content=\"fr_FR\" \/>\n<meta property=\"og:type\" content=\"article\" \/>\n<meta property=\"og:title\" content=\"Ours en peluche Moss - Charlie Bears - The Labyrinth 2024\" \/>\n<meta property=\"og:description\" content=\"D\u00e9couvrez Moss, un ours en peluche adorable de la collection &quot;The Labyrinth 2024&quot; de Charlie Bears. Venez l&#039;adopter sur notre site internet !\" \/>\n<meta property=\"og:url\" content=\"https:\/\/marielleaupaysdesours.fr\/index.php\/product\/ours-en-peluche-moss-charlie-bears-2024-the-labyrinth\/\" \/>\n<meta property=\"og:site_name\" content=\"Marielle au Pays des Ours | Vente en ligne de peluches\" \/>\n<meta property=\"article:modified_time\" content=\"2025-12-05T19:45:15+00:00\" \/>\n<meta property=\"og:image\" content=\"https:\/\/marielleaupaysdesours.fr\/wp-content\/uploads\/2025\/02\/MOSS-OURS-EN-PELUCHE-CHARLIE-BEARS2024.jpg\" \/>\n\t<meta property=\"og:image:width\" content=\"640\" \/>\n\t<meta property=\"og:image:height\" content=\"862\" \/>\n\t<meta property=\"og:image:type\" content=\"image\/jpeg\" \/>\n<meta name=\"twitter:card\" content=\"summary_large_image\" \/>\n<meta name=\"twitter:label1\" content=\"Dur\u00e9e de lecture estim\u00e9e\" \/>\n\t<meta name=\"twitter:data1\" content=\"2 minutes\" \/>\n<script type=\"application\/ld+json\" class=\"yoast-schema-graph\">{\"@context\":\"https:\\\/\\\/schema.org\",\"@graph\":[{\"@type\":\"WebPage\",\"@id\":\"https:\\\/\\\/marielleaupaysdesours.fr\\\/index.php\\\/product\\\/ours-en-peluche-moss-charlie-bears-2024-the-labyrinth\\\/\",\"url\":\"https:\\\/\\\/marielleaupaysdesours.fr\\\/index.php\\\/product\\\/ours-en-peluche-moss-charlie-bears-2024-the-labyrinth\\\/\",\"name\":\"Ours en peluche Moss - Charlie Bears - The Labyrinth 2024\",\"isPartOf\":{\"@id\":\"https:\\\/\\\/marielleaupaysdesours.fr\\\/#website\"},\"primaryImageOfPage\":{\"@id\":\"https:\\\/\\\/marielleaupaysdesours.fr\\\/index.php\\\/product\\\/ours-en-peluche-moss-charlie-bears-2024-the-labyrinth\\\/#primaryimage\"},\"image\":{\"@id\":\"https:\\\/\\\/marielleaupaysdesours.fr\\\/index.php\\\/product\\\/ours-en-peluche-moss-charlie-bears-2024-the-labyrinth\\\/#primaryimage\"},\"thumbnailUrl\":\"https:\\\/\\\/marielleaupaysdesours.fr\\\/wp-content\\\/uploads\\\/2025\\\/02\\\/MOSS-OURS-EN-PELUCHE-CHARLIE-BEARS2024.jpg\",\"datePublished\":\"2025-02-16T14:45:06+00:00\",\"dateModified\":\"2025-12-05T19:45:15+00:00\",\"description\":\"D\u00e9couvrez Moss, un ours en peluche adorable de la collection \\\"The Labyrinth 2024\\\" de Charlie Bears. Venez l'adopter sur notre site internet !\",\"breadcrumb\":{\"@id\":\"https:\\\/\\\/marielleaupaysdesours.fr\\\/index.php\\\/product\\\/ours-en-peluche-moss-charlie-bears-2024-the-labyrinth\\\/#breadcrumb\"},\"inLanguage\":\"fr-FR\",\"potentialAction\":[{\"@type\":\"ReadAction\",\"target\":[\"https:\\\/\\\/marielleaupaysdesours.fr\\\/index.php\\\/product\\\/ours-en-peluche-moss-charlie-bears-2024-the-labyrinth\\\/\"]}]},{\"@type\":\"ImageObject\",\"inLanguage\":\"fr-FR\",\"@id\":\"https:\\\/\\\/marielleaupaysdesours.fr\\\/index.php\\\/product\\\/ours-en-peluche-moss-charlie-bears-2024-the-labyrinth\\\/#primaryimage\",\"url\":\"https:\\\/\\\/marielleaupaysdesours.fr\\\/wp-content\\\/uploads\\\/2025\\\/02\\\/MOSS-OURS-EN-PELUCHE-CHARLIE-BEARS2024.jpg\",\"contentUrl\":\"https:\\\/\\\/marielleaupaysdesours.fr\\\/wp-content\\\/uploads\\\/2025\\\/02\\\/MOSS-OURS-EN-PELUCHE-CHARLIE-BEARS2024.jpg\",\"width\":640,\"height\":862,\"caption\":\"Ours en peluche Moss - Charlie Bears - Collection The Labyrinth 2024\"},{\"@type\":\"BreadcrumbList\",\"@id\":\"https:\\\/\\\/marielleaupaysdesours.fr\\\/index.php\\\/product\\\/ours-en-peluche-moss-charlie-bears-2024-the-labyrinth\\\/#breadcrumb\",\"itemListElement\":[{\"@type\":\"ListItem\",\"position\":1,\"name\":\"Accueil\",\"item\":\"https:\\\/\\\/marielleaupaysdesours.fr\\\/\"},{\"@type\":\"ListItem\",\"position\":2,\"name\":\"Shop\",\"item\":\"https:\\\/\\\/marielleaupaysdesours.fr\\\/index.php\\\/shop\\\/\"},{\"@type\":\"ListItem\",\"position\":3,\"name\":\"Ours en peluche Moss &#8211; Charlie Bears &#8211; Collection The Labyrinth 2024\"}]},{\"@type\":\"WebSite\",\"@id\":\"https:\\\/\\\/marielleaupaysdesours.fr\\\/#website\",\"url\":\"https:\\\/\\\/marielleaupaysdesours.fr\\\/\",\"name\":\"Marielle au Pays des Ours | Vente en ligne de peluches\",\"description\":\"vente en ligne de peluches\",\"publisher\":{\"@id\":\"https:\\\/\\\/marielleaupaysdesours.fr\\\/#organization\"},\"potentialAction\":[{\"@type\":\"SearchAction\",\"target\":{\"@type\":\"EntryPoint\",\"urlTemplate\":\"https:\\\/\\\/marielleaupaysdesours.fr\\\/?s={search_term_string}\"},\"query-input\":{\"@type\":\"PropertyValueSpecification\",\"valueRequired\":true,\"valueName\":\"search_term_string\"}}],\"inLanguage\":\"fr-FR\"},{\"@type\":\"Organization\",\"@id\":\"https:\\\/\\\/marielleaupaysdesours.fr\\\/#organization\",\"name\":\"Marielle au Pays des Ours | Vente en ligne de peluches\",\"url\":\"https:\\\/\\\/marielleaupaysdesours.fr\\\/\",\"logo\":{\"@type\":\"ImageObject\",\"inLanguage\":\"fr-FR\",\"@id\":\"https:\\\/\\\/marielleaupaysdesours.fr\\\/#\\\/schema\\\/logo\\\/image\\\/\",\"url\":\"https:\\\/\\\/marielleaupaysdesours.fr\\\/wp-content\\\/uploads\\\/2020\\\/10\\\/logo-marielle-light.jpg\",\"contentUrl\":\"https:\\\/\\\/marielleaupaysdesours.fr\\\/wp-content\\\/uploads\\\/2020\\\/10\\\/logo-marielle-light.jpg\",\"width\":500,\"height\":500,\"caption\":\"Marielle au Pays des Ours | Vente en ligne de peluches\"},\"image\":{\"@id\":\"https:\\\/\\\/marielleaupaysdesours.fr\\\/#\\\/schema\\\/logo\\\/image\\\/\"}}]}<\/script>\n<!-- \/ Yoast SEO plugin. -->","yoast_head_json":{"title":"Ours en peluche Moss - Charlie Bears - The Labyrinth 2024","description":"D\u00e9couvrez Moss, un ours en peluche adorable de la collection \"The Labyrinth 2024\" de Charlie Bears. Venez l'adopter sur notre site internet !","robots":{"index":"index","follow":"follow","max-snippet":"max-snippet:-1","max-image-preview":"max-image-preview:large","max-video-preview":"max-video-preview:-1"},"canonical":"https:\/\/marielleaupaysdesours.fr\/index.php\/product\/ours-en-peluche-moss-charlie-bears-2024-the-labyrinth\/","og_locale":"fr_FR","og_type":"article","og_title":"Ours en peluche Moss - Charlie Bears - The Labyrinth 2024","og_description":"D\u00e9couvrez Moss, un ours en peluche adorable de la collection \"The Labyrinth 2024\" de Charlie Bears. Venez l'adopter sur notre site internet !","og_url":"https:\/\/marielleaupaysdesours.fr\/index.php\/product\/ours-en-peluche-moss-charlie-bears-2024-the-labyrinth\/","og_site_name":"Marielle au Pays des Ours | Vente en ligne de peluches","article_modified_time":"2025-12-05T19:45:15+00:00","og_image":[{"width":640,"height":862,"url":"https:\/\/marielleaupaysdesours.fr\/wp-content\/uploads\/2025\/02\/MOSS-OURS-EN-PELUCHE-CHARLIE-BEARS2024.jpg","type":"image\/jpeg"}],"twitter_card":"summary_large_image","twitter_misc":{"Dur\u00e9e de lecture estim\u00e9e":"2 minutes"},"schema":{"@context":"https:\/\/schema.org","@graph":[{"@type":"WebPage","@id":"https:\/\/marielleaupaysdesours.fr\/index.php\/product\/ours-en-peluche-moss-charlie-bears-2024-the-labyrinth\/","url":"https:\/\/marielleaupaysdesours.fr\/index.php\/product\/ours-en-peluche-moss-charlie-bears-2024-the-labyrinth\/","name":"Ours en peluche Moss - Charlie Bears - The Labyrinth 2024","isPartOf":{"@id":"https:\/\/marielleaupaysdesours.fr\/#website"},"primaryImageOfPage":{"@id":"https:\/\/marielleaupaysdesours.fr\/index.php\/product\/ours-en-peluche-moss-charlie-bears-2024-the-labyrinth\/#primaryimage"},"image":{"@id":"https:\/\/marielleaupaysdesours.fr\/index.php\/product\/ours-en-peluche-moss-charlie-bears-2024-the-labyrinth\/#primaryimage"},"thumbnailUrl":"https:\/\/marielleaupaysdesours.fr\/wp-content\/uploads\/2025\/02\/MOSS-OURS-EN-PELUCHE-CHARLIE-BEARS2024.jpg","datePublished":"2025-02-16T14:45:06+00:00","dateModified":"2025-12-05T19:45:15+00:00","description":"D\u00e9couvrez Moss, un ours en peluche adorable de la collection \"The Labyrinth 2024\" de Charlie Bears. Venez l'adopter sur notre site internet !","breadcrumb":{"@id":"https:\/\/marielleaupaysdesours.fr\/index.php\/product\/ours-en-peluche-moss-charlie-bears-2024-the-labyrinth\/#breadcrumb"},"inLanguage":"fr-FR","potentialAction":[{"@type":"ReadAction","target":["https:\/\/marielleaupaysdesours.fr\/index.php\/product\/ours-en-peluche-moss-charlie-bears-2024-the-labyrinth\/"]}]},{"@type":"ImageObject","inLanguage":"fr-FR","@id":"https:\/\/marielleaupaysdesours.fr\/index.php\/product\/ours-en-peluche-moss-charlie-bears-2024-the-labyrinth\/#primaryimage","url":"https:\/\/marielleaupaysdesours.fr\/wp-content\/uploads\/2025\/02\/MOSS-OURS-EN-PELUCHE-CHARLIE-BEARS2024.jpg","contentUrl":"https:\/\/marielleaupaysdesours.fr\/wp-content\/uploads\/2025\/02\/MOSS-OURS-EN-PELUCHE-CHARLIE-BEARS2024.jpg","width":640,"height":862,"caption":"Ours en peluche Moss - Charlie Bears - Collection The Labyrinth 2024"},{"@type":"BreadcrumbList","@id":"https:\/\/marielleaupaysdesours.fr\/index.php\/product\/ours-en-peluche-moss-charlie-bears-2024-the-labyrinth\/#breadcrumb","itemListElement":[{"@type":"ListItem","position":1,"name":"Accueil","item":"https:\/\/marielleaupaysdesours.fr\/"},{"@type":"ListItem","position":2,"name":"Shop","item":"https:\/\/marielleaupaysdesours.fr\/index.php\/shop\/"},{"@type":"ListItem","position":3,"name":"Ours en peluche Moss &#8211; Charlie Bears &#8211; Collection The Labyrinth 2024"}]},{"@type":"WebSite","@id":"https:\/\/marielleaupaysdesours.fr\/#website","url":"https:\/\/marielleaupaysdesours.fr\/","name":"Marielle au Pays des Ours | Vente en ligne de peluches","description":"vente en ligne de peluches","publisher":{"@id":"https:\/\/marielleaupaysdesours.fr\/#organization"},"potentialAction":[{"@type":"SearchAction","target":{"@type":"EntryPoint","urlTemplate":"https:\/\/marielleaupaysdesours.fr\/?s={search_term_string}"},"query-input":{"@type":"PropertyValueSpecification","valueRequired":true,"valueName":"search_term_string"}}],"inLanguage":"fr-FR"},{"@type":"Organization","@id":"https:\/\/marielleaupaysdesours.fr\/#organization","name":"Marielle au Pays des Ours | Vente en ligne de peluches","url":"https:\/\/marielleaupaysdesours.fr\/","logo":{"@type":"ImageObject","inLanguage":"fr-FR","@id":"https:\/\/marielleaupaysdesours.fr\/#\/schema\/logo\/image\/","url":"https:\/\/marielleaupaysdesours.fr\/wp-content\/uploads\/2020\/10\/logo-marielle-light.jpg","contentUrl":"https:\/\/marielleaupaysdesours.fr\/wp-content\/uploads\/2020\/10\/logo-marielle-light.jpg","width":500,"height":500,"caption":"Marielle au Pays des Ours | Vente en ligne de peluches"},"image":{"@id":"https:\/\/marielleaupaysdesours.fr\/#\/schema\/logo\/image\/"}}]}},"jetpack_sharing_enabled":true,"_links":{"self":[{"href":"https:\/\/marielleaupaysdesours.fr\/index.php\/wp-json\/wp\/v2\/product\/6463","targetHints":{"allow":["GET"]}}],"collection":[{"href":"https:\/\/marielleaupaysdesours.fr\/index.php\/wp-json\/wp\/v2\/product"}],"about":[{"href":"https:\/\/marielleaupaysdesours.fr\/index.php\/wp-json\/wp\/v2\/types\/product"}],"replies":[{"embeddable":true,"href":"https:\/\/marielleaupaysdesours.fr\/index.php\/wp-json\/wp\/v2\/comments?post=6463"}],"version-history":[{"count":3,"href":"https:\/\/marielleaupaysdesours.fr\/index.php\/wp-json\/wp\/v2\/product\/6463\/revisions"}],"predecessor-version":[{"id":6499,"href":"https:\/\/marielleaupaysdesours.fr\/index.php\/wp-json\/wp\/v2\/product\/6463\/revisions\/6499"}],"wp:featuredmedia":[{"embeddable":true,"href":"https:\/\/marielleaupaysdesours.fr\/index.php\/wp-json\/wp\/v2\/media\/6464"}],"wp:attachment":[{"href":"https:\/\/marielleaupaysdesours.fr\/index.php\/wp-json\/wp\/v2\/media?parent=6463"}],"wp:term":[{"taxonomy":"product_brand","embeddable":true,"href":"https:\/\/marielleaupaysdesours.fr\/index.php\/wp-json\/wp\/v2\/product_brand?post=6463"},{"taxonomy":"product_cat","embeddable":true,"href":"https:\/\/marielleaupaysdesours.fr\/index.php\/wp-json\/wp\/v2\/product_cat?post=6463"},{"taxonomy":"product_tag","embeddable":true,"href":"https:\/\/marielleaupaysdesours.fr\/index.php\/wp-json\/wp\/v2\/product_tag?post=6463"}],"curies":[{"name":"wp","href":"https:\/\/api.w.org\/{rel}","templated":true}]}}