{"id":5582,"date":"2024-04-25T17:28:30","date_gmt":"2024-04-25T15:28:30","guid":{"rendered":"https:\/\/marielleaupaysdesours.fr\/?post_type=product&#038;p=5582"},"modified":"2025-09-28T19:06:58","modified_gmt":"2025-09-28T17:06:58","slug":"dragon-en-peluche-kenna-charlie-bears-collection-2024","status":"publish","type":"product","link":"https:\/\/marielleaupaysdesours.fr\/index.php\/product\/dragon-en-peluche-kenna-charlie-bears-collection-2024\/","title":{"rendered":"Dragon en peluche KENNA &#8211; Charlie Bears &#8211; Collection 2024"},"content":{"rendered":"<h3>D\u00e9couvrez Kenna le dragon en peluche multicolore de Charlie Bears, collection 2024<\/h3>\n<p>Vous allez adorer Kenna le nouveau dragon en peluche de chez Charlie Bears collection \u201cThe Labyrinth\u201d 2024<\/p>\n<p>Kenna est une magnifique dragonne en peluche de l\u2019ann\u00e9e 2024, faisant partie de notre collection en peluche chez <a href=\"https:\/\/marielleaupaysdesours.fr\/index.php\/peluches-charlie-bears\/\"><strong>Charlie Bears<\/strong>.<\/a> Elle est enti\u00e8rement articul\u00e9e, adapt\u00e9e aux collectionneurs \u00e2g\u00e9s de 3 ans et plus, et peut \u00eatre nettoy\u00e9e en surface avec soin. Kenna est confectionn\u00e9e \u00e0 partir d\u2019une peluche synth\u00e9tique super douce, blanche et bleu pastel, avec des nuances de l\u2019arc-en-ciel. Sa hauteur est de 36 cm et elle poss\u00e8de de jolies pattes d\u2019ours12.<\/p>\n<p>Cette petite dragonne est s\u00fbre de capturer les c\u0153urs des amateurs de dragons chez <a href=\"http:\/\/charliebears.com\"><strong>Charlie Bears<\/strong><\/a>. Son nom, Kenna, est d\u2019origine ga\u00e9lique et signifie \u201cn\u00e9 du feu\u201d ou \u201cbeau\u201d. Elle fait partie de la collection \u201cThe Labyrinth\u201d nouvellement sortie en 2024<\/p>\n<p>Alors, pour en savoir plus sur ce <strong>dragon en peluche<\/strong> ou pour toute demande de renseignements, n&rsquo;h\u00e9sitez pas \u00e0 nous contacter via le formulaire de contact ou directement par t\u00e9l\u00e9phone. Nous serons ravis de vous r\u00e9pondre et d&rsquo;\u00e9changer avec vous sur notre passion commune ! Nous sommes fiers de notre service client qui vous offre une satisfaction 100% garantie !<\/p>\n","protected":false},"excerpt":{"rendered":"<p>Kenna est une magnifique dragonne en peluche de l\u2019ann\u00e9e 2024, faisant partie de notre collection en peluche chez <a href=\"https:\/\/marielleaupaysdesours.fr\/index.php\/peluches-charlie-bears\/\"><strong>Charlie Bears<\/strong>.<\/a> Elle est enti\u00e8rement articul\u00e9e, adapt\u00e9e aux collectionneurs \u00e2g\u00e9s de 3 ans et plus, et peut \u00eatre nettoy\u00e9e en surface avec soin. Kenna est confectionn\u00e9e \u00e0 partir d\u2019une peluche synth\u00e9tique super douce, blanche et bleu pastel, avec des nuances de l\u2019arc-en-ciel. Sa hauteur est de 36 cm et elle poss\u00e8de de jolies pattes d\u2019ours12.<\/p>\n<p>Cette petite dragonne est s\u00fbre de capturer les c\u0153urs des amateurs de dragons chez Charlie Bears. Son nom, Kenna, est d\u2019origine ga\u00e9lique et signifie \u201cn\u00e9 du feu\u201d ou \u201cbeau\u201d 2. Elle fait partie de la collection \u201cThe Labyrinth\u201d nouvellement sortie en 2024<\/p>\n<p>&nbsp;<\/p>\n","protected":false},"featured_media":5583,"comment_status":"closed","ping_status":"closed","template":"","meta":{"_monsterinsights_skip_tracking":false,"_monsterinsights_sitenote_active":false,"_monsterinsights_sitenote_note":"","_monsterinsights_sitenote_category":0,"site-sidebar-layout":"default","site-content-layout":"default","ast-site-content-layout":"default","site-content-style":"default","site-sidebar-style":"default","ast-global-header-display":"","ast-banner-title-visibility":"","ast-main-header-display":"","ast-hfb-above-header-display":"","ast-hfb-below-header-display":"","ast-hfb-mobile-header-display":"","site-post-title":"","ast-breadcrumbs-content":"","ast-featured-img":"","footer-sml-layout":"","ast-disable-related-posts":"","theme-transparent-header-meta":"default","adv-header-id-meta":"","stick-header-meta":"","header-above-stick-meta":"","header-main-stick-meta":"","header-below-stick-meta":"","astra-migrate-meta-layouts":"set","ast-page-background-enabled":"default","ast-page-background-meta":{"desktop":{"background-color":"","background-image":"","background-repeat":"repeat","background-position":"center center","background-size":"auto","background-attachment":"scroll","background-type":"","background-media":"","overlay-type":"","overlay-color":"","overlay-opacity":"","overlay-gradient":""},"tablet":{"background-color":"","background-image":"","background-repeat":"repeat","background-position":"center center","background-size":"auto","background-attachment":"scroll","background-type":"","background-media":"","overlay-type":"","overlay-color":"","overlay-opacity":"","overlay-gradient":""},"mobile":{"background-color":"","background-image":"","background-repeat":"repeat","background-position":"center center","background-size":"auto","background-attachment":"scroll","background-type":"","background-media":"","overlay-type":"","overlay-color":"","overlay-opacity":"","overlay-gradient":""}},"ast-content-background-meta":{"desktop":{"background-color":"var(--ast-global-color-5)","background-image":"","background-repeat":"repeat","background-position":"center center","background-size":"auto","background-attachment":"scroll","background-type":"","background-media":"","overlay-type":"","overlay-color":"","overlay-opacity":"","overlay-gradient":""},"tablet":{"background-color":"var(--ast-global-color-5)","background-image":"","background-repeat":"repeat","background-position":"center center","background-size":"auto","background-attachment":"scroll","background-type":"","background-media":"","overlay-type":"","overlay-color":"","overlay-opacity":"","overlay-gradient":""},"mobile":{"background-color":"var(--ast-global-color-5)","background-image":"","background-repeat":"repeat","background-position":"center center","background-size":"auto","background-attachment":"scroll","background-type":"","background-media":"","overlay-type":"","overlay-color":"","overlay-opacity":"","overlay-gradient":""}}},"product_brand":[],"product_cat":[56,42,30,29],"product_tag":[],"class_list":{"0":"post-5582","1":"product","2":"type-product","3":"status-publish","4":"has-post-thumbnail","6":"product_cat-animaux-de-la-foret","7":"product_cat-charlie-bears-peluches-collection","8":"product_cat-ours","9":"product_cat-collection","10":"product_shipping_class-peluches-grande-taille","11":"desktop-align-center","12":"tablet-align-left","13":"mobile-align-left","15":"first","16":"instock","17":"sale","18":"shipping-taxable","19":"purchasable","20":"product-type-simple"},"yoast_head":"<!-- This site is optimized with the Yoast SEO plugin v27.4 - https:\/\/yoast.com\/product\/yoast-seo-wordpress\/ -->\n<title>Dragon en peluche KENNA - Charlie Bears- Collection 2024<\/title>\n<meta name=\"description\" content=\"Voici Kenna notre superbe dragon en peluche multicolore de collection 2024 par Charlie Bears. Splendide et tendre, venez le chercher sur notre site !\" \/>\n<meta name=\"robots\" content=\"index, follow, max-snippet:-1, max-image-preview:large, max-video-preview:-1\" \/>\n<link rel=\"canonical\" href=\"https:\/\/marielleaupaysdesours.fr\/index.php\/product\/dragon-en-peluche-kenna-charlie-bears-collection-2024\/\" \/>\n<meta property=\"og:locale\" content=\"fr_FR\" \/>\n<meta property=\"og:type\" content=\"article\" \/>\n<meta property=\"og:title\" content=\"Dragon en peluche KENNA - Charlie Bears- Collection 2024\" \/>\n<meta property=\"og:description\" content=\"Voici Kenna notre superbe dragon en peluche multicolore de collection 2024 par Charlie Bears. Splendide et tendre, venez le chercher sur notre site !\" \/>\n<meta property=\"og:url\" content=\"https:\/\/marielleaupaysdesours.fr\/index.php\/product\/dragon-en-peluche-kenna-charlie-bears-collection-2024\/\" \/>\n<meta property=\"og:site_name\" content=\"Marielle au Pays des Ours | Vente en ligne de peluches\" \/>\n<meta property=\"article:modified_time\" content=\"2025-09-28T17:06:58+00:00\" \/>\n<meta property=\"og:image\" content=\"https:\/\/marielleaupaysdesours.fr\/wp-content\/uploads\/2024\/04\/DRAGON-KENNA-CHARLIE-BEARS-2024.jpg\" \/>\n\t<meta property=\"og:image:width\" content=\"950\" \/>\n\t<meta property=\"og:image:height\" content=\"1280\" \/>\n\t<meta property=\"og:image:type\" content=\"image\/jpeg\" \/>\n<meta name=\"twitter:card\" content=\"summary_large_image\" \/>\n<meta name=\"twitter:label1\" content=\"Dur\u00e9e de lecture estim\u00e9e\" \/>\n\t<meta name=\"twitter:data1\" content=\"2 minutes\" \/>\n<script type=\"application\/ld+json\" class=\"yoast-schema-graph\">{\"@context\":\"https:\\\/\\\/schema.org\",\"@graph\":[{\"@type\":\"WebPage\",\"@id\":\"https:\\\/\\\/marielleaupaysdesours.fr\\\/index.php\\\/product\\\/dragon-en-peluche-kenna-charlie-bears-collection-2024\\\/\",\"url\":\"https:\\\/\\\/marielleaupaysdesours.fr\\\/index.php\\\/product\\\/dragon-en-peluche-kenna-charlie-bears-collection-2024\\\/\",\"name\":\"Dragon en peluche KENNA - Charlie Bears- Collection 2024\",\"isPartOf\":{\"@id\":\"https:\\\/\\\/marielleaupaysdesours.fr\\\/#website\"},\"primaryImageOfPage\":{\"@id\":\"https:\\\/\\\/marielleaupaysdesours.fr\\\/index.php\\\/product\\\/dragon-en-peluche-kenna-charlie-bears-collection-2024\\\/#primaryimage\"},\"image\":{\"@id\":\"https:\\\/\\\/marielleaupaysdesours.fr\\\/index.php\\\/product\\\/dragon-en-peluche-kenna-charlie-bears-collection-2024\\\/#primaryimage\"},\"thumbnailUrl\":\"https:\\\/\\\/marielleaupaysdesours.fr\\\/wp-content\\\/uploads\\\/2024\\\/04\\\/DRAGON-KENNA-CHARLIE-BEARS-2024.jpg\",\"datePublished\":\"2024-04-25T15:28:30+00:00\",\"dateModified\":\"2025-09-28T17:06:58+00:00\",\"description\":\"Voici Kenna notre superbe dragon en peluche multicolore de collection 2024 par Charlie Bears. Splendide et tendre, venez le chercher sur notre site !\",\"breadcrumb\":{\"@id\":\"https:\\\/\\\/marielleaupaysdesours.fr\\\/index.php\\\/product\\\/dragon-en-peluche-kenna-charlie-bears-collection-2024\\\/#breadcrumb\"},\"inLanguage\":\"fr-FR\",\"potentialAction\":[{\"@type\":\"ReadAction\",\"target\":[\"https:\\\/\\\/marielleaupaysdesours.fr\\\/index.php\\\/product\\\/dragon-en-peluche-kenna-charlie-bears-collection-2024\\\/\"]}]},{\"@type\":\"ImageObject\",\"inLanguage\":\"fr-FR\",\"@id\":\"https:\\\/\\\/marielleaupaysdesours.fr\\\/index.php\\\/product\\\/dragon-en-peluche-kenna-charlie-bears-collection-2024\\\/#primaryimage\",\"url\":\"https:\\\/\\\/marielleaupaysdesours.fr\\\/wp-content\\\/uploads\\\/2024\\\/04\\\/DRAGON-KENNA-CHARLIE-BEARS-2024.jpg\",\"contentUrl\":\"https:\\\/\\\/marielleaupaysdesours.fr\\\/wp-content\\\/uploads\\\/2024\\\/04\\\/DRAGON-KENNA-CHARLIE-BEARS-2024.jpg\",\"width\":950,\"height\":1280,\"caption\":\"Dragon en peluche KENNA - Charlie Bears- Collection 2024\"},{\"@type\":\"BreadcrumbList\",\"@id\":\"https:\\\/\\\/marielleaupaysdesours.fr\\\/index.php\\\/product\\\/dragon-en-peluche-kenna-charlie-bears-collection-2024\\\/#breadcrumb\",\"itemListElement\":[{\"@type\":\"ListItem\",\"position\":1,\"name\":\"Accueil\",\"item\":\"https:\\\/\\\/marielleaupaysdesours.fr\\\/\"},{\"@type\":\"ListItem\",\"position\":2,\"name\":\"Shop\",\"item\":\"https:\\\/\\\/marielleaupaysdesours.fr\\\/index.php\\\/shop\\\/\"},{\"@type\":\"ListItem\",\"position\":3,\"name\":\"Dragon en peluche KENNA &#8211; Charlie Bears &#8211; Collection 2024\"}]},{\"@type\":\"WebSite\",\"@id\":\"https:\\\/\\\/marielleaupaysdesours.fr\\\/#website\",\"url\":\"https:\\\/\\\/marielleaupaysdesours.fr\\\/\",\"name\":\"Marielle au Pays des Ours | Vente en ligne de peluches\",\"description\":\"vente en ligne de peluches\",\"publisher\":{\"@id\":\"https:\\\/\\\/marielleaupaysdesours.fr\\\/#organization\"},\"potentialAction\":[{\"@type\":\"SearchAction\",\"target\":{\"@type\":\"EntryPoint\",\"urlTemplate\":\"https:\\\/\\\/marielleaupaysdesours.fr\\\/?s={search_term_string}\"},\"query-input\":{\"@type\":\"PropertyValueSpecification\",\"valueRequired\":true,\"valueName\":\"search_term_string\"}}],\"inLanguage\":\"fr-FR\"},{\"@type\":\"Organization\",\"@id\":\"https:\\\/\\\/marielleaupaysdesours.fr\\\/#organization\",\"name\":\"Marielle au Pays des Ours | Vente en ligne de peluches\",\"url\":\"https:\\\/\\\/marielleaupaysdesours.fr\\\/\",\"logo\":{\"@type\":\"ImageObject\",\"inLanguage\":\"fr-FR\",\"@id\":\"https:\\\/\\\/marielleaupaysdesours.fr\\\/#\\\/schema\\\/logo\\\/image\\\/\",\"url\":\"https:\\\/\\\/marielleaupaysdesours.fr\\\/wp-content\\\/uploads\\\/2020\\\/10\\\/logo-marielle-light.jpg\",\"contentUrl\":\"https:\\\/\\\/marielleaupaysdesours.fr\\\/wp-content\\\/uploads\\\/2020\\\/10\\\/logo-marielle-light.jpg\",\"width\":500,\"height\":500,\"caption\":\"Marielle au Pays des Ours | Vente en ligne de peluches\"},\"image\":{\"@id\":\"https:\\\/\\\/marielleaupaysdesours.fr\\\/#\\\/schema\\\/logo\\\/image\\\/\"}}]}<\/script>\n<!-- \/ Yoast SEO plugin. -->","yoast_head_json":{"title":"Dragon en peluche KENNA - Charlie Bears- Collection 2024","description":"Voici Kenna notre superbe dragon en peluche multicolore de collection 2024 par Charlie Bears. Splendide et tendre, venez le chercher sur notre site !","robots":{"index":"index","follow":"follow","max-snippet":"max-snippet:-1","max-image-preview":"max-image-preview:large","max-video-preview":"max-video-preview:-1"},"canonical":"https:\/\/marielleaupaysdesours.fr\/index.php\/product\/dragon-en-peluche-kenna-charlie-bears-collection-2024\/","og_locale":"fr_FR","og_type":"article","og_title":"Dragon en peluche KENNA - Charlie Bears- Collection 2024","og_description":"Voici Kenna notre superbe dragon en peluche multicolore de collection 2024 par Charlie Bears. Splendide et tendre, venez le chercher sur notre site !","og_url":"https:\/\/marielleaupaysdesours.fr\/index.php\/product\/dragon-en-peluche-kenna-charlie-bears-collection-2024\/","og_site_name":"Marielle au Pays des Ours | Vente en ligne de peluches","article_modified_time":"2025-09-28T17:06:58+00:00","og_image":[{"width":950,"height":1280,"url":"https:\/\/marielleaupaysdesours.fr\/wp-content\/uploads\/2024\/04\/DRAGON-KENNA-CHARLIE-BEARS-2024.jpg","type":"image\/jpeg"}],"twitter_card":"summary_large_image","twitter_misc":{"Dur\u00e9e de lecture estim\u00e9e":"2 minutes"},"schema":{"@context":"https:\/\/schema.org","@graph":[{"@type":"WebPage","@id":"https:\/\/marielleaupaysdesours.fr\/index.php\/product\/dragon-en-peluche-kenna-charlie-bears-collection-2024\/","url":"https:\/\/marielleaupaysdesours.fr\/index.php\/product\/dragon-en-peluche-kenna-charlie-bears-collection-2024\/","name":"Dragon en peluche KENNA - Charlie Bears- Collection 2024","isPartOf":{"@id":"https:\/\/marielleaupaysdesours.fr\/#website"},"primaryImageOfPage":{"@id":"https:\/\/marielleaupaysdesours.fr\/index.php\/product\/dragon-en-peluche-kenna-charlie-bears-collection-2024\/#primaryimage"},"image":{"@id":"https:\/\/marielleaupaysdesours.fr\/index.php\/product\/dragon-en-peluche-kenna-charlie-bears-collection-2024\/#primaryimage"},"thumbnailUrl":"https:\/\/marielleaupaysdesours.fr\/wp-content\/uploads\/2024\/04\/DRAGON-KENNA-CHARLIE-BEARS-2024.jpg","datePublished":"2024-04-25T15:28:30+00:00","dateModified":"2025-09-28T17:06:58+00:00","description":"Voici Kenna notre superbe dragon en peluche multicolore de collection 2024 par Charlie Bears. Splendide et tendre, venez le chercher sur notre site !","breadcrumb":{"@id":"https:\/\/marielleaupaysdesours.fr\/index.php\/product\/dragon-en-peluche-kenna-charlie-bears-collection-2024\/#breadcrumb"},"inLanguage":"fr-FR","potentialAction":[{"@type":"ReadAction","target":["https:\/\/marielleaupaysdesours.fr\/index.php\/product\/dragon-en-peluche-kenna-charlie-bears-collection-2024\/"]}]},{"@type":"ImageObject","inLanguage":"fr-FR","@id":"https:\/\/marielleaupaysdesours.fr\/index.php\/product\/dragon-en-peluche-kenna-charlie-bears-collection-2024\/#primaryimage","url":"https:\/\/marielleaupaysdesours.fr\/wp-content\/uploads\/2024\/04\/DRAGON-KENNA-CHARLIE-BEARS-2024.jpg","contentUrl":"https:\/\/marielleaupaysdesours.fr\/wp-content\/uploads\/2024\/04\/DRAGON-KENNA-CHARLIE-BEARS-2024.jpg","width":950,"height":1280,"caption":"Dragon en peluche KENNA - Charlie Bears- Collection 2024"},{"@type":"BreadcrumbList","@id":"https:\/\/marielleaupaysdesours.fr\/index.php\/product\/dragon-en-peluche-kenna-charlie-bears-collection-2024\/#breadcrumb","itemListElement":[{"@type":"ListItem","position":1,"name":"Accueil","item":"https:\/\/marielleaupaysdesours.fr\/"},{"@type":"ListItem","position":2,"name":"Shop","item":"https:\/\/marielleaupaysdesours.fr\/index.php\/shop\/"},{"@type":"ListItem","position":3,"name":"Dragon en peluche KENNA &#8211; Charlie Bears &#8211; Collection 2024"}]},{"@type":"WebSite","@id":"https:\/\/marielleaupaysdesours.fr\/#website","url":"https:\/\/marielleaupaysdesours.fr\/","name":"Marielle au Pays des Ours | Vente en ligne de peluches","description":"vente en ligne de peluches","publisher":{"@id":"https:\/\/marielleaupaysdesours.fr\/#organization"},"potentialAction":[{"@type":"SearchAction","target":{"@type":"EntryPoint","urlTemplate":"https:\/\/marielleaupaysdesours.fr\/?s={search_term_string}"},"query-input":{"@type":"PropertyValueSpecification","valueRequired":true,"valueName":"search_term_string"}}],"inLanguage":"fr-FR"},{"@type":"Organization","@id":"https:\/\/marielleaupaysdesours.fr\/#organization","name":"Marielle au Pays des Ours | Vente en ligne de peluches","url":"https:\/\/marielleaupaysdesours.fr\/","logo":{"@type":"ImageObject","inLanguage":"fr-FR","@id":"https:\/\/marielleaupaysdesours.fr\/#\/schema\/logo\/image\/","url":"https:\/\/marielleaupaysdesours.fr\/wp-content\/uploads\/2020\/10\/logo-marielle-light.jpg","contentUrl":"https:\/\/marielleaupaysdesours.fr\/wp-content\/uploads\/2020\/10\/logo-marielle-light.jpg","width":500,"height":500,"caption":"Marielle au Pays des Ours | Vente en ligne de peluches"},"image":{"@id":"https:\/\/marielleaupaysdesours.fr\/#\/schema\/logo\/image\/"}}]}},"jetpack_sharing_enabled":true,"_links":{"self":[{"href":"https:\/\/marielleaupaysdesours.fr\/index.php\/wp-json\/wp\/v2\/product\/5582","targetHints":{"allow":["GET"]}}],"collection":[{"href":"https:\/\/marielleaupaysdesours.fr\/index.php\/wp-json\/wp\/v2\/product"}],"about":[{"href":"https:\/\/marielleaupaysdesours.fr\/index.php\/wp-json\/wp\/v2\/types\/product"}],"replies":[{"embeddable":true,"href":"https:\/\/marielleaupaysdesours.fr\/index.php\/wp-json\/wp\/v2\/comments?post=5582"}],"version-history":[{"count":3,"href":"https:\/\/marielleaupaysdesours.fr\/index.php\/wp-json\/wp\/v2\/product\/5582\/revisions"}],"predecessor-version":[{"id":5619,"href":"https:\/\/marielleaupaysdesours.fr\/index.php\/wp-json\/wp\/v2\/product\/5582\/revisions\/5619"}],"wp:featuredmedia":[{"embeddable":true,"href":"https:\/\/marielleaupaysdesours.fr\/index.php\/wp-json\/wp\/v2\/media\/5583"}],"wp:attachment":[{"href":"https:\/\/marielleaupaysdesours.fr\/index.php\/wp-json\/wp\/v2\/media?parent=5582"}],"wp:term":[{"taxonomy":"product_brand","embeddable":true,"href":"https:\/\/marielleaupaysdesours.fr\/index.php\/wp-json\/wp\/v2\/product_brand?post=5582"},{"taxonomy":"product_cat","embeddable":true,"href":"https:\/\/marielleaupaysdesours.fr\/index.php\/wp-json\/wp\/v2\/product_cat?post=5582"},{"taxonomy":"product_tag","embeddable":true,"href":"https:\/\/marielleaupaysdesours.fr\/index.php\/wp-json\/wp\/v2\/product_tag?post=5582"}],"curies":[{"name":"wp","href":"https:\/\/api.w.org\/{rel}","templated":true}]}}