{"id":3641,"date":"2022-02-06T14:40:47","date_gmt":"2022-02-06T13:40:47","guid":{"rendered":"https:\/\/marielleaupaysdesours.fr\/?post_type=product&#038;p=3641"},"modified":"2025-09-28T19:20:06","modified_gmt":"2025-09-28T17:20:06","slug":"ours-en-peluche-lours-francais-130-cm-champagne-mailou","status":"publish","type":"product","link":"https:\/\/marielleaupaysdesours.fr\/index.php\/product\/ours-en-peluche-lours-francais-130-cm-champagne-mailou\/","title":{"rendered":"OURS EN PELUCHE &#8211; L&rsquo;OURS FRANCAIS &#8211; 130 CM &#8211; CHAMPAGNE MAILOU"},"content":{"rendered":"<p style=\"font-weight: 400;\"><strong>Ours en peluche\u00a0unique<\/strong>, traditionnel et \u00e9l\u00e9gant, l\u2019ours Fran\u00e7ais est l\u2019embl\u00e8me de notre marque Ma\u00eflou Tradition. C\u2019est un ours en\u00a0<strong>peluche de grande qualit\u00e9<\/strong>\u00a0enti\u00e8rement\u00a0<strong>fabriqu\u00e9 en France<\/strong>\u00a0et \u00e0 la main par nos\u00a0couturi\u00e8res d\u00e9tenant un savoir-faire d\u2019excellence.<\/p>\n<p style=\"font-weight: 400;\">Avec sa fourrure toute douce et soyeuse, notre ours en\u00a0<strong>peluche fran\u00e7aise<\/strong>\u00a0est id\u00e9al pour de longs moments de tendresse partag\u00e9s.\u00a0Il deviendra vite votre compagnon de c\u00e2lins pr\u00e9f\u00e9r\u00e9 et saura vous entra\u00eener dans un monde de r\u00eaves sans fin.<\/p>\n<p style=\"font-weight: 400;\">L\u2019Ours Fran\u00e7ais apporte \u00e9galement une touche d\u00e9corative \u00e0 la chambre pour cr\u00e9er une ambiance douce et chaleureuse.<\/p>\n<p style=\"font-weight: 400;\">Id\u00e9al \u00e0 offrir ou \u00e0 s\u2019offrir, c\u2019est un\u00a0<strong>cadeau fran\u00e7ais<\/strong>\u00a0rempli d\u2019amour qui fera le bonheur des petits et des plus grands.<\/p>\n","protected":false},"excerpt":{"rendered":"<h3>L\u2019<strong>ours Fran\u00e7ais<\/strong>\u00a0est un ours traditionnel \u00e9l\u00e9gant, qui orn\u00e9 de son ruban tricolore, refl\u00e8te \u00ab Le chic \u00e0 la Fran\u00e7aise \u00bb. Chaque\u00a0<strong>ours en peluche est fabriqu\u00e9 en Bretagne et \u00e0 la main<\/strong>. Le choix des mati\u00e8res\u2026<\/h3>\n<ul>\n<li>Convient\u00a0aux enfants \u00e0 partir de 24 mois<\/li>\n<li>Fabriqu\u00e9 en France<\/li>\n<li>Dimension 120 cm<\/li>\n<li>Certificat d&rsquo;authenticit\u00e9<\/li>\n<li>Conforme aux normes europ\u00e9ennes CE<\/li>\n<li>Garantie \u00e0 vie<\/li>\n<\/ul>\n","protected":false},"featured_media":3643,"comment_status":"open","ping_status":"closed","template":"","meta":{"_monsterinsights_skip_tracking":false,"_monsterinsights_sitenote_active":false,"_monsterinsights_sitenote_note":"","_monsterinsights_sitenote_category":0,"site-sidebar-layout":"default","site-content-layout":"default","ast-site-content-layout":"default","site-content-style":"default","site-sidebar-style":"default","ast-global-header-display":"","ast-banner-title-visibility":"","ast-main-header-display":"","ast-hfb-above-header-display":"","ast-hfb-below-header-display":"","ast-hfb-mobile-header-display":"","site-post-title":"","ast-breadcrumbs-content":"","ast-featured-img":"","footer-sml-layout":"","ast-disable-related-posts":"","theme-transparent-header-meta":"default","adv-header-id-meta":"","stick-header-meta":"","header-above-stick-meta":"","header-main-stick-meta":"","header-below-stick-meta":"","astra-migrate-meta-layouts":"default","ast-page-background-enabled":"default","ast-page-background-meta":{"desktop":{"background-color":"","background-image":"","background-repeat":"repeat","background-position":"center center","background-size":"auto","background-attachment":"scroll","background-type":"","background-media":"","overlay-type":"","overlay-color":"","overlay-opacity":"","overlay-gradient":""},"tablet":{"background-color":"","background-image":"","background-repeat":"repeat","background-position":"center center","background-size":"auto","background-attachment":"scroll","background-type":"","background-media":"","overlay-type":"","overlay-color":"","overlay-opacity":"","overlay-gradient":""},"mobile":{"background-color":"","background-image":"","background-repeat":"repeat","background-position":"center center","background-size":"auto","background-attachment":"scroll","background-type":"","background-media":"","overlay-type":"","overlay-color":"","overlay-opacity":"","overlay-gradient":""}},"ast-content-background-meta":{"desktop":{"background-color":"var(--ast-global-color-5)","background-image":"","background-repeat":"repeat","background-position":"center center","background-size":"auto","background-attachment":"scroll","background-type":"","background-media":"","overlay-type":"","overlay-color":"","overlay-opacity":"","overlay-gradient":""},"tablet":{"background-color":"var(--ast-global-color-5)","background-image":"","background-repeat":"repeat","background-position":"center center","background-size":"auto","background-attachment":"scroll","background-type":"","background-media":"","overlay-type":"","overlay-color":"","overlay-opacity":"","overlay-gradient":""},"mobile":{"background-color":"var(--ast-global-color-5)","background-image":"","background-repeat":"repeat","background-position":"center center","background-size":"auto","background-attachment":"scroll","background-type":"","background-media":"","overlay-type":"","overlay-color":"","overlay-opacity":"","overlay-gradient":""}}},"product_brand":[],"product_cat":[54],"product_tag":[],"class_list":{"0":"post-3641","1":"product","2":"type-product","3":"status-publish","4":"has-post-thumbnail","6":"product_cat-100-100-francais","7":"product_shipping_class-peluches-grande-taille","8":"desktop-align-center","9":"tablet-align-left","10":"mobile-align-left","12":"first","13":"instock","14":"sale","15":"shipping-taxable","16":"purchasable","17":"product-type-simple"},"yoast_head":"<!-- This site is optimized with the Yoast SEO plugin v27.3 - https:\/\/yoast.com\/product\/yoast-seo-wordpress\/ -->\n<title>OURS EN PELUCHE - L&#039;OURS FRANCAIS - 130 CM - CHAMPAGNE MAILOU - Marielle au Pays des Ours | Vente en ligne de peluches<\/title>\n<meta name=\"robots\" content=\"index, follow, max-snippet:-1, max-image-preview:large, max-video-preview:-1\" \/>\n<link rel=\"canonical\" href=\"https:\/\/marielleaupaysdesours.fr\/index.php\/product\/ours-en-peluche-lours-francais-130-cm-champagne-mailou\/\" \/>\n<meta property=\"og:locale\" content=\"fr_FR\" \/>\n<meta property=\"og:type\" content=\"article\" \/>\n<meta property=\"og:title\" content=\"OURS EN PELUCHE - L&#039;OURS FRANCAIS - 130 CM - CHAMPAGNE MAILOU - Marielle au Pays des Ours | Vente en ligne de peluches\" \/>\n<meta property=\"og:description\" content=\"L\u2019ours Fran\u00e7ais\u00a0est un ours traditionnel \u00e9l\u00e9gant, qui orn\u00e9 de son ruban tricolore, refl\u00e8te \u00ab Le chic \u00e0 la Fran\u00e7aise \u00bb. Chaque\u00a0ours en peluche est fabriqu\u00e9 en Bretagne et \u00e0 la main. Le choix des mati\u00e8res\u2026   Convient\u00a0aux enfants \u00e0 partir de 24 mois  Fabriqu\u00e9 en France  Dimension 120 cm  Certificat d&#039;authenticit\u00e9  Conforme aux normes europ\u00e9ennes CE  Garantie \u00e0 vie\" \/>\n<meta property=\"og:url\" content=\"https:\/\/marielleaupaysdesours.fr\/index.php\/product\/ours-en-peluche-lours-francais-130-cm-champagne-mailou\/\" \/>\n<meta property=\"og:site_name\" content=\"Marielle au Pays des Ours | Vente en ligne de peluches\" \/>\n<meta property=\"article:modified_time\" content=\"2025-09-28T17:20:06+00:00\" \/>\n<meta property=\"og:image\" content=\"https:\/\/marielleaupaysdesours.fr\/wp-content\/uploads\/2022\/02\/francais-champagne-mailou-tradition-65cm.jpg\" \/>\n\t<meta property=\"og:image:width\" content=\"300\" \/>\n\t<meta property=\"og:image:height\" content=\"300\" \/>\n\t<meta property=\"og:image:type\" content=\"image\/jpeg\" \/>\n<meta name=\"twitter:card\" content=\"summary_large_image\" \/>\n<meta name=\"twitter:label1\" content=\"Dur\u00e9e de lecture estim\u00e9e\" \/>\n\t<meta name=\"twitter:data1\" content=\"1 minute\" \/>\n<script type=\"application\/ld+json\" class=\"yoast-schema-graph\">{\"@context\":\"https:\\\/\\\/schema.org\",\"@graph\":[{\"@type\":\"WebPage\",\"@id\":\"https:\\\/\\\/marielleaupaysdesours.fr\\\/index.php\\\/product\\\/ours-en-peluche-lours-francais-130-cm-champagne-mailou\\\/\",\"url\":\"https:\\\/\\\/marielleaupaysdesours.fr\\\/index.php\\\/product\\\/ours-en-peluche-lours-francais-130-cm-champagne-mailou\\\/\",\"name\":\"OURS EN PELUCHE - L'OURS FRANCAIS - 130 CM - CHAMPAGNE MAILOU - Marielle au Pays des Ours | Vente en ligne de peluches\",\"isPartOf\":{\"@id\":\"https:\\\/\\\/marielleaupaysdesours.fr\\\/#website\"},\"primaryImageOfPage\":{\"@id\":\"https:\\\/\\\/marielleaupaysdesours.fr\\\/index.php\\\/product\\\/ours-en-peluche-lours-francais-130-cm-champagne-mailou\\\/#primaryimage\"},\"image\":{\"@id\":\"https:\\\/\\\/marielleaupaysdesours.fr\\\/index.php\\\/product\\\/ours-en-peluche-lours-francais-130-cm-champagne-mailou\\\/#primaryimage\"},\"thumbnailUrl\":\"https:\\\/\\\/marielleaupaysdesours.fr\\\/wp-content\\\/uploads\\\/2022\\\/02\\\/francais-champagne-mailou-tradition-65cm.jpg\",\"datePublished\":\"2022-02-06T13:40:47+00:00\",\"dateModified\":\"2025-09-28T17:20:06+00:00\",\"breadcrumb\":{\"@id\":\"https:\\\/\\\/marielleaupaysdesours.fr\\\/index.php\\\/product\\\/ours-en-peluche-lours-francais-130-cm-champagne-mailou\\\/#breadcrumb\"},\"inLanguage\":\"fr-FR\",\"potentialAction\":[{\"@type\":\"ReadAction\",\"target\":[\"https:\\\/\\\/marielleaupaysdesours.fr\\\/index.php\\\/product\\\/ours-en-peluche-lours-francais-130-cm-champagne-mailou\\\/\"]}]},{\"@type\":\"ImageObject\",\"inLanguage\":\"fr-FR\",\"@id\":\"https:\\\/\\\/marielleaupaysdesours.fr\\\/index.php\\\/product\\\/ours-en-peluche-lours-francais-130-cm-champagne-mailou\\\/#primaryimage\",\"url\":\"https:\\\/\\\/marielleaupaysdesours.fr\\\/wp-content\\\/uploads\\\/2022\\\/02\\\/francais-champagne-mailou-tradition-65cm.jpg\",\"contentUrl\":\"https:\\\/\\\/marielleaupaysdesours.fr\\\/wp-content\\\/uploads\\\/2022\\\/02\\\/francais-champagne-mailou-tradition-65cm.jpg\",\"width\":300,\"height\":300},{\"@type\":\"BreadcrumbList\",\"@id\":\"https:\\\/\\\/marielleaupaysdesours.fr\\\/index.php\\\/product\\\/ours-en-peluche-lours-francais-130-cm-champagne-mailou\\\/#breadcrumb\",\"itemListElement\":[{\"@type\":\"ListItem\",\"position\":1,\"name\":\"Accueil\",\"item\":\"https:\\\/\\\/marielleaupaysdesours.fr\\\/\"},{\"@type\":\"ListItem\",\"position\":2,\"name\":\"Shop\",\"item\":\"https:\\\/\\\/marielleaupaysdesours.fr\\\/index.php\\\/shop\\\/\"},{\"@type\":\"ListItem\",\"position\":3,\"name\":\"OURS EN PELUCHE &#8211; L&rsquo;OURS FRANCAIS &#8211; 130 CM &#8211; CHAMPAGNE MAILOU\"}]},{\"@type\":\"WebSite\",\"@id\":\"https:\\\/\\\/marielleaupaysdesours.fr\\\/#website\",\"url\":\"https:\\\/\\\/marielleaupaysdesours.fr\\\/\",\"name\":\"Marielle au Pays des Ours | Vente en ligne de peluches\",\"description\":\"vente en ligne de peluches\",\"publisher\":{\"@id\":\"https:\\\/\\\/marielleaupaysdesours.fr\\\/#organization\"},\"potentialAction\":[{\"@type\":\"SearchAction\",\"target\":{\"@type\":\"EntryPoint\",\"urlTemplate\":\"https:\\\/\\\/marielleaupaysdesours.fr\\\/?s={search_term_string}\"},\"query-input\":{\"@type\":\"PropertyValueSpecification\",\"valueRequired\":true,\"valueName\":\"search_term_string\"}}],\"inLanguage\":\"fr-FR\"},{\"@type\":\"Organization\",\"@id\":\"https:\\\/\\\/marielleaupaysdesours.fr\\\/#organization\",\"name\":\"Marielle au Pays des Ours | Vente en ligne de peluches\",\"url\":\"https:\\\/\\\/marielleaupaysdesours.fr\\\/\",\"logo\":{\"@type\":\"ImageObject\",\"inLanguage\":\"fr-FR\",\"@id\":\"https:\\\/\\\/marielleaupaysdesours.fr\\\/#\\\/schema\\\/logo\\\/image\\\/\",\"url\":\"https:\\\/\\\/marielleaupaysdesours.fr\\\/wp-content\\\/uploads\\\/2020\\\/10\\\/logo-marielle-light.jpg\",\"contentUrl\":\"https:\\\/\\\/marielleaupaysdesours.fr\\\/wp-content\\\/uploads\\\/2020\\\/10\\\/logo-marielle-light.jpg\",\"width\":500,\"height\":500,\"caption\":\"Marielle au Pays des Ours | Vente en ligne de peluches\"},\"image\":{\"@id\":\"https:\\\/\\\/marielleaupaysdesours.fr\\\/#\\\/schema\\\/logo\\\/image\\\/\"}}]}<\/script>\n<!-- \/ Yoast SEO plugin. -->","yoast_head_json":{"title":"OURS EN PELUCHE - L'OURS FRANCAIS - 130 CM - CHAMPAGNE MAILOU - Marielle au Pays des Ours | Vente en ligne de peluches","robots":{"index":"index","follow":"follow","max-snippet":"max-snippet:-1","max-image-preview":"max-image-preview:large","max-video-preview":"max-video-preview:-1"},"canonical":"https:\/\/marielleaupaysdesours.fr\/index.php\/product\/ours-en-peluche-lours-francais-130-cm-champagne-mailou\/","og_locale":"fr_FR","og_type":"article","og_title":"OURS EN PELUCHE - L'OURS FRANCAIS - 130 CM - CHAMPAGNE MAILOU - Marielle au Pays des Ours | Vente en ligne de peluches","og_description":"L\u2019ours Fran\u00e7ais\u00a0est un ours traditionnel \u00e9l\u00e9gant, qui orn\u00e9 de son ruban tricolore, refl\u00e8te \u00ab Le chic \u00e0 la Fran\u00e7aise \u00bb. Chaque\u00a0ours en peluche est fabriqu\u00e9 en Bretagne et \u00e0 la main. Le choix des mati\u00e8res\u2026   Convient\u00a0aux enfants \u00e0 partir de 24 mois  Fabriqu\u00e9 en France  Dimension 120 cm  Certificat d'authenticit\u00e9  Conforme aux normes europ\u00e9ennes CE  Garantie \u00e0 vie","og_url":"https:\/\/marielleaupaysdesours.fr\/index.php\/product\/ours-en-peluche-lours-francais-130-cm-champagne-mailou\/","og_site_name":"Marielle au Pays des Ours | Vente en ligne de peluches","article_modified_time":"2025-09-28T17:20:06+00:00","og_image":[{"width":300,"height":300,"url":"https:\/\/marielleaupaysdesours.fr\/wp-content\/uploads\/2022\/02\/francais-champagne-mailou-tradition-65cm.jpg","type":"image\/jpeg"}],"twitter_card":"summary_large_image","twitter_misc":{"Dur\u00e9e de lecture estim\u00e9e":"1 minute"},"schema":{"@context":"https:\/\/schema.org","@graph":[{"@type":"WebPage","@id":"https:\/\/marielleaupaysdesours.fr\/index.php\/product\/ours-en-peluche-lours-francais-130-cm-champagne-mailou\/","url":"https:\/\/marielleaupaysdesours.fr\/index.php\/product\/ours-en-peluche-lours-francais-130-cm-champagne-mailou\/","name":"OURS EN PELUCHE - L'OURS FRANCAIS - 130 CM - CHAMPAGNE MAILOU - Marielle au Pays des Ours | Vente en ligne de peluches","isPartOf":{"@id":"https:\/\/marielleaupaysdesours.fr\/#website"},"primaryImageOfPage":{"@id":"https:\/\/marielleaupaysdesours.fr\/index.php\/product\/ours-en-peluche-lours-francais-130-cm-champagne-mailou\/#primaryimage"},"image":{"@id":"https:\/\/marielleaupaysdesours.fr\/index.php\/product\/ours-en-peluche-lours-francais-130-cm-champagne-mailou\/#primaryimage"},"thumbnailUrl":"https:\/\/marielleaupaysdesours.fr\/wp-content\/uploads\/2022\/02\/francais-champagne-mailou-tradition-65cm.jpg","datePublished":"2022-02-06T13:40:47+00:00","dateModified":"2025-09-28T17:20:06+00:00","breadcrumb":{"@id":"https:\/\/marielleaupaysdesours.fr\/index.php\/product\/ours-en-peluche-lours-francais-130-cm-champagne-mailou\/#breadcrumb"},"inLanguage":"fr-FR","potentialAction":[{"@type":"ReadAction","target":["https:\/\/marielleaupaysdesours.fr\/index.php\/product\/ours-en-peluche-lours-francais-130-cm-champagne-mailou\/"]}]},{"@type":"ImageObject","inLanguage":"fr-FR","@id":"https:\/\/marielleaupaysdesours.fr\/index.php\/product\/ours-en-peluche-lours-francais-130-cm-champagne-mailou\/#primaryimage","url":"https:\/\/marielleaupaysdesours.fr\/wp-content\/uploads\/2022\/02\/francais-champagne-mailou-tradition-65cm.jpg","contentUrl":"https:\/\/marielleaupaysdesours.fr\/wp-content\/uploads\/2022\/02\/francais-champagne-mailou-tradition-65cm.jpg","width":300,"height":300},{"@type":"BreadcrumbList","@id":"https:\/\/marielleaupaysdesours.fr\/index.php\/product\/ours-en-peluche-lours-francais-130-cm-champagne-mailou\/#breadcrumb","itemListElement":[{"@type":"ListItem","position":1,"name":"Accueil","item":"https:\/\/marielleaupaysdesours.fr\/"},{"@type":"ListItem","position":2,"name":"Shop","item":"https:\/\/marielleaupaysdesours.fr\/index.php\/shop\/"},{"@type":"ListItem","position":3,"name":"OURS EN PELUCHE &#8211; L&rsquo;OURS FRANCAIS &#8211; 130 CM &#8211; CHAMPAGNE MAILOU"}]},{"@type":"WebSite","@id":"https:\/\/marielleaupaysdesours.fr\/#website","url":"https:\/\/marielleaupaysdesours.fr\/","name":"Marielle au Pays des Ours | Vente en ligne de peluches","description":"vente en ligne de peluches","publisher":{"@id":"https:\/\/marielleaupaysdesours.fr\/#organization"},"potentialAction":[{"@type":"SearchAction","target":{"@type":"EntryPoint","urlTemplate":"https:\/\/marielleaupaysdesours.fr\/?s={search_term_string}"},"query-input":{"@type":"PropertyValueSpecification","valueRequired":true,"valueName":"search_term_string"}}],"inLanguage":"fr-FR"},{"@type":"Organization","@id":"https:\/\/marielleaupaysdesours.fr\/#organization","name":"Marielle au Pays des Ours | Vente en ligne de peluches","url":"https:\/\/marielleaupaysdesours.fr\/","logo":{"@type":"ImageObject","inLanguage":"fr-FR","@id":"https:\/\/marielleaupaysdesours.fr\/#\/schema\/logo\/image\/","url":"https:\/\/marielleaupaysdesours.fr\/wp-content\/uploads\/2020\/10\/logo-marielle-light.jpg","contentUrl":"https:\/\/marielleaupaysdesours.fr\/wp-content\/uploads\/2020\/10\/logo-marielle-light.jpg","width":500,"height":500,"caption":"Marielle au Pays des Ours | Vente en ligne de peluches"},"image":{"@id":"https:\/\/marielleaupaysdesours.fr\/#\/schema\/logo\/image\/"}}]}},"jetpack_sharing_enabled":true,"_links":{"self":[{"href":"https:\/\/marielleaupaysdesours.fr\/index.php\/wp-json\/wp\/v2\/product\/3641","targetHints":{"allow":["GET"]}}],"collection":[{"href":"https:\/\/marielleaupaysdesours.fr\/index.php\/wp-json\/wp\/v2\/product"}],"about":[{"href":"https:\/\/marielleaupaysdesours.fr\/index.php\/wp-json\/wp\/v2\/types\/product"}],"replies":[{"embeddable":true,"href":"https:\/\/marielleaupaysdesours.fr\/index.php\/wp-json\/wp\/v2\/comments?post=3641"}],"version-history":[{"count":1,"href":"https:\/\/marielleaupaysdesours.fr\/index.php\/wp-json\/wp\/v2\/product\/3641\/revisions"}],"predecessor-version":[{"id":3644,"href":"https:\/\/marielleaupaysdesours.fr\/index.php\/wp-json\/wp\/v2\/product\/3641\/revisions\/3644"}],"wp:featuredmedia":[{"embeddable":true,"href":"https:\/\/marielleaupaysdesours.fr\/index.php\/wp-json\/wp\/v2\/media\/3643"}],"wp:attachment":[{"href":"https:\/\/marielleaupaysdesours.fr\/index.php\/wp-json\/wp\/v2\/media?parent=3641"}],"wp:term":[{"taxonomy":"product_brand","embeddable":true,"href":"https:\/\/marielleaupaysdesours.fr\/index.php\/wp-json\/wp\/v2\/product_brand?post=3641"},{"taxonomy":"product_cat","embeddable":true,"href":"https:\/\/marielleaupaysdesours.fr\/index.php\/wp-json\/wp\/v2\/product_cat?post=3641"},{"taxonomy":"product_tag","embeddable":true,"href":"https:\/\/marielleaupaysdesours.fr\/index.php\/wp-json\/wp\/v2\/product_tag?post=3641"}],"curies":[{"name":"wp","href":"https:\/\/api.w.org\/{rel}","templated":true}]}}